{"id":936,"date":"2016-10-16T20:22:09","date_gmt":"2016-10-16T20:22:09","guid":{"rendered":"http:\/\/www.ahnenforschung-jackmuth.de\/?page_id=936"},"modified":"2016-10-20T19:08:56","modified_gmt":"2016-10-20T19:08:56","slug":"1-sitzung-14-mai-1726","status":"publish","type":"page","link":"https:\/\/www.ahnenforschung-jackmuth.de\/?page_id=936","title":{"rendered":"1. Sitzung: 14. Mai 1726"},"content":{"rendered":"<p align=\"JUSTIFY\">In der ersten Sitzung sind anwesend: Amtsverwalter und Kellner Rosenbaum, Schulthei\u00df Johannes <i>Bernard<\/i> [= Bernd], und die Sch\u00f6ffen Wilhelm <i>Remack<\/i>, Leonhard <i>Jaquet <\/i>[= Jakob] und Johannes <i>Zerbach<\/i>.<\/p>\n<p align=\"JUSTIFY\">Besetzt wird zun\u00e4chst die vakante Gerichtsschreiberstelle mit Johann Jakob <i>Thielen <\/i>(seine Schrift ist fl\u00fcchtig und stellenweise zun\u00e4chst nicht zu entziffern). Dann werden die Gerichtstage auf jeden zweiten Dienstag im Monat festgesetzt. Ist dieser Dienstag ein Feiertag, ist am folgenden Dienstag Gericht zu halten. Weiterhin werden Wilhelm Auster, Hubert Schleimer, Wilhelm Buchholz und der Waldf\u00f6rster Johannes Finckelmeyer zu weiteren Gerichtssch\u00f6ffen ernannt und das dazugeh\u00f6rige Patent von Graf Karl Kaspar von der Leyen (datiert Koblenz 1726 M\u00e4rz 12) dem Protokoll einverleibt. Ferner werden Wilhelm <i>Remack <\/i>und Johannes Finkelmeyer zu Sch\u00f6ffenmeistern und Johannes Stieglitz zum Gerichtsdiener ernannt.<\/p>\n<p align=\"JUSTIFY\">Nur zwei F\u00e4lle werden behandelt.<\/p>\n<ol>\n<li style=\"text-align: justify;\">Peter <i>Becker<\/i> gegen Michel <i>Delatour<\/i> wegen wegen Pf\u00e4ndung <em>(Distraction<\/em>). Die erbetene Pf\u00e4ndung wird gerichtlich erkannt und der Pf\u00e4ndungstermin (<em>terminus distractionis<\/em>), den der Schulthei\u00df \u00f6ffentlich zu verk\u00fcnden hat, auf den n\u00e4chsten Gerichtstag festgesetzt.<\/li>\n<li style=\"text-align: justify;\">Pastor und Vorsteher der Kirche sowie Henrich<i> Bartholomaeu\u00df <\/i>und Peter <i>Genats<\/i> mit Konsorten beschweren sich \u00fcber ihre durch Auswirkung des Lahnwehrs der <i>Mariotischen Compagnie<\/i> \u00fcberschwemmten Felder. Siehe hierzu auch LHAK Best. 48 Nr. 2303: Hochwassersch\u00e4den an Grundst\u00fccken \u201eIn der Klunk\u201c durch das Wehr der Eisenh\u00fctte bei Nievern (1802-1806).<\/li>\n<\/ol>\n<hr \/>\n<p>[fol. 1r*]<i> P<\/i><i><b>rothocollum judiciale de\u00df Gerichts vnd Ambts zu Nieberen vom 14ten Maii 1726<\/b><\/i><\/p>\n<p align=\"LEFT\">[fol. 2r*] <i><b>Dienstag, den 14ten Maii 1726 Fachbach<\/b><\/i><\/p>\n<p align=\"JUSTIFY\"><i>Praesentibus H[er]r Ambtsv[erwalte]r undt Keller Ro\u00dfenbaum, H[er]r Schulthei\u00df<\/i><sup><a class=\"sdfootnoteanc\" href=\"#sdfootnote1sym\" name=\"sdfootnote1anc\">1<\/a><\/sup><i> Johane\u00df Bernard, scabinis Wilhelm Remacks, Leonardus Jaquet, Johane\u00df Zerbach.<\/i><\/p>\n<p align=\"JUSTIFY\"><i>Von wegen undt in Nahmen seine Hochgr\u00e4ff[lichen] Excellence von der Ley zu Coblentz erschiene H[er]r Ambtsverwalter Rosenbaum undt ersetzte ahn Platz der vacant seyender Gerichtscheiberey den H[errn] Johan Jacob Thielen, mithin ist sein Patent undt geleistetes Aydt abgelesen undt so forth denen angewesenden H[errn] Schulthei\u00dfen undt Scheffen mit dem gn\u00e4digsten Befehl vorgestellet worden, da\u00df, dahe alle Monathen den zweyden Dienstag des Monaths, wan die\u00dfes kein Feyertag, sonsten der folgender Dienstag als verordneter Gerichtstag gehalten werden solle, H[err] Schulthei\u00df ein solches vor der Gemeint jetz pro notitia ein vor allemahl verk\u00fcndigen undt publiciren<\/i><sup><a class=\"sdfootnoteanc\" href=\"#sdfootnote2sym\" name=\"sdfootnote2anc\">2<\/a><\/sup><i>, anbey dem vorgesteltem Herren Gerichtsschreiberen die gerichtliche &#8230; emolumenta <\/i>[Vorteile]<i> undt jura angedeyen lasen sollen.<\/i><\/p>\n<p align=\"JUSTIFY\"><i>Welchem Vorgangen dan auch die von obgemeltem Gericht zu de\u00dfen Ersetzung pr\u00e4sentirt undt von gn\u00e4diger Herrschafft auff- undt angenohmene Scheffen als Hubertus Schleimer<\/i><sup><a class=\"sdfootnoteanc\" href=\"#sdfootnote3sym\" name=\"sdfootnote3anc\">3<\/a><\/sup><i>, Wilhelm A\u00fcster, Wilhelm Buchholtz undt Johane\u00df Finckelmeyer w\u00fcrcklich veraydtet vndt deme Gericht vndt Gemeint vorgestell[et]<\/i><sup><a class=\"sdfootnoteanc\" href=\"#sdfootnote4sym\" name=\"sdfootnote4anc\">4<\/a><\/sup><i> worden. <\/i><\/p>\n<p align=\"JUSTIFY\"><i>De\u00dfen Patent dem prothocollo einverleibe[t]<\/i><sup><a class=\"sdfootnoteanc\" href=\"#sdfootnote5sym\" name=\"sdfootnote5anc\">5<\/a><\/sup><i> worden als folget: <\/i>[fol. 2v*] <i>Weilen zur Promovirung undt Beforderung der J\u00f6stitz unumbg\u00e4nglich erfordert werden will, da\u00df die in meinem Gericht zu Niebern erledigte Scheffenstellen mit za\u00fcglichen Subjecten hinwider ersetzet werden, als werden aus denen vorstelligen vnl\u00e4ngst pr\u00e4sentirten als Wilhelm Auster, Hubert Schleimer, Wilhelm Buchholtz, so dan der Waltforster Johane\u00df Finckellmeyer zu Sch\u00f6ffen auff- undt angenohmen, welche dan in gew\u00f6hnliche Ayden undt Pflichten zu nehmen, forth demn\u00e4chst zu der die\u00dfer Stelle anklebenden Functionen <\/i> <i>anzuwei\u00dfen seindt.<\/i><\/p>\n<p align=\"JUSTIFY\"><i>Coblentz, den 12ten Martii 1726<\/i><\/p>\n<p align=\"RIGHT\"><i>C[arl] C[aspar] Graff von der Leyen<\/i><\/p>\n<p align=\"LEFT\"><i>Zur Scheffenmeistern seindt denomirt noch Wilhelm Remack, Johane\u00df Finckellmeyer.<\/i><\/p>\n<hr \/>\n<p align=\"LEFT\"><i><b>Eodem. <\/b><span lang=\"en-GB\"><b>Peter Becker c[ontr]a Michell Delatour<\/b><\/span><\/i><\/p>\n<p align=\"JUSTIFY\"><i>Reproducirte gehorsambst Reproduction priorum decretorum cum adscripto \u2026 et \u2026 \u2026 \u2026 <\/i><i>der terminus ohn<\/i> <i>beschehene Parition<\/i> <i>l\u00e4ngstens verflossen ist, als bathe \u2026 et reali distractione oder sonsten \u2026 modo ihme zur Zahlung zu verhelffen.<\/i><\/p>\n<p align=\"JUSTIFY\"><i><b>Decretum.<\/b> Die gebettene Distraction wirdt hiemit erkent vndt terminus distractionis auff nechsten Gerichtstag praefigirt, zu welchem Endt partes ad videndum distrahi citirt mit eingeladen werden. Welchen terminus auch H[er]r Schulthei\u00df bey der Gemeindt zu publiciren hette \u2026 Fachbach.<\/i><\/p>\n<hr \/>\n<p align=\"JUSTIFY\"><i><b>Eodem. <\/b><\/i>[fol. 3r*] <i>Johanne\u00df Stiegellitz ist als Gerichtdiener angesetzt, confirmirt undt beaydiget worden.<\/i><\/p>\n<hr \/>\n<p align=\"JUSTIFY\"><b><i>Eodem. <\/i><i>H[er]r Pastor undt Vorstehere der Kirch undt Henrich Bartholomaeu\u00df undt Peter Genats et consortes<\/i><\/b><\/p>\n<p style=\"text-align: justify;\"><em>Zeigte hochkl\u00e4glich ja schmertzlich ahn, was ma\u00dfen durch den von deren H[errn] Mariotische Compagnie gar zu viell \u00fcberbaweten undt extendirten Wa\u00dfer \u2026 oder Insul, wadurch da\u00df Wa\u00dfer deroselben nicht allein, auch den Bodem, Sant undt Grundt \u00fcberschwemet undt so forth dadurch denen Kl\u00e4geren das mehreres Theill ihrer alda in dem \u2026 gelegenen Felteren, Wie\u00dfen undt Acker\u2026 vollig ruinirt, \u00fcberschwemet undt p[er] allicionem abgenohmen, noch al\u00dfo dessen gnadiger herrschafft[liche]r [Zehn]ten so wohl als auch den Vnterthanen ihren Nutzen gehemmet undt das Landt abgenohmen worden seye.<\/em><\/p>\n<p lang=\"it-IT\"><em>Als bathen pro restitutione damni cum omni causa die H[err] Mariotische Compagnie anzuhalten.<\/em><\/p>\n<p style=\"text-align: justify;\"><em><strong>Decretum.<\/strong> Wirdt von Gerichts wegen beyden Gerichtscheffen Wilhelm Auster undt Huberto Schleimer die Commission auffgetragen, denen H[errn] Beklagten die\u00dfes zur etwagiger Gegenvernehmung zu hinterbringen undt selben anbey zu bedeuten, Kl\u00e4ger salve der gn\u00e4diger Herrschafft ihre undt Rechten intra 15nam \u2026 klaglo\u00df zu stellen, widrigenfals wirdt man von G[eri]chts wegen \u2026 \u2026 \u2026 statuiren \u2026 \u2026 \u2026<\/em><\/p>\n<p><em>Insinuirt p[er] extractum prothocolli parti \u2026 den 15ten Me[rtz]<sup><a class=\"sdfootnoteanc\" href=\"#sdfootnote6sym\" name=\"sdfootnote6anc\">6<\/a><\/sup> 1726<\/em><\/p>\n<hr \/>\n<p><strong>Anmerkungen<\/strong><\/p>\n<p class=\"sdfootnote\" style=\"font-size: small;\"><a class=\"sdfootnotesym\" href=\"#sdfootnote1anc\" name=\"sdfootnote1sym\">1<\/a> dahinter gestr. <i>Caroli<\/i><\/p>\n<p class=\"sdfootnote\" style=\"font-size: small;\"><a class=\"sdfootnotesym\" href=\"#sdfootnote2anc\" name=\"sdfootnote2sym\">2<\/a> dahinter gestr. <i>solle<\/i><\/p>\n<p class=\"sdfootnote\" style=\"font-size: small;\"><a class=\"sdfootnotesym\" href=\"#sdfootnote3anc\" name=\"sdfootnote3sym\">3<\/a> dahinter gestr. <i>Hubertus<\/i><\/p>\n<p class=\"sdfootnote\" style=\"font-size: small;\"><a class=\"sdfootnotesym\" href=\"#sdfootnote4anc\" name=\"sdfootnote4sym\">4<\/a> Papierbruch am rechten Rand<\/p>\n<p class=\"sdfootnote\" style=\"font-size: small;\"><a class=\"sdfootnotesym\" href=\"#sdfootnote5anc\" name=\"sdfootnote5sym\">5<\/a> Papierbruch am rechten Rand<\/p>\n<p class=\"sdfootnote\" style=\"font-size: small;\"><a class=\"sdfootnotesym\" href=\"#sdfootnote6anc\" name=\"sdfootnote6sym\">6<\/a> Papierfalz<\/p>\n<hr \/>\n<p><span style=\"font-size: small;\"><b>Letztes Update: Oktober 2016<\/b><\/span><br \/>\n<span style=\"font-size: small;\"><b>Ralph Jackmuth<\/b><\/span><\/p>\n","protected":false},"excerpt":{"rendered":"<p>In der ersten Sitzung sind anwesend: Amtsverwalter und Kellner Rosenbaum, Schulthei\u00df Johannes Bernard [= Bernd], und die Sch\u00f6ffen Wilhelm Remack, Leonhard Jaquet [= Jakob] und Johannes Zerbach. Besetzt wird zun\u00e4chst die vakante Gerichtsschreiberstelle mit Johann Jakob Thielen (seine Schrift ist fl\u00fcchtig und stellenweise zun\u00e4chst nicht zu entziffern). Dann werden die Gerichtstage auf jeden zweiten Dienstag &hellip; <a href=\"https:\/\/www.ahnenforschung-jackmuth.de\/?page_id=936\" class=\"more-link\"><span class=\"screen-reader-text\">\u201e1. Sitzung: 14. Mai 1726\u201c<\/span> weiterlesen<\/a><\/p>\n","protected":false},"author":1,"featured_media":0,"parent":0,"menu_order":0,"comment_status":"closed","ping_status":"closed","template":"","meta":{"footnotes":""},"class_list":["post-936","page","type-page","status-publish","hentry"],"_links":{"self":[{"href":"https:\/\/www.ahnenforschung-jackmuth.de\/index.php?rest_route=\/wp\/v2\/pages\/936","targetHints":{"allow":["GET"]}}],"collection":[{"href":"https:\/\/www.ahnenforschung-jackmuth.de\/index.php?rest_route=\/wp\/v2\/pages"}],"about":[{"href":"https:\/\/www.ahnenforschung-jackmuth.de\/index.php?rest_route=\/wp\/v2\/types\/page"}],"author":[{"embeddable":true,"href":"https:\/\/www.ahnenforschung-jackmuth.de\/index.php?rest_route=\/wp\/v2\/users\/1"}],"replies":[{"embeddable":true,"href":"https:\/\/www.ahnenforschung-jackmuth.de\/index.php?rest_route=%2Fwp%2Fv2%2Fcomments&post=936"}],"version-history":[{"count":0,"href":"https:\/\/www.ahnenforschung-jackmuth.de\/index.php?rest_route=\/wp\/v2\/pages\/936\/revisions"}],"wp:attachment":[{"href":"https:\/\/www.ahnenforschung-jackmuth.de\/index.php?rest_route=%2Fwp%2Fv2%2Fmedia&parent=936"}],"curies":[{"name":"wp","href":"https:\/\/api.w.org\/{rel}","templated":true}]}}

<p align="JUSTIFY">In der ersten Sitzung sind anwesend: Amtsverwalter und Kellner Rosenbaum, Schultheiß Johannes <i>Bernard</i> [= Bernd], und die Schöffen Wilhelm <i>Remack</i>, Leonhard <i>Jaquet </i>[= Jakob] und Johannes <i>Zerbach</i>.</p>
<p align="JUSTIFY">Besetzt wird zunächst die vakante Gerichtsschreiberstelle mit Johann Jakob <i>Thielen </i>(seine Schrift ist flüchtig und stellenweise zunächst nicht zu entziffern). Dann werden die Gerichtstage auf jeden zweiten Dienstag im Monat festgesetzt. Ist dieser Dienstag ein Feiertag, ist am folgenden Dienstag Gericht zu halten. Weiterhin werden Wilhelm Auster, Hubert Schleimer, Wilhelm Buchholz und der Waldförster Johannes Finckelmeyer zu weiteren Gerichtsschöffen ernannt und das dazugehörige Patent von Graf Karl Kaspar von der Leyen (datiert Koblenz 1726 März 12) dem Protokoll einverleibt. Ferner werden Wilhelm <i>Remack </i>und Johannes Finkelmeyer zu Schöffenmeistern und Johannes Stieglitz zum Gerichtsdiener ernannt.</p>
<p align="JUSTIFY">Nur zwei Fälle werden behandelt.</p>
<ol>
<li style="text-align: justify;">Peter <i>Becker</i> gegen Michel <i>Delatour</i> wegen wegen Pfändung <em>(Distraction</em>). Die erbetene Pfändung wird gerichtlich erkannt und der Pfändungstermin (<em>terminus distractionis</em>), den der Schultheiß öffentlich zu verkünden hat, auf den nächsten Gerichtstag festgesetzt.</li>
<li style="text-align: justify;">Pastor und Vorsteher der Kirche sowie Henrich<i> Bartholomaeuß </i>und Peter <i>Genats</i> mit Konsorten beschweren sich über ihre durch Auswirkung des Lahnwehrs der <i>Mariotischen Compagnie</i> überschwemmten Felder. Siehe hierzu auch LHAK Best. 48 Nr. 2303: Hochwasserschäden an Grundstücken „In der Klunk“ durch das Wehr der Eisenhütte bei Nievern (1802-1806).</li>
</ol>
<hr />
<p>[fol. 1r*]<i> P</i><i><b>rothocollum judiciale deß Gerichts vnd Ambts zu Nieberen vom 14ten Maii 1726</b></i></p>
<p align="LEFT">[fol. 2r*] <i><b>Dienstag, den 14ten Maii 1726 Fachbach</b></i></p>
<p align="JUSTIFY"><i>Praesentibus H[er]r Ambtsv[erwalte]r undt Keller Roßenbaum, H[er]r Schultheiß</i><sup><a class="sdfootnoteanc" href="#sdfootnote1sym" name="sdfootnote1anc">1</a></sup><i> Johaneß Bernard, scabinis Wilhelm Remacks, Leonardus Jaquet, Johaneß Zerbach.</i></p>
<p align="JUSTIFY"><i>Von wegen undt in Nahmen seine Hochgräff[lichen] Excellence von der Ley zu Coblentz erschiene H[er]r Ambtsverwalter Rosenbaum undt ersetzte ahn Platz der vacant seyender Gerichtscheiberey den H[errn] Johan Jacob Thielen, mithin ist sein Patent undt geleistetes Aydt abgelesen undt so forth denen angewesenden H[errn] Schultheißen undt Scheffen mit dem gnädigsten Befehl vorgestellet worden, daß, dahe alle Monathen den zweyden Dienstag des Monaths, wan dießes kein Feyertag, sonsten der folgender Dienstag als verordneter Gerichtstag gehalten werden solle, H[err] Schultheiß ein solches vor der Gemeint jetz pro notitia ein vor allemahl verkündigen undt publiciren</i><sup><a class="sdfootnoteanc" href="#sdfootnote2sym" name="sdfootnote2anc">2</a></sup><i>, anbey dem vorgesteltem Herren Gerichtsschreiberen die gerichtliche &#8230; emolumenta </i>[Vorteile]<i> undt jura angedeyen lasen sollen.</i></p>
<p align="JUSTIFY"><i>Welchem Vorgangen dan auch die von obgemeltem Gericht zu deßen Ersetzung präsentirt undt von gnädiger Herrschafft auff- undt angenohmene Scheffen als Hubertus Schleimer</i><sup><a class="sdfootnoteanc" href="#sdfootnote3sym" name="sdfootnote3anc">3</a></sup><i>, Wilhelm Aüster, Wilhelm Buchholtz undt Johaneß Finckelmeyer würcklich veraydtet vndt deme Gericht vndt Gemeint vorgestell[et]</i><sup><a class="sdfootnoteanc" href="#sdfootnote4sym" name="sdfootnote4anc">4</a></sup><i> worden. </i></p>
<p align="JUSTIFY"><i>Deßen Patent dem prothocollo einverleibe[t]</i><sup><a class="sdfootnoteanc" href="#sdfootnote5sym" name="sdfootnote5anc">5</a></sup><i> worden als folget: </i>[fol. 2v*] <i>Weilen zur Promovirung undt Beforderung der Jöstitz unumbgänglich erfordert werden will, daß die in meinem Gericht zu Niebern erledigte Scheffenstellen mit zaüglichen Subjecten hinwider ersetzet werden, als werden aus denen vorstelligen vnlängst präsentirten als Wilhelm Auster, Hubert Schleimer, Wilhelm Buchholtz, so dan der Waltforster Johaneß Finckellmeyer zu Schöffen auff- undt angenohmen, welche dan in gewöhnliche Ayden undt Pflichten zu nehmen, forth demnächst zu der dießer Stelle anklebenden Functionen </i> <i>anzuweißen seindt.</i></p>
<p align="JUSTIFY"><i>Coblentz, den 12ten Martii 1726</i></p>
<p align="RIGHT"><i>C[arl] C[aspar] Graff von der Leyen</i></p>
<p align="LEFT"><i>Zur Scheffenmeistern seindt denomirt noch Wilhelm Remack, Johaneß Finckellmeyer.</i></p>
<hr />
<p align="LEFT"><i><b>Eodem. </b><span lang="en-GB"><b>Peter Becker c[ontr]a Michell Delatour</b></span></i></p>
<p align="JUSTIFY"><i>Reproducirte gehorsambst Reproduction priorum decretorum cum adscripto … et … … … </i><i>der terminus ohn</i> <i>beschehene Parition</i> <i>längstens verflossen ist, als bathe … et reali distractione oder sonsten … modo ihme zur Zahlung zu verhelffen.</i></p>
<p align="JUSTIFY"><i><b>Decretum.</b> Die gebettene Distraction wirdt hiemit erkent vndt terminus distractionis auff nechsten Gerichtstag praefigirt, zu welchem Endt partes ad videndum distrahi citirt mit eingeladen werden. Welchen terminus auch H[er]r Schultheiß bey der Gemeindt zu publiciren hette … Fachbach.</i></p>
<hr />
<p align="JUSTIFY"><i><b>Eodem. </b></i>[fol. 3r*] <i>Johanneß Stiegellitz ist als Gerichtdiener angesetzt, confirmirt undt beaydiget worden.</i></p>
<hr />
<p align="JUSTIFY"><b><i>Eodem. </i><i>H[er]r Pastor undt Vorstehere der Kirch undt Henrich Bartholomaeuß undt Peter Genats et consortes</i></b></p>
<p style="text-align: justify;"><em>Zeigte hochkläglich ja schmertzlich ahn, was maßen durch den von deren H[errn] Mariotische Compagnie gar zu viell überbaweten undt extendirten Waßer … oder Insul, wadurch daß Waßer deroselben nicht allein, auch den Bodem, Sant undt Grundt überschwemet undt so forth dadurch denen Klägeren das mehreres Theill ihrer alda in dem … gelegenen Felteren, Wießen undt Acker… vollig ruinirt, überschwemet undt p[er] allicionem abgenohmen, noch alßo dessen gnadiger herrschafft[liche]r [Zehn]ten so wohl als auch den Vnterthanen ihren Nutzen gehemmet undt das Landt abgenohmen worden seye.</em></p>
<p lang="it-IT"><em>Als bathen pro restitutione damni cum omni causa die H[err] Mariotische Compagnie anzuhalten.</em></p>
<p style="text-align: justify;"><em><strong>Decretum.</strong> Wirdt von Gerichts wegen beyden Gerichtscheffen Wilhelm Auster undt Huberto Schleimer die Commission auffgetragen, denen H[errn] Beklagten dießes zur etwagiger Gegenvernehmung zu hinterbringen undt selben anbey zu bedeuten, Kläger salve der gnädiger Herrschafft ihre undt Rechten intra 15nam … klagloß zu stellen, widrigenfals wirdt man von G[eri]chts wegen … … … statuiren … … …</em></p>
<p><em>Insinuirt p[er] extractum prothocolli parti … den 15ten Me[rtz]<sup><a class="sdfootnoteanc" href="#sdfootnote6sym" name="sdfootnote6anc">6</a></sup> 1726</em></p>
<hr />
<p><strong>Anmerkungen</strong></p>
<p class="sdfootnote" style="font-size: small;"><a class="sdfootnotesym" href="#sdfootnote1anc" name="sdfootnote1sym">1</a> dahinter gestr. <i>Caroli</i></p>
<p class="sdfootnote" style="font-size: small;"><a class="sdfootnotesym" href="#sdfootnote2anc" name="sdfootnote2sym">2</a> dahinter gestr. <i>solle</i></p>
<p class="sdfootnote" style="font-size: small;"><a class="sdfootnotesym" href="#sdfootnote3anc" name="sdfootnote3sym">3</a> dahinter gestr. <i>Hubertus</i></p>
<p class="sdfootnote" style="font-size: small;"><a class="sdfootnotesym" href="#sdfootnote4anc" name="sdfootnote4sym">4</a> Papierbruch am rechten Rand</p>
<p class="sdfootnote" style="font-size: small;"><a class="sdfootnotesym" href="#sdfootnote5anc" name="sdfootnote5sym">5</a> Papierbruch am rechten Rand</p>
<p class="sdfootnote" style="font-size: small;"><a class="sdfootnotesym" href="#sdfootnote6anc" name="sdfootnote6sym">6</a> Papierfalz</p>
<hr />
<p><span style="font-size: small;"><b>Letztes Update: Oktober 2016</b></span><br />
<span style="font-size: small;"><b>Ralph Jackmuth</b></span></p>

<p>In der ersten Sitzung sind anwesend: Amtsverwalter und Kellner Rosenbaum, Schultheiß Johannes Bernard [= Bernd], und die Schöffen Wilhelm Remack, Leonhard Jaquet [= Jakob] und Johannes Zerbach. Besetzt wird zunächst die vakante Gerichtsschreiberstelle mit Johann Jakob Thielen (seine Schrift ist flüchtig und stellenweise zunächst nicht zu entziffern). Dann werden die Gerichtstage auf jeden zweiten Dienstag &hellip; <a href="https://www.ahnenforschung-jackmuth.de/?page_id=936" class="more-link"><span class="screen-reader-text">„1. Sitzung: 14. Mai 1726“</span> weiterlesen</a></p>
