{"id":9095,"date":"2021-09-22T12:57:25","date_gmt":"2021-09-22T12:57:25","guid":{"rendered":"http:\/\/www.ahnenforschung-jackmuth.de\/?page_id=9095"},"modified":"2026-02-10T14:47:48","modified_gmt":"2026-02-10T14:47:48","slug":"ofb-spiess-name-unbekannt","status":"publish","type":"page","link":"https:\/\/www.ahnenforschung-jackmuth.de\/?page_id=9095","title":{"rendered":"OFB Spie\u00df &#8211; Name unbekannt"},"content":{"rendered":"<p style=\"text-align: justify;\"><span style=\"font-family: times new roman, times, serif; font-size: 10pt;\"><strong><span style=\"color: #ff0000;\">Jakob N. N.:<\/span> <\/strong>* 22.05.1705 Buchholz (gt. 24.05.); Eintragstext: <em>Buchholtz. Vigesimo 2do natus Joanni Philippo N:, bubulco, filius Jacobus et vigesimo 4to renatus, spondentibus honesto adolescente Jacobo M\u00f6seler ex Kirschemerborn et pudica virgine Anna Catharina N:, famulante in Geiss. <\/em>(Oberlahnstein KB 1, fol. 160v)<\/span><\/p>\n<hr \/>\n<p style=\"text-align: justify;\"><span style=\"font-family: times new roman, times, serif; font-size: 10pt;\"><span style=\"color: #ff0000;\"><strong>Jean:<\/strong><\/span> + 17.06.1721 Grenzloch, Eintragstext: <em>7tima hujus in villa dicta Krensloch post perpessum diuturnum eumq[ue] miserrimum morbum obiit in voluntatem divinam optime resignatus ac sacramentis omnibus pr\u00e6munitus et s\u00e6pius quidem in eodem morbo sacrc\u00e6 communionis sic nominatus Jean, cui deus \u00e6viternam lergiatur gloriam in c\u00e6lo. <\/em>Am 17. dieses starb auf dem Hof Grenzloch nach einer lang andauernden und \u00e4u\u00dferst schweren Krankheit, v\u00f6llig ergeben in den g\u00f6ttlichen Willen, und versehen mit allen Sakramenten, wobei er w\u00e4hrend derselben Krankheit auch h\u00e4ufig die heilige Kommunion empfing, der sogenannte Jean. M\u00f6ge Gott ihm ewige Herrlichkeit im Himmel gew\u00e4hren. (Oberlahnstein KB 2, fol. 351v)<\/span><\/p>\n<hr \/>\n<p style=\"text-align: justify;\"><span style=\"font-family: times new roman, times, serif; font-size: 10pt;\"><strong><span style=\"color: #ff0000;\">Maria Margaretha und Anna Barbara N. N.<\/span>: <\/strong>* 13.06.1730 (gt. 14.06.; Eintragstext: <em>13tia Junii natae sunt duae geminae Maria Margaretha et Anna Barbara et 14ta ejusdem renatae spondentibus Maria Margaretha Patron et Joanne Doupon, adolescentibus pro 1mo nata et pro 2da Anna Barbara M\u00fcsseler et Hilgero Zimmerman<\/em><\/span><\/p>\n<hr \/>\n<p style=\"text-align: justify;\"><span style=\"font-family: times new roman, times, serif; font-size: 10pt;\"><span style=\"color: #ff0000;\"><strong>Wilhelm N. N.: <\/strong><\/span>erste Zeile des Eintrags (1732) durch Papierbruch am oberen Blattrand verloren, nur Geburtsname der Mutter lesbar, entweder zu Esch oder M\u00f6ffert; Eintragstext: [ ] <em>Zimmerman conjugibus filius Wilhelmus et 21ma ejusdem renatus spondentibus Wilhelmo Kuns ex Orweth et Anna Elisabetha Zimmerman ex Buchholz, adolescentibus.<\/em><\/span><\/p>\n<hr \/>\n<p style=\"text-align: justify;\"><span style=\"font-family: times new roman, times, serif; font-size: 10pt;\"><strong><span style=\"color: #ff0000;\">N. N.:<\/span> <\/strong>Kind eines gemeinen Soldaten; * 06.02.1747; Eintragstext: <em>1747, 6ta Februarii ex eadem legione nata proles milite gregario legitima, sed nullum et nullius nomen adscriptum<\/em><\/span><\/p>\n<hr \/>\n<p style=\"text-align: justify;\"><span style=\"font-family: times new roman, times, serif; font-size: 10pt; color: #ff0000;\"><strong><em>\u00a0<\/em><\/strong><\/span><span style=\"font-family: times new roman, times, serif; font-size: 10pt;\"><span style=\"color: #ff0000;\"><strong>Johann Matthias N. N.: <\/strong><\/span>* 03.08.1763 (gt. 04.08.); evtl. zu Welsch<\/span><\/p>\n<hr \/>\n<p style=\"text-align: justify;\"><span style=\"font-family: times new roman, times, serif; font-size: 10pt;\"><span style=\"color: #ff0000;\"><strong>N. N.: <\/strong><\/span>Kind von Umherziehenden; + 22.05.1771 (bg. 23.05.), 3 Jahr alt<\/span><\/p>\n<hr \/>\n<p><span style=\"font-size: 10pt; font-family: times new roman, times, serif;\"><b>Letztes Update: 10. Februar 2026<\/b><\/span><br \/>\n<span style=\"font-size: 10pt; font-family: times new roman, times, serif;\"><b>Ralph Jackmuth<\/b><\/span><\/p>\n","protected":false},"excerpt":{"rendered":"<p>Jakob N. N.: * 22.05.1705 Buchholz (gt. 24.05.); Eintragstext: Buchholtz. Vigesimo 2do natus Joanni Philippo N:, bubulco, filius Jacobus et vigesimo 4to renatus, spondentibus honesto adolescente Jacobo M\u00f6seler ex Kirschemerborn et pudica virgine Anna Catharina N:, famulante in Geiss. (Oberlahnstein KB 1, fol. 160v) Jean: + 17.06.1721 Grenzloch, Eintragstext: 7tima hujus in villa dicta Krensloch &hellip; <a href=\"https:\/\/www.ahnenforschung-jackmuth.de\/?page_id=9095\" class=\"more-link\"><span class=\"screen-reader-text\">\u201eOFB Spie\u00df &#8211; Name unbekannt\u201c<\/span> weiterlesen<\/a><\/p>\n","protected":false},"author":1,"featured_media":0,"parent":0,"menu_order":0,"comment_status":"closed","ping_status":"closed","template":"","meta":{"footnotes":""},"class_list":["post-9095","page","type-page","status-publish","hentry"],"_links":{"self":[{"href":"https:\/\/www.ahnenforschung-jackmuth.de\/index.php?rest_route=\/wp\/v2\/pages\/9095","targetHints":{"allow":["GET"]}}],"collection":[{"href":"https:\/\/www.ahnenforschung-jackmuth.de\/index.php?rest_route=\/wp\/v2\/pages"}],"about":[{"href":"https:\/\/www.ahnenforschung-jackmuth.de\/index.php?rest_route=\/wp\/v2\/types\/page"}],"author":[{"embeddable":true,"href":"https:\/\/www.ahnenforschung-jackmuth.de\/index.php?rest_route=\/wp\/v2\/users\/1"}],"replies":[{"embeddable":true,"href":"https:\/\/www.ahnenforschung-jackmuth.de\/index.php?rest_route=%2Fwp%2Fv2%2Fcomments&post=9095"}],"version-history":[{"count":2,"href":"https:\/\/www.ahnenforschung-jackmuth.de\/index.php?rest_route=\/wp\/v2\/pages\/9095\/revisions"}],"predecessor-version":[{"id":12089,"href":"https:\/\/www.ahnenforschung-jackmuth.de\/index.php?rest_route=\/wp\/v2\/pages\/9095\/revisions\/12089"}],"wp:attachment":[{"href":"https:\/\/www.ahnenforschung-jackmuth.de\/index.php?rest_route=%2Fwp%2Fv2%2Fmedia&parent=9095"}],"curies":[{"name":"wp","href":"https:\/\/api.w.org\/{rel}","templated":true}]}}