{"id":902,"date":"2016-10-16T17:05:00","date_gmt":"2016-10-16T17:05:00","guid":{"rendered":"http:\/\/www.ahnenforschung-jackmuth.de\/?page_id=902"},"modified":"2016-10-16T18:22:33","modified_gmt":"2016-10-16T18:22:33","slug":"archivbestand-kirchspiel-nievern-7","status":"publish","type":"page","link":"https:\/\/www.ahnenforschung-jackmuth.de\/?page_id=902","title":{"rendered":"Archivbestand Kirchspiel Nievern 7"},"content":{"rendered":"<p>HHStAW = Hessisches Hauptstaatsarchiv Wiesbaden<br \/>\nLHAK = Landeshauptarchiv Koblenz<\/p>\n<hr \/>\n<h3><strong>Grundst\u00fccke, Grenzen<br \/>\n<\/strong><\/h3>\n<p><strong>a) Lagerb\u00fccher, Stockb\u00fccher, Kataster<\/strong><\/p>\n<table width=\"100%\">\n<tbody>\n<tr>\n<td style=\"text-align: center;\" width=\"13%\"><strong>Zeitraum <\/strong><\/td>\n<td style=\"text-align: center;\" width=\"15%\"><strong>Umfang <\/strong><\/td>\n<td style=\"text-align: center;\" width=\"22%\"><strong>Standort <\/strong><\/td>\n<td width=\"50%\"><strong>Bem. <\/strong><\/td>\n<\/tr>\n<tr>\n<td style=\"text-align: center;\" width=\"13%\">1693<\/td>\n<td style=\"text-align: center;\" width=\"15%\">1 Faszikel<\/td>\n<td style=\"text-align: center;\" width=\"22%\">HHStAW Abt. 3\/3<br \/>\nNr. f 1a<\/td>\n<td style=\"text-align: justify;\" width=\"50%\">Inventarium der frhrl. v. d. Leyen\u2019schen G\u00fcter zu Nievern<\/td>\n<\/tr>\n<tr>\n<td style=\"text-align: center;\" width=\"13%\">1701<\/td>\n<td style=\"text-align: center;\" width=\"15%\">1 Faszikel<\/td>\n<td style=\"text-align: center;\" width=\"22%\">HHStAW Abt. 3\/3<br \/>\nNr. f 3<\/td>\n<td width=\"50%\">Nieverner Kirchspiels Weingarten<\/td>\n<\/tr>\n<tr>\n<td style=\"text-align: center;\" width=\"12%\">1737<\/td>\n<td style=\"text-align: center;\" width=\"16%\">8 ungez\u00e4hlte<br \/>\ngeheftete Bll.<\/td>\n<td style=\"text-align: center;\" width=\"22%\">LHAK Best. 48<br \/>\nNr. 3648<\/td>\n<td style=\"text-align: justify;\" width=\"50%\">Inventarium der hochgr\u00e4flich leyenschen G\u00fcter in Fachbach, Nievern und Miellen. Abschrift von Schulthei\u00df Johannes Finckelmeyer<\/td>\n<\/tr>\n<tr>\n<td style=\"text-align: center;\" width=\"13%\">1822-1850<\/td>\n<td width=\"15%\"><\/td>\n<td style=\"text-align: center;\" width=\"22%\">LHAK Best. 815,1<br \/>\nNr. 1<\/td>\n<td width=\"50%\">Feldgrundsteuerkataster der Gemarkung Miellen<\/td>\n<\/tr>\n<tr>\n<td style=\"text-align: center;\" width=\"13%\">1826-1850<\/td>\n<td width=\"15%\"><\/td>\n<td style=\"text-align: center;\" width=\"22%\">LHAK Best. 815,1<br \/>\nNr. 2<\/td>\n<td width=\"50%\">Geb\u00e4udesteuerkataster der Gemeinde Miellen<\/td>\n<\/tr>\n<tr>\n<td style=\"text-align: center;\" width=\"13%\">1825-1850<\/td>\n<td width=\"15%\"><\/td>\n<td style=\"text-align: center;\" width=\"22%\">LHAK Best. 815,1<br \/>\nNr. 3<\/td>\n<td style=\"text-align: justify;\" width=\"50%\">Zinsradizierungsregister der Gemarkung Miellen f\u00fcr Rechnung des F\u00fcrsten von der Leyen, der Kirche und Pfarrei Nievern und des Armenfonds zu Miellen<\/td>\n<\/tr>\n<tr>\n<td style=\"text-align: center;\" width=\"13%\">1850<\/td>\n<td width=\"15%\"><\/td>\n<td style=\"text-align: center;\" width=\"22%\">LHAK Best. 815,1<br \/>\nNr. 4<\/td>\n<td width=\"50%\">Zehntabl\u00f6sungskataster der Gemarkung Miellen<\/td>\n<\/tr>\n<tr>\n<td style=\"text-align: center;\" width=\"13%\">1842<\/td>\n<td width=\"15%\"><\/td>\n<td style=\"text-align: center;\" width=\"22%\">LHAK Best. 815,1<br \/>\nNr. 5<\/td>\n<td width=\"50%\">Waldsteuer der Gemarkung Miellen<\/td>\n<\/tr>\n<tr>\n<td style=\"text-align: center;\" width=\"13%\">1869-1900<\/td>\n<td width=\"15%\"><\/td>\n<td style=\"text-align: center;\" width=\"22%\">LHAK Best. 815,1<br \/>\nNr. 6<\/td>\n<td width=\"50%\">Berggegenbuch, Band 2<\/td>\n<\/tr>\n<\/tbody>\n<\/table>\n<p>Stockb\u00fccher (19. Jh.) befinden sich im Heimatarchiv Nievern<\/p>\n<hr \/>\n<p><strong>b)\u00a0<\/strong><strong>Grenzbegehung, Grenzstreitigkeiten, Landvermessun<\/strong><strong>g<\/strong><\/p>\n<table width=\"100%\">\n<tbody>\n<tr>\n<td width=\"13%\"><strong>Zeitraum <\/strong><\/td>\n<td width=\"15%\"><strong>Umfang <\/strong><\/td>\n<td width=\"22%\"><strong>Standort <\/strong><\/td>\n<td width=\"50%\"><strong>Bem. <\/strong><\/td>\n<\/tr>\n<tr>\n<td style=\"text-align: center;\" width=\"13%\">(1647) 1728, 1734-1735<\/td>\n<td style=\"text-align: center;\" width=\"15%\"><\/td>\n<td style=\"text-align: center;\" width=\"22%\">LHAK Best. 48<br \/>\nNr. 2550<\/td>\n<td style=\"text-align: justify;\" width=\"50%\">Rechtsstreit der steinschen Hofp\u00e4chter Johann Heinrich Metz und Andreas M\u00fcller gegen die Gemeinde Nievern wegen Schatzung der G\u00fcter<br \/>\nEnth\u00e4lt u. a.: Verzeichnis der steinschen Liegenschaften in der Gerechtigkeit Nievern (1647)<\/td>\n<\/tr>\n<tr>\n<td style=\"text-align: center;\" width=\"13%\">1691<br \/>\n1715-1716<br \/>\n1761<\/td>\n<td width=\"15%\"><\/td>\n<td style=\"text-align: center;\" width=\"22%\">LHAK Best. 48<br \/>\nNr. 2269<\/td>\n<td style=\"text-align: justify;\" width=\"50%\">Untersuchung \u00fcber das zwischen Leyen und den Kirchspielen Nievern, Fachbach und Miellen strittige Eigentum am \u201eMittelberger Wald\u201c<\/td>\n<\/tr>\n<tr>\n<td style=\"text-align: center;\" width=\"13%\">1701-1704<\/td>\n<td width=\"15%\"><\/td>\n<td style=\"text-align: center;\" width=\"22%\">LHAK Best. 48<br \/>\nNr. 4418<\/td>\n<td style=\"text-align: justify;\" width=\"50%\">Beilegung von Grenzstreitigkeiten im Wald von Nievern<\/td>\n<\/tr>\n<tr>\n<td style=\"text-align: center;\" width=\"13%\">1704<\/td>\n<td width=\"15%\"><\/td>\n<td style=\"text-align: center;\" width=\"22%\">LHAK Best. 48<br \/>\nNr. 2334<\/td>\n<td style=\"text-align: justify;\" width=\"50%\">Beilegung von Grenzstreitigkeiten zwischen Nievern und Fr\u00fccht<\/td>\n<\/tr>\n<tr>\n<td style=\"text-align: center;\" width=\"13%\">1706-1708<\/td>\n<td width=\"15%\"><\/td>\n<td style=\"text-align: center;\" width=\"22%\">LHAK Best. 48<br \/>\nNr. 2353<\/td>\n<td style=\"text-align: justify;\" width=\"50%\">Beilegung von Grenzstreitigkeiten zwischen der kurtrierischen Gemeinde Horchheim und leyenschen Kirchspiel Fachbach<\/td>\n<\/tr>\n<tr>\n<td style=\"text-align: center;\" width=\"13%\">1720-1731<\/td>\n<td width=\"15%\"><\/td>\n<td style=\"text-align: center;\" width=\"22%\">LHAK Best. 48<br \/>\nNr. 3750<\/td>\n<td style=\"text-align: justify;\" width=\"50%\">Begehung der Grenze zwischen den leyenschen Kirchspielen Nievern und Fachbach und der Gerechtigkeit Ems<\/td>\n<\/tr>\n<tr>\n<td style=\"text-align: center;\" width=\"13%\">1720, 1731<\/td>\n<td width=\"15%\"><\/td>\n<td style=\"text-align: center;\" width=\"22%\">LHAK Best. 48<br \/>\nNr. 2272<\/td>\n<td style=\"text-align: justify;\" width=\"50%\">Festlegung der Grenzen zwischen den Gemarkungen Nievern und Ems<\/td>\n<\/tr>\n<tr>\n<td style=\"text-align: center;\" width=\"13%\">1735, 1736<\/td>\n<td width=\"15%\"><\/td>\n<td style=\"text-align: center;\" width=\"22%\">LHAK Best. 48<br \/>\nNr. 2299<\/td>\n<td style=\"text-align: justify;\" width=\"50%\">Grenzstreitigkeit um Grundst\u00fccke \u201eAuf dem Scheidt\u201c beim H\u00fchnerberger Hof zwischen dem Kanoniker Lukas von St. Kastor in Koblenz und Schulthei\u00dfen Finkelmeyer bzw. Rosenbaum in Nievern<\/td>\n<\/tr>\n<tr>\n<td style=\"text-align: center;\" width=\"13%\">?<\/td>\n<td style=\"text-align: center;\" width=\"15%\">2 Bll.<\/td>\n<td style=\"text-align: center;\" width=\"22%\">LHAK Best. 48<br \/>\nNr. 3648<\/td>\n<td width=\"50%\">Beschreibung des Kirchspiels Nievern<\/td>\n<\/tr>\n<tr>\n<td style=\"text-align: center;\" width=\"13%\">1745<\/td>\n<td width=\"15%\"><\/td>\n<td style=\"text-align: center;\" width=\"22%\">LHAK Best. 48<br \/>\nNr. 2815<\/td>\n<td style=\"text-align: justify;\" width=\"50%\">Grenzbegehung auf dem Molpertskopf im Wald zwischen Ems und Nievern<\/td>\n<\/tr>\n<tr>\n<td style=\"text-align: center;\" width=\"13%\">1757<\/td>\n<td width=\"15%\"><\/td>\n<td style=\"text-align: center;\" width=\"22%\">LHAK Best. 48<br \/>\nNr. 2817<\/td>\n<td style=\"text-align: justify;\" width=\"50%\">Verletzung des steinschen Territoriums in Fr\u00fccht durch den leyenschen J\u00e4ger Heck<\/td>\n<\/tr>\n<tr>\n<td style=\"text-align: center;\" width=\"13%\">1774<\/td>\n<td width=\"15%\"><\/td>\n<td style=\"text-align: center;\" width=\"22%\">LHAK Best. 48<br \/>\nNr. 2542<\/td>\n<td style=\"text-align: justify;\" width=\"50%\">Angebot des Geometers Leutnant Johann von D\u00fcnzfeld aus Neuwied nach kartographischer Aufnahme der leyenschen Lande. <a href=\"http:\/\/www.ahnenforschung-jackmuth.de\/?page_id=804\">Transkription (s. Nr. 30)<\/a><\/td>\n<\/tr>\n<tr>\n<td style=\"text-align: center;\" width=\"13%\">1777-1780<\/td>\n<td width=\"15%\"><\/td>\n<td style=\"text-align: center;\" width=\"22%\">LHAK Best. 48<br \/>\nNr. 2421<\/td>\n<td width=\"50%\">Vermessung der Herrschaft Fachbach<\/td>\n<\/tr>\n<tr>\n<td style=\"text-align: center;\" width=\"13%\">1783-1836<\/td>\n<td width=\"15%\"><\/td>\n<td style=\"text-align: center;\" width=\"22%\">LHAK Best. 48<br \/>\nNr. 3939<\/td>\n<td style=\"text-align: justify;\" width=\"50%\">Grenzberichtigungen und Verfolgung von Forstfreveln in der Herrschaft Nievern<\/td>\n<\/tr>\n<tr>\n<td style=\"text-align: center;\" width=\"13%\">1804<\/td>\n<td width=\"15%\"><\/td>\n<td style=\"text-align: center;\" width=\"22%\">HHStAW Abt. 3\/3<br \/>\nNr. e 7<\/td>\n<td style=\"text-align: justify;\" width=\"50%\">Peter Bernd von Miellen contra Joh. Schweitzer daselbst betr. Grenzstreitigkeiten<\/td>\n<\/tr>\n<tr>\n<td style=\"text-align: center;\" width=\"13%\">1808-1810<\/td>\n<td width=\"15%\"><\/td>\n<td style=\"text-align: center;\" width=\"22%\">LHAK Best. 48<br \/>\nNr. 3908<\/td>\n<td style=\"text-align: justify;\" width=\"50%\">Vermessung der Herrschaft Nievern durch Josef Rolshausen<\/td>\n<\/tr>\n<tr>\n<td style=\"text-align: center;\" width=\"13%\">?<\/td>\n<td width=\"15%\"><\/td>\n<td style=\"text-align: center;\" width=\"22%\">LHAK Best. 48<br \/>\nNr. 3909<\/td>\n<td style=\"text-align: justify;\" width=\"50%\">Vermessung der Kellerei Nievern durch Josef Rolshausen<\/td>\n<\/tr>\n<tr>\n<td style=\"text-align: center;\" width=\"13%\">1809<\/td>\n<td width=\"15%\"><\/td>\n<td style=\"text-align: center;\" width=\"22%\">LHAK Best. 48<br \/>\nNr. 3861<\/td>\n<td style=\"text-align: justify;\" width=\"50%\">Vermessung der leyenschen Grundst\u00fccke in der Gemarkung Nievern<\/td>\n<\/tr>\n<tr>\n<td style=\"text-align: center;\" width=\"13%\">1813<\/td>\n<td width=\"15%\"><\/td>\n<td style=\"text-align: center;\" width=\"22%\">LHAK Best. 48<br \/>\nNr. 3914<\/td>\n<td style=\"text-align: justify;\" width=\"50%\">Verhandlung \u00fcber Grenzstreitigkeiten im Wald am Baurenberg zwischen dem leyenschen Revierj\u00e4ger Heck und der Gemeinde Niederlahnstein vor dem Amt Nievern in Ehrenbreitstein. Enth\u00e4lt u. a.: zwei kolorierte Lageskizzen des Landvermessers A. Balthasar, 29 cm x 34 cm<\/td>\n<\/tr>\n<tr>\n<td style=\"text-align: center;\" width=\"13%\">1810-1815<\/td>\n<td width=\"15%\"><\/td>\n<td style=\"text-align: center;\" width=\"22%\">LHAK Best. 48<br \/>\nNr. 3923<\/td>\n<td style=\"text-align: justify;\" width=\"50%\">Vermessung der Herrschaft Nievern durch den Geometer Josef Rolshausen<\/td>\n<\/tr>\n<tr>\n<td style=\"text-align: center;\" width=\"13%\">1818-1819<\/td>\n<td width=\"15%\"><\/td>\n<td style=\"text-align: center;\" width=\"22%\">LHAK Best. 48<br \/>\nNr. 3387<\/td>\n<td style=\"text-align: justify;\" width=\"50%\">Beilegung von Grenzstreitigkeiten mit dem Kirchspiel Nievern. Enth\u00e4lt u. a..: Teilung und Vermessung des \u201eKuhweids Gr\u00fcn\u201c durch den Geometer des Amtes Braubach Thomae, kolorierter Plan (27 cm x 41 cm)<\/td>\n<\/tr>\n<tr>\n<td style=\"text-align: center;\" width=\"13%\">?<\/td>\n<td width=\"15%\"><\/td>\n<td style=\"text-align: center;\" width=\"22%\">LHAK Best. 48<br \/>\nNr. 3648<\/td>\n<td style=\"text-align: justify;\" width=\"50%\">Instrumente \u00fcber Horchheimer Gerechtigkeit und Grenzstein<\/td>\n<\/tr>\n<tr>\n<td style=\"text-align: center;\" width=\"13%\">1813<\/td>\n<td style=\"text-align: center;\" width=\"15%\">6 Bll.<\/td>\n<td style=\"text-align: center;\" width=\"22%\">LHAK Best. 48<br \/>\nNr. 3648<\/td>\n<td style=\"text-align: justify;\" width=\"50%\">Grenzberichtigung in der f\u00fcrstlichen Herrschaft Nievern betreffend in specie das Gemeindefeld \u201eim Marxen Ahlen\u201c<\/td>\n<\/tr>\n<tr>\n<td style=\"text-align: center;\" width=\"13%\">um 1840<\/td>\n<td style=\"text-align: center;\" width=\"15%\">138 S.<\/td>\n<td style=\"text-align: center;\" width=\"22%\">LHAK Best. 48<br \/>\nNr. 3962<\/td>\n<td style=\"text-align: justify;\" width=\"50%\"><em>Beschreibung der Herrschaft Nievern mit ihren einzelenen Teilen, ca. 1840. <\/em>Stempel Innsenseite: <em>F\u00fcrstl. v. d. Leyensches Archiv Waal (Schwab.). <\/em>B\u00fcchlein, halb Oktav, 138 pag. Seiten, Rest n. pag., Register am Schlu\u00df<\/td>\n<\/tr>\n<tr>\n<td style=\"text-align: center;\" width=\"13%\">1842<\/td>\n<td width=\"15%\"><\/td>\n<td style=\"text-align: center;\" width=\"22%\">LHAK Best. 48<br \/>\nNr. 3887<\/td>\n<td style=\"text-align: justify;\" width=\"50%\">Auseinandersetzung mit dem Gastwirt Peter Joseph Grisar in Nievern wegen eigenm\u00e4chtiger \u00dcberbauung der \u201eNonnenwiese\u201c in der Gemarkung Fachbach mit dem Kurhaus \u201eLahntal\u201c. Enth\u00e4lt u. a.: Kolorierte Lagerskizze, 28,2 cm x 44,2 cm<\/td>\n<\/tr>\n<\/tbody>\n<\/table>\n<hr \/>\n<p><span style=\"font-size: small;\"><b>Letztes Update: Oktober 2016<\/b><\/span><br \/>\n<span style=\"font-size: small;\"><b>Ralph Jackmuth<\/b><\/span><\/p>\n","protected":false},"excerpt":{"rendered":"<p>HHStAW = Hessisches Hauptstaatsarchiv Wiesbaden LHAK = Landeshauptarchiv Koblenz Grundst\u00fccke, Grenzen a) Lagerb\u00fccher, Stockb\u00fccher, Kataster Zeitraum Umfang Standort Bem. 1693 1 Faszikel HHStAW Abt. 3\/3 Nr. f 1a Inventarium der frhrl. v. d. Leyen\u2019schen G\u00fcter zu Nievern 1701 1 Faszikel HHStAW Abt. 3\/3 Nr. f 3 Nieverner Kirchspiels Weingarten 1737 8 ungez\u00e4hlte geheftete Bll. LHAK &hellip; <a href=\"https:\/\/www.ahnenforschung-jackmuth.de\/?page_id=902\" class=\"more-link\"><span class=\"screen-reader-text\">\u201eArchivbestand Kirchspiel Nievern 7\u201c<\/span> weiterlesen<\/a><\/p>\n","protected":false},"author":1,"featured_media":0,"parent":0,"menu_order":0,"comment_status":"closed","ping_status":"closed","template":"","meta":{"footnotes":""},"class_list":["post-902","page","type-page","status-publish","hentry"],"_links":{"self":[{"href":"https:\/\/www.ahnenforschung-jackmuth.de\/index.php?rest_route=\/wp\/v2\/pages\/902","targetHints":{"allow":["GET"]}}],"collection":[{"href":"https:\/\/www.ahnenforschung-jackmuth.de\/index.php?rest_route=\/wp\/v2\/pages"}],"about":[{"href":"https:\/\/www.ahnenforschung-jackmuth.de\/index.php?rest_route=\/wp\/v2\/types\/page"}],"author":[{"embeddable":true,"href":"https:\/\/www.ahnenforschung-jackmuth.de\/index.php?rest_route=\/wp\/v2\/users\/1"}],"replies":[{"embeddable":true,"href":"https:\/\/www.ahnenforschung-jackmuth.de\/index.php?rest_route=%2Fwp%2Fv2%2Fcomments&post=902"}],"version-history":[{"count":0,"href":"https:\/\/www.ahnenforschung-jackmuth.de\/index.php?rest_route=\/wp\/v2\/pages\/902\/revisions"}],"wp:attachment":[{"href":"https:\/\/www.ahnenforschung-jackmuth.de\/index.php?rest_route=%2Fwp%2Fv2%2Fmedia&parent=902"}],"curies":[{"name":"wp","href":"https:\/\/api.w.org\/{rel}","templated":true}]}}