{"id":8941,"date":"2021-09-15T12:49:52","date_gmt":"2021-09-15T12:49:52","guid":{"rendered":"http:\/\/www.ahnenforschung-jackmuth.de\/?page_id=8941"},"modified":"2021-09-15T12:50:33","modified_gmt":"2021-09-15T12:50:33","slug":"ofb-spiess-sauer","status":"publish","type":"page","link":"https:\/\/www.ahnenforschung-jackmuth.de\/?page_id=8941","title":{"rendered":"OFB Spie\u00df &#8211; Sauer"},"content":{"rendered":"<p style=\"text-align: justify;\"><span style=\"font-family: times new roman, times, serif; font-size: 10pt;\"><span style=\"color: #ff0000;\"><strong><u>Sauer<\/u><\/strong><strong>, Matthias:<\/strong><\/span> Hofmann im <strong>Mainzer Haus<\/strong> (1774-1778), dann Hof H\u00f6hr bzw. Mausloch; * 09.09.1752 Hof H\u00f6hr (OFB Niederlahnstein, Nr. 3879); + 25.02.1821 Hof H\u00f6hr (OFB Niederlahnstein, Nr. 3883); Eltern: Peter Sauer, Hofmann auf H\u00f6hr, und Anna Sophia<\/span><\/p>\n<p style=\"text-align: justify;\"><span style=\"font-family: times new roman, times, serif; font-size: 10pt;\"><strong>oo I. 14.09.1773 Spie\u00df<\/strong> (Trauzeugen: <em>Petrus Saur, pater sponsi, et Ludovicus Bornig, pater sponsae, cum multis aliis<\/em>) mit <strong><u>Bornich<\/u>, Maria Elisabeth:<\/strong> * 24.02.1753 Spie\u00df (gt. 25.02.); + 20.03.1793 Hof H\u00f6hr, 40 Jahre alt (OFB Niederlahnstein, Nr. 3880) Eltern: Johann Ludwig Bornich, Hofmann auf dem Spie\u00df, und Maria Ursula geb. Zipp<\/span><\/p>\n<table style=\"width: 100%;\">\n<tbody>\n<tr>\n<td style=\"width: 5.35714%; text-align: center;\" width=\"24\"><span style=\"font-family: times new roman, times, serif; font-size: 10pt;\"><strong>Nr.<\/strong><\/span><\/td>\n<td style=\"width: 21.5476%;\" width=\"142\"><span style=\"font-family: times new roman, times, serif; font-size: 10pt;\"><strong>Vorname (normiert)<\/strong><\/span><\/td>\n<td style=\"width: 11.7857%; text-align: center;\" width=\"71\"><span style=\"font-family: times new roman, times, serif; font-size: 10pt;\"><strong>geboren<\/strong><\/span><\/td>\n<td style=\"width: 11.7857%; text-align: center;\" width=\"71\"><span style=\"font-family: times new roman, times, serif; font-size: 10pt;\"><strong>getauft<\/strong><\/span><\/td>\n<td style=\"width: 11.5476%; text-align: center;\" width=\"69\"><span style=\"font-family: times new roman, times, serif; font-size: 10pt;\"><strong>konfirmiert<\/strong><\/span><\/td>\n<td style=\"width: 11.4286%; text-align: center;\" width=\"68\"><span style=\"font-family: times new roman, times, serif; font-size: 10pt;\"><strong>gestorben<\/strong><\/span><\/td>\n<td style=\"width: 11.3095%; text-align: center;\" width=\"67\"><span style=\"font-family: times new roman, times, serif; font-size: 10pt;\"><strong>begraben<\/strong><\/span><\/td>\n<td style=\"width: 8.21429%; text-align: center;\" width=\"45\"><span style=\"font-family: times new roman, times, serif; font-size: 10pt;\"><strong>Alter<\/strong><\/span><\/td>\n<td style=\"width: 7.02381%; text-align: center;\" width=\"36\"><span style=\"font-family: times new roman, times, serif; font-size: 10pt;\"><strong>Stand<\/strong><\/span><\/td>\n<\/tr>\n<tr>\n<td style=\"width: 5.35714%; text-align: center;\" width=\"24\"><span style=\"font-family: times new roman, times, serif; font-size: 10pt;\">1<\/span><\/td>\n<td style=\"width: 21.5476%;\" width=\"142\"><span style=\"font-family: times new roman, times, serif; font-size: 10pt;\">Johannes<\/span><\/td>\n<td style=\"width: 11.7857%; text-align: center;\" width=\"71\"><span style=\"font-family: times new roman, times, serif; font-size: 10pt;\">10.11.1774<\/span><\/td>\n<td style=\"width: 11.7857%; text-align: center;\" width=\"71\"><span style=\"font-family: times new roman, times, serif; font-size: 10pt;\">11.11.1774<\/span><\/td>\n<td style=\"width: 11.5476%; text-align: center;\" width=\"69\"><\/td>\n<td style=\"width: 11.4286%; text-align: center;\" width=\"68\"><\/td>\n<td style=\"width: 11.3095%; text-align: center;\" width=\"67\"><\/td>\n<td style=\"width: 8.21429%; text-align: center;\" width=\"45\"><\/td>\n<td style=\"width: 7.02381%; text-align: center;\" width=\"36\"><span style=\"font-family: times new roman, times, serif; font-size: 10pt;\">verh.<\/span><\/td>\n<\/tr>\n<tr>\n<td style=\"width: 5.35714%; text-align: center;\" width=\"24\"><span style=\"font-family: times new roman, times, serif; font-size: 10pt;\">2<\/span><\/td>\n<td style=\"width: 21.5476%;\" width=\"142\"><span style=\"font-family: times new roman, times, serif; font-size: 10pt;\">Peter<\/span><\/td>\n<td style=\"width: 11.7857%; text-align: center;\" width=\"71\"><span style=\"font-family: times new roman, times, serif; font-size: 10pt;\">15.09.1776<\/span><\/td>\n<td style=\"width: 11.7857%; text-align: center;\" width=\"71\"><span style=\"font-family: times new roman, times, serif; font-size: 10pt;\">15.09.1776<\/span><\/td>\n<td style=\"width: 11.5476%; text-align: center;\" width=\"69\"><\/td>\n<td style=\"width: 11.4286%; text-align: center;\" width=\"68\"><span style=\"font-family: times new roman, times, serif; font-size: 10pt;\">23.01.1778<\/span><\/td>\n<td style=\"width: 11.3095%; text-align: center;\" width=\"67\"><span style=\"font-family: times new roman, times, serif; font-size: 10pt;\">25.01.1778<\/span><\/td>\n<td style=\"width: 8.21429%; text-align: center;\" width=\"45\"><span style=\"font-family: times new roman, times, serif; font-size: 10pt;\">1,36<\/span><\/td>\n<td style=\"width: 7.02381%; text-align: center;\" width=\"36\"><\/td>\n<\/tr>\n<tr>\n<td style=\"width: 5.35714%; text-align: center;\" width=\"24\"><span style=\"font-family: times new roman, times, serif; font-size: 10pt;\">3<\/span><\/td>\n<td style=\"width: 21.5476%;\" width=\"142\"><span style=\"font-family: times new roman, times, serif; font-size: 10pt;\">Peter Joseph<\/span><\/td>\n<td style=\"width: 11.7857%; text-align: center;\" width=\"71\"><span style=\"font-family: times new roman, times, serif; font-size: 10pt;\">12.06.1778<\/span><\/td>\n<td style=\"width: 11.7857%; text-align: center;\" width=\"71\"><span style=\"font-family: times new roman, times, serif; font-size: 10pt;\">13.06.1778<\/span><\/td>\n<td style=\"width: 11.5476%; text-align: center;\" width=\"69\"><\/td>\n<td style=\"width: 11.4286%; text-align: center;\" width=\"68\"><\/td>\n<td style=\"width: 11.3095%; text-align: center;\" width=\"67\"><\/td>\n<td style=\"width: 8.21429%; text-align: center;\" width=\"45\"><\/td>\n<td style=\"width: 7.02381%; text-align: center;\" width=\"36\"><\/td>\n<\/tr>\n<tr>\n<td style=\"width: 5.35714%; text-align: center;\" width=\"24\"><span style=\"font-family: times new roman, times, serif; font-size: 10pt;\">4<\/span><\/td>\n<td style=\"width: 21.5476%;\" width=\"142\"><span style=\"font-family: times new roman, times, serif; font-size: 10pt;\">Lukas<\/span><\/td>\n<td style=\"width: 11.7857%; text-align: center;\" width=\"71\"><span style=\"font-family: times new roman, times, serif; font-size: 10pt;\">27.12.1780<\/span><\/td>\n<td style=\"width: 11.7857%; text-align: center;\" width=\"71\"><\/td>\n<td style=\"width: 11.5476%; text-align: center;\" width=\"69\"><\/td>\n<td style=\"width: 11.4286%; text-align: center;\" width=\"68\"><\/td>\n<td style=\"width: 11.3095%; text-align: center;\" width=\"67\"><\/td>\n<td style=\"width: 8.21429%; text-align: center;\" width=\"45\"><\/td>\n<td style=\"width: 7.02381%; text-align: center;\" width=\"36\"><\/td>\n<\/tr>\n<tr>\n<td style=\"width: 5.35714%; text-align: center;\" width=\"24\"><span style=\"font-family: times new roman, times, serif; font-size: 10pt;\">5<\/span><\/td>\n<td style=\"width: 21.5476%;\" width=\"142\"><span style=\"font-family: times new roman, times, serif; font-size: 10pt;\">Elisabeth<\/span><\/td>\n<td style=\"width: 11.7857%; text-align: center;\" width=\"71\"><span style=\"font-family: times new roman, times, serif; font-size: 10pt;\">06.08.1784<\/span><\/td>\n<td style=\"width: 11.7857%; text-align: center;\" width=\"71\"><\/td>\n<td style=\"width: 11.5476%; text-align: center;\" width=\"69\"><\/td>\n<td style=\"width: 11.4286%; text-align: center;\" width=\"68\"><span style=\"font-family: times new roman, times, serif; font-size: 10pt;\">18.04.1809<\/span><\/td>\n<td style=\"width: 11.3095%; text-align: center;\" width=\"67\"><\/td>\n<td style=\"width: 8.21429%; text-align: center;\" width=\"45\"><span style=\"font-family: times new roman, times, serif; font-size: 10pt;\">24,71<\/span><\/td>\n<td style=\"width: 7.02381%; text-align: center;\" width=\"36\"><\/td>\n<\/tr>\n<tr>\n<td style=\"width: 5.35714%; text-align: center;\" width=\"24\"><span style=\"font-family: times new roman, times, serif; font-size: 10pt;\">6<\/span><\/td>\n<td style=\"width: 21.5476%;\" width=\"142\"><span style=\"font-family: times new roman, times, serif; font-size: 10pt;\">Johann Peter<\/span><\/td>\n<td style=\"width: 11.7857%; text-align: center;\" width=\"71\"><span style=\"font-family: times new roman, times, serif; font-size: 10pt;\">10.02.1787<\/span><\/td>\n<td style=\"width: 11.7857%; text-align: center;\" width=\"71\"><\/td>\n<td style=\"width: 11.5476%; text-align: center;\" width=\"69\"><\/td>\n<td style=\"width: 11.4286%; text-align: center;\" width=\"68\"><span style=\"font-family: times new roman, times, serif; font-size: 10pt;\">14.05.1788<\/span><\/td>\n<td style=\"width: 11.3095%; text-align: center;\" width=\"67\"><\/td>\n<td style=\"width: 8.21429%; text-align: center;\" width=\"45\"><span style=\"font-family: times new roman, times, serif; font-size: 10pt;\">1,26<\/span><\/td>\n<td style=\"width: 7.02381%; text-align: center;\" width=\"36\"><\/td>\n<\/tr>\n<tr>\n<td style=\"width: 5.35714%; text-align: center;\" width=\"24\"><span style=\"font-family: times new roman, times, serif; font-size: 10pt;\">7<\/span><\/td>\n<td style=\"width: 21.5476%;\" width=\"142\"><span style=\"font-family: times new roman, times, serif; font-size: 10pt;\">Margaretha<\/span><\/td>\n<td style=\"width: 11.7857%; text-align: center;\" width=\"71\"><span style=\"font-family: times new roman, times, serif; font-size: 10pt;\">15.12.1788<\/span><\/td>\n<td style=\"width: 11.7857%; text-align: center;\" width=\"71\"><span style=\"font-family: times new roman, times, serif; font-size: 10pt;\">16.12.1788<\/span><\/td>\n<td style=\"width: 11.5476%; text-align: center;\" width=\"69\"><\/td>\n<td style=\"width: 11.4286%; text-align: center;\" width=\"68\"><\/td>\n<td style=\"width: 11.3095%; text-align: center;\" width=\"67\"><\/td>\n<td style=\"width: 8.21429%; text-align: center;\" width=\"45\"><\/td>\n<td style=\"width: 7.02381%; text-align: center;\" width=\"36\"><span style=\"font-family: times new roman, times, serif; font-size: 10pt;\">verh.<\/span><\/td>\n<\/tr>\n<tr>\n<td style=\"width: 5.35714%; text-align: center;\" width=\"24\"><span style=\"font-family: times new roman, times, serif; font-size: 10pt;\">8<\/span><\/td>\n<td style=\"width: 21.5476%;\" width=\"142\"><span style=\"font-family: times new roman, times, serif; font-size: 10pt;\">Elisabeth<\/span><\/td>\n<td style=\"width: 11.7857%; text-align: center;\" width=\"71\"><span style=\"font-family: times new roman, times, serif; font-size: 10pt;\">12.12.1790<\/span><\/td>\n<td style=\"width: 11.7857%; text-align: center;\" width=\"71\"><\/td>\n<td style=\"width: 11.5476%; text-align: center;\" width=\"69\"><\/td>\n<td style=\"width: 11.4286%; text-align: center;\" width=\"68\"><\/td>\n<td style=\"width: 11.3095%; text-align: center;\" width=\"67\"><\/td>\n<td style=\"width: 8.21429%; text-align: center;\" width=\"45\"><\/td>\n<td style=\"width: 7.02381%; text-align: center;\" width=\"36\"><span style=\"font-family: times new roman, times, serif; font-size: 10pt;\">verh.<\/span><\/td>\n<\/tr>\n<tr>\n<td style=\"width: 5.35714%; text-align: center;\" width=\"24\"><span style=\"font-family: times new roman, times, serif; font-size: 10pt;\">9<\/span><\/td>\n<td style=\"width: 21.5476%;\" width=\"142\"><span style=\"font-family: times new roman, times, serif; font-size: 10pt;\">Anna Maria<\/span><\/td>\n<td style=\"width: 11.7857%; text-align: center;\" width=\"71\"><span style=\"font-family: times new roman, times, serif; font-size: 10pt;\">29.12.1792<\/span><\/td>\n<td style=\"width: 11.7857%; text-align: center;\" width=\"71\"><\/td>\n<td style=\"width: 11.5476%; text-align: center;\" width=\"69\"><\/td>\n<td style=\"width: 11.4286%; text-align: center;\" width=\"68\"><span style=\"font-family: times new roman, times, serif; font-size: 10pt;\">04.01.1793<\/span><\/td>\n<td style=\"width: 11.3095%; text-align: center;\" width=\"67\"><\/td>\n<td style=\"width: 8.21429%; text-align: center;\" width=\"45\"><span style=\"font-family: times new roman, times, serif; font-size: 10pt;\">0,02<\/span><\/td>\n<td style=\"width: 7.02381%; text-align: center;\" width=\"36\"><\/td>\n<\/tr>\n<\/tbody>\n<\/table>\n<p style=\"text-align: justify;\"><span style=\"font-family: times new roman, times, serif; font-size: 10pt;\">Kind Nr. 1) * Mainzer Haus; oo 03.08.1800 Niederlahnstein mit Maria Lucia, Tochter des Matthias Seibold aus Treis (Treis-Karden, Lkr. Cochem-Zell)<br \/>\n<\/span><span style=\"font-family: times new roman, times, serif; font-size: 10pt;\">Kind Nr. 4) * Hof H\u00f6hr (OFB Nievern, Nr. 1522; OFB Niederlahnstein, Nr. 3880)<br \/>\n<\/span><span style=\"font-family: times new roman, times, serif; font-size: 10pt;\">Kind Nr. 5), 6) und 9) * und + Hof H\u00f6hr (OFB Niederlahnstein, Nr. 3880)<br \/>\n<\/span><span style=\"font-family: times new roman, times, serif; font-size: 10pt;\">Kind Nr. 7) hat zun\u00e4chst illeg. Kind Georg Peter * 28.01.1811, Vater: Johann Adam \u2026 aus Nievern, den sie oo 20.10.1811 (OFB Niederlahnstein, Nr. 3885, und OFB Nievern, Nr. 1525)<br \/>\n<\/span><span style=\"font-family: times new roman, times, serif; font-size: 10pt;\">Kind Nr. 8) * Hof H\u00f6hr (OFB Niederlahnstein, Nr. 3880); oo 08.01.1824 Niederlahnstein (OFB Niederlahnstein, Nr. 5107) mit Balthasar Weimbach, Schiffsknecht aus Niederlahnstein (oo II. 10.01.1832 Niederlahnstein (OFB Niederlahnstein, Nr. 5110) mit Anna Maria Henkler aus Fachbach)<\/span><\/p>\n<p style=\"text-align: justify;\"><span style=\"font-family: times new roman, times, serif; font-size: 10pt;\"><strong>Paten:<\/strong> <strong>zu 1) <\/strong><em>Joannes Saur et Margretha Bornig, adolescentes <\/em><strong><em>\u2014 <\/em><\/strong><strong>zu 2) <\/strong><em>Petrus Saur ex vulgo Mausloch et Ursula Borni<\/em><em>g ex Spies <\/em><strong><em>\u2014 <\/em><\/strong><strong>zu 3) <\/strong><em>Petrus Josephus Burckard, adolescens ex villa H\u00f6hr et Elisabetha Janatsch, adolescens ex Fachbach <\/em><strong><em>\u2014 <\/em><\/strong><strong>zu 4) <\/strong>Lukas Fisch aus Fachbach; Anna Maria, Ehefrau des Anton Faust aus Fachbach <strong><em>\u2014 <\/em><\/strong><strong>zu 5) <\/strong>Anna Elisabeth, Tochter des verst. Peter Saur; Johann David Klein vom Hof <em>Hehr<\/em> <strong><em>\u2014 <\/em><\/strong><strong>zu 6) <\/strong>Johann Peter Knopp aus Fachbach; Elisabeth, Ehefrau des Johannes Saur vom Hof <em>Hehr<\/em> <strong><em>\u2014 <\/em><\/strong><strong>zu 7) <\/strong>Margaretha Bornig; Johannes Sauer vom Hof Mausloch <strong><em>\u2014 <\/em><\/strong><strong>zu 8) <\/strong>Elisabeth, Tochter des Johannes Fischer vom Hof M\u00fcllenbach; Johannes, Sohn des verst. Ludwig Bornich aus Spie\u00df <strong><em>\u2014 <\/em><\/strong><strong>zu 9) <\/strong>Anna Maria, Ehefrau des Peter Knopp aus Fachbach; Peter Fisch aus Fachbach<\/span><\/p>\n<p style=\"text-align: justify;\"><span style=\"font-family: times new roman, times, serif; font-size: 10pt;\"><strong>oo II. (wohl Pfarrei Augst)<\/strong> mit <strong><u>Schmidt<\/u>, Anna:<\/strong> * 10.10.1770 Eitelborn; + 31.08.1820 Hof H\u00f6hr; Eltern: Thomas Schmidt und Elisabeth Zerwas in Eitelborn (OFB Niederlahnstein, Nr. 3883)<\/span><\/p>\n<p><span style=\"font-family: times new roman, times, serif; font-size: 10pt;\">Kinder siehe OFB Niederlahnstein, Nr. 3883 bzw. OFB Nievern, Nr. 1523<\/span><\/p>\n<hr \/>\n<p><span style=\"font-family: times new roman, times, serif; font-size: 10pt;\"><span style=\"color: #ff0000;\"><strong><u>Sauer<\/u><\/strong><strong>, Johannes: <\/strong><\/span>+ 08.05.1813 Immendorf (OFB Arenberg, S. 142)<\/span><\/p>\n<p style=\"text-align: justify;\"><span style=\"font-family: times new roman, times, serif; font-size: 10pt;\"><strong>oo 19.01.1779 Arenberg<\/strong> (die Trauzeugen sind nach KB Spie\u00df in Arenberg zu suchen) mit <strong><u>Kalter<\/u>, Maria:<\/strong> ist aufgrund ihres Dienstes Pfarrkind in Spie\u00df und von dort dimittiert (<em>ex famulatu parochiana mea dimissa hinc<\/em>); * 31.01.1750 Immendorf (OFB Arenberg, S. 68); + 31.07.1809 Immendorf (OFB Arenberg, S. 142); Eltern: Matthias Kalter und Barbara Pfaffenhausen<\/span><\/p>\n<p><span style=\"font-family: times new roman, times, serif; font-size: 10pt;\">Kinder siehe OFB Arenberg, S. 142<\/span><\/p>\n<hr \/>\n<p><span style=\"font-size: 10pt; font-family: times new roman, times, serif;\"><b>Letztes Update: 15. September 2021<\/b><\/span><br \/>\n<span style=\"font-size: 10pt; font-family: times new roman, times, serif;\"><b>Ralph Jackmuth<\/b><\/span><\/p>\n","protected":false},"excerpt":{"rendered":"<p>Sauer, Matthias: Hofmann im Mainzer Haus (1774-1778), dann Hof H\u00f6hr bzw. Mausloch; * 09.09.1752 Hof H\u00f6hr (OFB Niederlahnstein, Nr. 3879); + 25.02.1821 Hof H\u00f6hr (OFB Niederlahnstein, Nr. 3883); Eltern: Peter Sauer, Hofmann auf H\u00f6hr, und Anna Sophia oo I. 14.09.1773 Spie\u00df (Trauzeugen: Petrus Saur, pater sponsi, et Ludovicus Bornig, pater sponsae, cum multis aliis) mit &hellip; <a href=\"https:\/\/www.ahnenforschung-jackmuth.de\/?page_id=8941\" class=\"more-link\"><span class=\"screen-reader-text\">\u201eOFB Spie\u00df &#8211; Sauer\u201c<\/span> weiterlesen<\/a><\/p>\n","protected":false},"author":1,"featured_media":0,"parent":0,"menu_order":0,"comment_status":"closed","ping_status":"closed","template":"","meta":{"footnotes":""},"class_list":["post-8941","page","type-page","status-publish","hentry"],"_links":{"self":[{"href":"https:\/\/www.ahnenforschung-jackmuth.de\/index.php?rest_route=\/wp\/v2\/pages\/8941","targetHints":{"allow":["GET"]}}],"collection":[{"href":"https:\/\/www.ahnenforschung-jackmuth.de\/index.php?rest_route=\/wp\/v2\/pages"}],"about":[{"href":"https:\/\/www.ahnenforschung-jackmuth.de\/index.php?rest_route=\/wp\/v2\/types\/page"}],"author":[{"embeddable":true,"href":"https:\/\/www.ahnenforschung-jackmuth.de\/index.php?rest_route=\/wp\/v2\/users\/1"}],"replies":[{"embeddable":true,"href":"https:\/\/www.ahnenforschung-jackmuth.de\/index.php?rest_route=%2Fwp%2Fv2%2Fcomments&post=8941"}],"version-history":[{"count":0,"href":"https:\/\/www.ahnenforschung-jackmuth.de\/index.php?rest_route=\/wp\/v2\/pages\/8941\/revisions"}],"wp:attachment":[{"href":"https:\/\/www.ahnenforschung-jackmuth.de\/index.php?rest_route=%2Fwp%2Fv2%2Fmedia&parent=8941"}],"curies":[{"name":"wp","href":"https:\/\/api.w.org\/{rel}","templated":true}]}}