{"id":751,"date":"2016-10-11T20:07:32","date_gmt":"2016-10-11T20:07:32","guid":{"rendered":"http:\/\/www.ahnenforschung-jackmuth.de\/?page_id=751"},"modified":"2016-10-16T15:38:07","modified_gmt":"2016-10-16T15:38:07","slug":"archivbestand-kirchspiel-nievern-6","status":"publish","type":"page","link":"https:\/\/www.ahnenforschung-jackmuth.de\/?page_id=751","title":{"rendered":"Archivbestand Kirchspiel Nievern 6"},"content":{"rendered":"<p>HHStAW = Hessisches Hauptstaatsarchiv Wiesbaden<br \/>\nLHAK = Landeshauptarchiv Koblenz<\/p>\n<hr \/>\n<h3><strong>Verpachtungen von Grundst\u00fccken, Geb\u00e4uden, Rechten<\/strong><\/h3>\n<table width=\"100%\">\n<tbody>\n<tr>\n<td style=\"text-align: center;\" width=\"12%\"><strong>Zeitraum <\/strong><\/td>\n<td style=\"text-align: center;\" width=\"20%\"><strong>Umfang <\/strong><\/td>\n<td style=\"text-align: center;\" width=\"18%\"><strong>Standort <\/strong><\/td>\n<td width=\"50%\"><strong>Betreff <\/strong><\/td>\n<\/tr>\n<tr>\n<td style=\"text-align: center;\" width=\"12%\">1690-1787<\/td>\n<td width=\"20%\"><\/td>\n<td style=\"text-align: center;\" width=\"18%\">LHAK Best. 48 Nr. 2308<\/td>\n<td width=\"50%\">Verpachtung des H\u00fchnerberger Hofes bei Nievern<\/td>\n<\/tr>\n<tr>\n<td style=\"text-align: center;\" width=\"12%\">1693-1845<\/td>\n<td width=\"20%\"><\/td>\n<td style=\"text-align: center;\" width=\"18%\">LHAK Best. 48 Nr. 3766<\/td>\n<td style=\"text-align: justify;\" width=\"50%\">Verpachtung des Forsthauses und des Hofes auf dem Molpertskopf bei Nievern<\/td>\n<\/tr>\n<tr>\n<td style=\"text-align: center;\" width=\"12%\">1697-1698<\/td>\n<td width=\"20%\"><\/td>\n<td style=\"text-align: center;\" width=\"18%\">LHAK Best. 48 Nr. 3753<\/td>\n<td style=\"text-align: justify;\" width=\"50%\">Betreibung einer Branntweinbrennerei in Fachbach<\/td>\n<\/tr>\n<tr>\n<td style=\"text-align: center;\" width=\"12%\">1707<\/td>\n<td width=\"20%\"><\/td>\n<td style=\"text-align: center;\" width=\"18%\">LHACK Best. 48 Nr. 2308<\/td>\n<td width=\"50%\">Verpachtung des H\u00fchnerberger Hofes bei Nievern<\/td>\n<\/tr>\n<tr>\n<td style=\"text-align: center;\" width=\"12%\">1724-1725<\/td>\n<td width=\"20%\"><\/td>\n<td style=\"text-align: center;\" width=\"18%\">LHAK Best. 48 Nr. 2243<\/td>\n<td style=\"text-align: justify;\" width=\"50%\">Ankauf von Weing\u00e4rten in Fachbach in benachbarten Lagen durch die Hofleute Strudt aus Niederlahnstein<\/td>\n<\/tr>\n<tr>\n<td style=\"text-align: center;\" width=\"12%\">1726<\/td>\n<td width=\"20%\"><\/td>\n<td style=\"text-align: center;\" width=\"18%\">LHAK Best. 48 Nr. 2242<\/td>\n<td width=\"50%\">Verpachtung des Hofes \u201eStrudt\u201c in Fachbach<\/td>\n<\/tr>\n<tr>\n<td style=\"text-align: center;\" width=\"12%\">1737-1759<\/td>\n<td width=\"20%\"><\/td>\n<td style=\"text-align: center;\" width=\"18%\">LHAK Best. 48 Nr. 2337<\/td>\n<td style=\"text-align: justify;\" width=\"50%\">Verpachtung des \u201eLinnenbacher\u201c oder \u201eMolpertskopfer\u201c Hofes bei Nievern<\/td>\n<\/tr>\n<tr>\n<td style=\"text-align: center;\" width=\"12%\">1739-1777<\/td>\n<td width=\"20%\"><\/td>\n<td style=\"text-align: center;\" width=\"18%\">LHAKC Best. 48 Nr. 2312<\/td>\n<td style=\"text-align: justify;\" width=\"50%\">Verpachtung der L\u00e4ndereien \u201eAuf der Struth\u201c in Fachbach<\/td>\n<\/tr>\n<tr>\n<td style=\"text-align: center;\" width=\"12%\">1771<\/td>\n<td width=\"20%\"><\/td>\n<td style=\"text-align: center;\" width=\"18%\">LHAK Best. 48 Nr. 2358<\/td>\n<td style=\"text-align: justify;\" width=\"50%\">Verpachtung der Fischereirechte in der Lahn bei Nievern<\/td>\n<\/tr>\n<tr>\n<td style=\"text-align: center;\" width=\"12%\">1778<\/td>\n<td width=\"20%\"><\/td>\n<td style=\"text-align: center;\" width=\"18%\">LHAK Best. 48 Nr. 2844<\/td>\n<td style=\"text-align: justify;\" width=\"50%\">Verpachtung des Junkerhofes in Fachbach an Simon und Leonard und Bernd Johann aus Nievern<\/td>\n<\/tr>\n<tr>\n<td style=\"text-align: center;\" width=\"12%\">1792<\/td>\n<td width=\"20%\"><\/td>\n<td style=\"text-align: center;\" width=\"18%\">LHAK Best. 48 Nr. 2325<\/td>\n<td style=\"text-align: justify;\" width=\"50%\">Versteigerung des Junker- und Brauhauses in Fachbach<\/td>\n<\/tr>\n<tr>\n<td style=\"text-align: center;\" width=\"12%\">1800-1824<\/td>\n<td width=\"20%\"><\/td>\n<td style=\"text-align: center;\" width=\"18%\">LHAK Best. 48 Nr. 3818<\/td>\n<td style=\"text-align: justify;\" width=\"50%\">Erteilung einer Genehmigung zur Schafweide im Wald auf dem M\u00fchlberg an den H\u00fchnerberger Hofp\u00e4chter<\/td>\n<\/tr>\n<tr>\n<td style=\"text-align: center;\" width=\"12%\">1802<\/td>\n<td style=\"text-align: center;\" width=\"20%\">1 Faszikel<\/td>\n<td style=\"text-align: center;\" width=\"18%\">HHStAW Abt. 3\/3 Nr. d 1<\/td>\n<td style=\"text-align: justify;\" width=\"50%\">Joh. N\u00f6rdersh\u00e4user auf dem H\u00fchnerberger Hof contra Vorsteher Lohner zu Nievern betr. Weiderecht<\/td>\n<\/tr>\n<tr>\n<td style=\"text-align: center;\" width=\"12%\">1810-1842<\/td>\n<td width=\"20%\"><\/td>\n<td style=\"text-align: center;\" width=\"18%\">LHAK Best. 48 Nr 3909<\/td>\n<td style=\"text-align: justify;\" width=\"50%\">Verwaltung der Kellerei Koblenz und der Rentei Nievern. Enth\u00e4lt u. a. Verpachtungen, Besitzrechte am \u201eSchillingsw\u00e4ldchen\u201c<\/td>\n<\/tr>\n<tr>\n<td style=\"text-align: center;\" width=\"12%\">1821-1846<\/td>\n<td width=\"20%\"><\/td>\n<td style=\"text-align: center;\" width=\"18%\">LHAK Best. 48 Nr. 3821<\/td>\n<td style=\"text-align: justify;\" width=\"50%\">Verwaltung der Kellereien Nievern und Limburg. Enth\u00e4lt u. a.: Verpachtung von Grundst\u00fccken; Verpachtung der Herrenwiese bei Fachbach<\/td>\n<\/tr>\n<tr>\n<td style=\"text-align: center;\" width=\"12%\">1821-1839<\/td>\n<td width=\"20%\"><\/td>\n<td style=\"text-align: center;\" width=\"18%\">LHAK Best. 48 Nr. 2240<\/td>\n<td style=\"text-align: justify;\" width=\"50%\">Verpachtungen von Liegenschaften in den Kellereien Limburg und Nievern<\/td>\n<\/tr>\n<tr>\n<td style=\"text-align: center;\" width=\"12%\">1822-1824<\/td>\n<td width=\"20%\"><\/td>\n<td style=\"text-align: center;\" width=\"18%\">LHAK Best. 48 Nr. 3819<\/td>\n<td style=\"text-align: justify;\" width=\"50%\">Verpachtung des Junkerhofes bei Fachbach an Peter Grisar aus Nievern<\/td>\n<\/tr>\n<tr>\n<td style=\"text-align: center;\" width=\"12%\">1823<\/td>\n<td width=\"20%\"><\/td>\n<td style=\"text-align: center;\" width=\"18%\">LHAK Best. 48 Nr. 3502<\/td>\n<td style=\"text-align: justify;\" width=\"50%\">Verpachtung der Mineralwasserquelle am Baurenberg in der Herrschaft Nievern an Herrn Gerdolle in Koblenz<\/td>\n<\/tr>\n<tr>\n<td style=\"text-align: center;\" width=\"12%\">1841-1848<\/td>\n<td width=\"20%\"><\/td>\n<td style=\"text-align: center;\" width=\"18%\">LHAK Best. 48 Nr. 3823<\/td>\n<td style=\"text-align: justify;\" width=\"50%\">Verpachtung des H\u00fchnerberger Hofes bei Nievern und Durchf\u00fchrung von Bauarbeiten an den Hofgeb\u00e4uden<\/td>\n<\/tr>\n<tr>\n<td style=\"text-align: center;\" width=\"12%\">1844<\/td>\n<td width=\"20%\"><\/td>\n<td style=\"text-align: center;\" width=\"18%\">LHAK Best. 48 Nr. 4017<\/td>\n<td style=\"text-align: justify;\" width=\"50%\">Verpachtung von Grundst\u00fccken in der Herrschaft Nievern<\/td>\n<\/tr>\n<tr>\n<td width=\"12%\"><\/td>\n<td width=\"20%\"><\/td>\n<td style=\"text-align: center;\" width=\"18%\">LHAK Best. 48 Nr. 2225<\/td>\n<td style=\"text-align: justify;\" width=\"50%\">Verpachtung des \u201eJunkerhofes\u201c in Fachbach, Verpachtung des \u201eH\u00fchnerbergerhofes\u201c (bei Nievern)<\/td>\n<\/tr>\n<\/tbody>\n<\/table>\n<hr \/>\n<p><span style=\"font-size: small;\"><b>Letztes Update: Oktober 2016<\/b><\/span><br \/>\n<span style=\"font-size: small;\"><b>Ralph Jackmuth<\/b><\/span><\/p>\n","protected":false},"excerpt":{"rendered":"<p>HHStAW = Hessisches Hauptstaatsarchiv Wiesbaden LHAK = Landeshauptarchiv Koblenz Verpachtungen von Grundst\u00fccken, Geb\u00e4uden, Rechten Zeitraum Umfang Standort Betreff 1690-1787 LHAK Best. 48 Nr. 2308 Verpachtung des H\u00fchnerberger Hofes bei Nievern 1693-1845 LHAK Best. 48 Nr. 3766 Verpachtung des Forsthauses und des Hofes auf dem Molpertskopf bei Nievern 1697-1698 LHAK Best. 48 Nr. 3753 Betreibung einer &hellip; <a href=\"https:\/\/www.ahnenforschung-jackmuth.de\/?page_id=751\" class=\"more-link\"><span class=\"screen-reader-text\">\u201eArchivbestand Kirchspiel Nievern 6\u201c<\/span> weiterlesen<\/a><\/p>\n","protected":false},"author":1,"featured_media":0,"parent":0,"menu_order":0,"comment_status":"closed","ping_status":"closed","template":"","meta":{"footnotes":""},"class_list":["post-751","page","type-page","status-publish","hentry"],"_links":{"self":[{"href":"https:\/\/www.ahnenforschung-jackmuth.de\/index.php?rest_route=\/wp\/v2\/pages\/751","targetHints":{"allow":["GET"]}}],"collection":[{"href":"https:\/\/www.ahnenforschung-jackmuth.de\/index.php?rest_route=\/wp\/v2\/pages"}],"about":[{"href":"https:\/\/www.ahnenforschung-jackmuth.de\/index.php?rest_route=\/wp\/v2\/types\/page"}],"author":[{"embeddable":true,"href":"https:\/\/www.ahnenforschung-jackmuth.de\/index.php?rest_route=\/wp\/v2\/users\/1"}],"replies":[{"embeddable":true,"href":"https:\/\/www.ahnenforschung-jackmuth.de\/index.php?rest_route=%2Fwp%2Fv2%2Fcomments&post=751"}],"version-history":[{"count":0,"href":"https:\/\/www.ahnenforschung-jackmuth.de\/index.php?rest_route=\/wp\/v2\/pages\/751\/revisions"}],"wp:attachment":[{"href":"https:\/\/www.ahnenforschung-jackmuth.de\/index.php?rest_route=%2Fwp%2Fv2%2Fmedia&parent=751"}],"curies":[{"name":"wp","href":"https:\/\/api.w.org\/{rel}","templated":true}]}}