{"id":561,"date":"2016-10-10T10:59:51","date_gmt":"2016-10-10T10:59:51","guid":{"rendered":"http:\/\/www.ahnenforschung-jackmuth.de\/?page_id=561"},"modified":"2016-10-16T15:40:21","modified_gmt":"2016-10-16T15:40:21","slug":"auster-jackmuth","status":"publish","type":"page","link":"https:\/\/www.ahnenforschung-jackmuth.de\/?page_id=561","title":{"rendered":"Auster &#038; Jackmuth"},"content":{"rendered":"<p>OFB Nievern Nr. 69<\/p>\n<table border=\"0\" width=\"100%\" cellspacing=\"0\" cellpadding=\"4\">\n<tbody>\n<tr valign=\"TOP\">\n<td style=\"text-align: justify;\" width=\"50%\">\n<p style=\"text-align: justify;\"><strong>Johann Auster<br \/>\n<\/strong>H\u00fcttenarbeiter und Tagel\u00f6hner<strong><strong><br \/>\n<\/strong><\/strong><strong>* 05.03.1807 Fachbach<br \/>\n<\/strong><strong>+ 14.09.1852 <\/strong>[im OFB: 17.09.1852]<strong> Koblenz <\/strong>(im Hospital)<\/p>\n<p><strong>Eltern:<\/strong> Johann Auster, Tagel\u00f6hner (* 22.10.1781 Fachbach, + 09.04.1833 Fachbach) oo 16.06.1806 Nievern mit Gertrud <em>Kons\/Kontz\/Kuntz<\/em> (* 20.09.1774 Miellen, + 28.07.1848 Fachbach), s. OFB Nievern Nr. 63<\/td>\n<td width=\"50%\"><strong><strong>Anna (Maria) Jackmuth<br \/>\n<\/strong><\/strong><strong>* 05.06.1810 Nievern<br \/>\n<\/strong><strong>+ 14.12.1877 Fachbach<\/strong><\/p>\n<p style=\"text-align: justify;\"><strong>Eltern:<\/strong> <a href=\"http:\/\/www.ahnenforschung-jackmuth.de\/?page_id=209\">s. Fam. Nr. 7<\/a><\/p>\n<\/td>\n<\/tr>\n<\/tbody>\n<\/table>\n<p><strong>oo 26.06.1836 Nievern <\/strong>(Trauzeugen: Franz Dommermuth und Franz Billig von Fachbach)<\/p>\n<table border=\"0\" width=\"100%\" cellspacing=\"0\" cellpadding=\"4\">\n<tbody>\n<tr valign=\"TOP\">\n<td width=\"7%\">1)<\/td>\n<td width=\"20%\">N. N.<\/td>\n<td width=\"30%\">* 26.05.1837 02:00 Fachbach<\/td>\n<td width=\"43%\">+ 26.05.1837 02:30 Fachbach<\/td>\n<\/tr>\n<tr valign=\"TOP\">\n<td width=\"7%\">2)<\/td>\n<td width=\"20%\">Peter Johann<\/td>\n<td width=\"30%\">* 15.10.1838 Fachbach<\/td>\n<td style=\"text-align: justify;\" width=\"43%\"><\/td>\n<\/tr>\n<tr valign=\"TOP\">\n<td width=\"7%\">3)<\/td>\n<td width=\"20%\">Katharina<\/td>\n<td width=\"30%\">* 12.07.1841 Fachbach<\/td>\n<td style=\"text-align: justify;\" width=\"43%\">+ 31.08.1874 Fachbach<br \/>\noo 27.01.1864 Nievern mit Michael Joseph Didinger, Kutscher in Ems (* 06.11.1833 Osterspai), s. OFB Nievern Nr. 413<\/td>\n<\/tr>\n<tr valign=\"TOP\">\n<td width=\"7%\">4)<\/td>\n<td width=\"20%\">Johann Josef<\/td>\n<td width=\"30%\">* 31.07.1844 Fachbach<\/td>\n<td width=\"43%\">+ 06.11.1845 Fachbach<\/td>\n<\/tr>\n<\/tbody>\n<\/table>\n<p><strong>Paten<\/strong><\/p>\n<p>zu 1) keine<br \/>\nzu 2) <em>Peter Auster und Elisabetha M\u00fcnnig von Fachbach<\/em><br \/>\nzu 3) <em>Katharina Massenkeil von Fachbach und Johann Auster von Nievern<\/em><br \/>\nzu 4) <em>Johann Joseph Jackmuth von Arzheim u. Katharina Berndt v. Nievern<\/em><\/p>\n<hr \/>\n<p><span style=\"font-size: small;\"><b>Letztes Update: Oktober 2016<\/b><\/span><br \/>\n<span style=\"font-size: small;\"><b>Ralph Jackmuth<\/b><\/span><\/p>\n","protected":false},"excerpt":{"rendered":"<p>OFB Nievern Nr. 69 Johann Auster H\u00fcttenarbeiter und Tagel\u00f6hner * 05.03.1807 Fachbach + 14.09.1852 [im OFB: 17.09.1852] Koblenz (im Hospital) Eltern: Johann Auster, Tagel\u00f6hner (* 22.10.1781 Fachbach, + 09.04.1833 Fachbach) oo 16.06.1806 Nievern mit Gertrud Kons\/Kontz\/Kuntz (* 20.09.1774 Miellen, + 28.07.1848 Fachbach), s. OFB Nievern Nr. 63 Anna (Maria) Jackmuth * 05.06.1810 Nievern + 14.12.1877 &hellip; <a href=\"https:\/\/www.ahnenforschung-jackmuth.de\/?page_id=561\" class=\"more-link\"><span class=\"screen-reader-text\">\u201eAuster &#038; Jackmuth\u201c<\/span> weiterlesen<\/a><\/p>\n","protected":false},"author":1,"featured_media":0,"parent":0,"menu_order":0,"comment_status":"closed","ping_status":"closed","template":"","meta":{"footnotes":""},"class_list":["post-561","page","type-page","status-publish","hentry"],"_links":{"self":[{"href":"https:\/\/www.ahnenforschung-jackmuth.de\/index.php?rest_route=\/wp\/v2\/pages\/561","targetHints":{"allow":["GET"]}}],"collection":[{"href":"https:\/\/www.ahnenforschung-jackmuth.de\/index.php?rest_route=\/wp\/v2\/pages"}],"about":[{"href":"https:\/\/www.ahnenforschung-jackmuth.de\/index.php?rest_route=\/wp\/v2\/types\/page"}],"author":[{"embeddable":true,"href":"https:\/\/www.ahnenforschung-jackmuth.de\/index.php?rest_route=\/wp\/v2\/users\/1"}],"replies":[{"embeddable":true,"href":"https:\/\/www.ahnenforschung-jackmuth.de\/index.php?rest_route=%2Fwp%2Fv2%2Fcomments&post=561"}],"version-history":[{"count":0,"href":"https:\/\/www.ahnenforschung-jackmuth.de\/index.php?rest_route=\/wp\/v2\/pages\/561\/revisions"}],"wp:attachment":[{"href":"https:\/\/www.ahnenforschung-jackmuth.de\/index.php?rest_route=%2Fwp%2Fv2%2Fmedia&parent=561"}],"curies":[{"name":"wp","href":"https:\/\/api.w.org\/{rel}","templated":true}]}}