{"id":4790,"date":"2020-08-22T07:47:27","date_gmt":"2020-08-22T07:47:27","guid":{"rendered":"http:\/\/www.ahnenforschung-jackmuth.de\/?page_id=4790"},"modified":"2023-07-19T11:47:07","modified_gmt":"2023-07-19T11:47:07","slug":"ofb-fruecht-1707-1817-pfeiffer","status":"publish","type":"page","link":"https:\/\/www.ahnenforschung-jackmuth.de\/?page_id=4790","title":{"rendered":"OFB Fr\u00fccht 1707-1817 &#8211; Pfeiffer"},"content":{"rendered":"<p style=\"text-align: justify;\"><span style=\"font-family: times new roman, times, serif; font-size: 10pt;\"><span style=\"color: #ff0000;\"><strong><u>Pfeiffer<\/u><\/strong><strong>, Johann Henrich:<\/strong> <\/span>1777-1814 Pfarrer in Fr\u00fccht (Pfarrerliste von H. Gensicke in Frese\/Schaback: Fr\u00fccht, S. 59); * 20.11.1748 St. Goarshausen (gt. 22.11., Paten: <em>der wohlehrw[\u00fcr]d[ige] H[err] Jo. Henrich Zinn, wohlverordneter Pf[a]rr[er] zu Weier u. Eschbach; H[err] Henrich Wilhelm Birckenhauer, studiosus theologiae Hall.<\/em>) (St. Goarshausen, KB 2, S. 70, Bild 42 auf archion.de); + 18.02.1814 Fr\u00fccht, 67 Jahre alt; Eltern: Johann Christian Pfeiffer (Pfarrer in Bornich 11.05.1749 \u2013 1785, 1744-1749 Pfarrer in St. Goarshausen, vorher Adjunkt in Laufenselden; + 09.05.1785 Bornich (bg. 12.05.) (Bornich, KB 2, Bild 252 auf archion.de)) und Maria Elisabeth Dorothea geb. Birkenhauer<\/span><\/p>\n<p style=\"text-align: justify;\"><span style=\"font-family: times new roman, times, serif; font-size: 10pt;\"><strong>oo I. 01.12.1779 Braubach<\/strong> mit <strong><u>St\u00f6ckicht<\/u>, Johanna Maria Floriana:<\/strong> + 08.03.1786 09:00 Fr\u00fccht an einem zehrenden Fieber (bg. 10.03.), 52 Jahre, 5 Monate, 2 Wochen und 5 Tage alt; Tochter des Johann Konrad St\u00f6ckicht, H\u00fctten- und Berginspektor in Braubach (+ xx.05.1801 Braubach, 77 Jahre und 3 Monate alt; oo mit Johannetta Katharina Dorothea geb. Linck, + 14.03.1792 Braubach, 66 Jahre alt); ihr Bruder Heinrich Friedrich St\u00f6ckicht (* 15.06.1771 Braubach) konf. 24.03.1785 Fr\u00fccht<\/span><\/p>\n<table>\n<tbody>\n<tr>\n<td style=\"text-align: center;\" width=\"30\"><span style=\"font-family: times new roman, times, serif; font-size: 10pt;\"><strong>Nr.<\/strong><\/span><\/td>\n<td width=\"170\"><span style=\"font-family: times new roman, times, serif; font-size: 10pt;\"><strong>Vorname (normiert)<\/strong><\/span><\/td>\n<td style=\"text-align: center;\" width=\"62\"><span style=\"font-family: times new roman, times, serif; font-size: 10pt;\"><strong>*<\/strong><\/span><\/td>\n<td style=\"text-align: center;\" width=\"67\"><span style=\"font-family: times new roman, times, serif; font-size: 10pt;\"><strong>gt.<\/strong><\/span><\/td>\n<td style=\"text-align: center;\" width=\"71\"><span style=\"font-family: times new roman, times, serif; font-size: 10pt;\"><strong>konf.<\/strong><\/span><\/td>\n<td style=\"text-align: center;\" width=\"62\"><span style=\"font-family: times new roman, times, serif; font-size: 10pt;\"><strong>+<\/strong><\/span><\/td>\n<td style=\"text-align: center;\" width=\"63\"><span style=\"font-family: times new roman, times, serif; font-size: 10pt;\"><strong>bg.<\/strong><\/span><\/td>\n<td style=\"text-align: center;\" width=\"39\"><span style=\"font-family: times new roman, times, serif; font-size: 10pt;\"><strong>Alter<\/strong><\/span><\/td>\n<td style=\"text-align: center;\" width=\"41\"><span style=\"font-family: times new roman, times, serif; font-size: 10pt;\"><strong>Stand<\/strong><\/span><\/td>\n<\/tr>\n<tr>\n<td style=\"text-align: center;\" width=\"30\"><span style=\"font-family: times new roman, times, serif; font-size: 10pt;\">1<\/span><\/td>\n<td width=\"170\"><span style=\"font-family: times new roman, times, serif; font-size: 10pt;\">Theodor Christian Konrad<\/span><\/td>\n<td style=\"text-align: center;\" width=\"62\"><span style=\"font-family: times new roman, times, serif; font-size: 10pt;\">05.09.1781<\/span><\/td>\n<td style=\"text-align: center;\" width=\"67\"><span style=\"font-family: times new roman, times, serif; font-size: 10pt;\">11.09.1781<\/span><\/td>\n<td style=\"text-align: center;\" width=\"71\"><\/td>\n<td style=\"text-align: center;\" width=\"62\"><\/td>\n<td style=\"text-align: center;\" width=\"63\"><\/td>\n<td style=\"text-align: center;\" width=\"39\"><\/td>\n<td style=\"text-align: center;\" width=\"41\"><\/td>\n<\/tr>\n<tr>\n<td style=\"text-align: center;\"><span style=\"font-family: times new roman, times, serif; font-size: 10pt;\">2<\/span><\/td>\n<td><span style=\"font-family: times new roman, times, serif; font-size: 10pt;\">Johannetta Christiana Dorothea<\/span><\/td>\n<td style=\"text-align: center;\"><span style=\"font-family: times new roman, times, serif; font-size: 10pt;\">25.11.1783<\/span><\/td>\n<td style=\"text-align: center;\"><span style=\"font-family: times new roman, times, serif; font-size: 10pt;\">02.12.1783<\/span><\/td>\n<td style=\"text-align: center;\"><\/td>\n<td style=\"text-align: center;\"><\/td>\n<td style=\"text-align: center;\"><\/td>\n<td style=\"text-align: center;\"><\/td>\n<td style=\"text-align: center;\"><\/td>\n<\/tr>\n<\/tbody>\n<\/table>\n<p style=\"text-align: justify;\"><span style=\"font-family: times new roman, times, serif; font-size: 10pt;\"><strong>Paten: zu 1)<\/strong> <em>1) Maria Elisabetha Dorothea, &lt;Herrn&gt; Christian Pfeiffers, Definitoris und Pfarrers zu Bornich im He\u00dfischen, Eheliebste; 2) Johann Conrad Stoeckicht, churpf\u00e4ltzischer Berg- und &lt;H\u00fctten&gt;-Inspector in Braubach; und 3) H[err] Johann Christian Stoeckicht, churc\u00f6llnischer M\u00fcnzmeister in Bonn <\/em>\u2014 <strong>zu 2) <\/strong><em>1) Johannetta Dorothea, H[errn] Johann Conrad Stoeckicht, chur&lt;pf\u00e4lzischen&gt; Berg-Inspectoris zu Braubach Frau Liebste; 2) H[err] Johann Christian Pfeiffer, Definitor u. Pfarrherr zu Bornich im He\u00dfischen.<\/em><\/span><\/p>\n<p style=\"text-align: justify;\"><span style=\"font-family: times new roman, times, serif; font-size: 10pt;\"><strong>oo II. 30.07.1786 Braubach<\/strong> mit <strong><u>St\u00f6ckicht<\/u>, <\/strong><strong>Anna Charlotta Wilhelmina:<\/strong> * 02.05.1765 Niederhonnefeld (Gem. Stra\u00dfenhaus, Lkr. Neuwied; konf. 30.05.1759 Braubach; + 19.02.1820 Braubach; Tochter des Johann Konrad St\u00f6ckicht, H\u00fctten- und Berginspektor in Braubach (+ xx.05.1801 Braubach, 77 Jahre und 3 Monate alt; oo mit Johannetta Katharina Dorothea geb. Linck, + 14.03.1792 Braubach, 66 Jahre alt)<\/span><\/p>\n<table>\n<tbody>\n<tr>\n<td style=\"text-align: center;\" width=\"30\"><span style=\"font-family: times new roman, times, serif; font-size: 10pt;\"><strong>Nr.<\/strong><\/span><\/td>\n<td width=\"147\"><span style=\"font-family: times new roman, times, serif; font-size: 10pt;\"><strong>Vorname (normiert)<\/strong><\/span><\/td>\n<td style=\"text-align: center;\" width=\"62\"><span style=\"font-family: times new roman, times, serif; font-size: 10pt;\"><strong>*<\/strong><\/span><\/td>\n<td style=\"text-align: center;\" width=\"67\"><span style=\"font-family: times new roman, times, serif; font-size: 10pt;\"><strong>gt.<\/strong><\/span><\/td>\n<td style=\"text-align: center;\" width=\"72\"><span style=\"font-family: times new roman, times, serif; font-size: 10pt;\"><strong>konf.<\/strong><\/span><\/td>\n<td style=\"text-align: center;\" width=\"63\"><span style=\"font-family: times new roman, times, serif; font-size: 10pt;\"><strong>+<\/strong><\/span><\/td>\n<td style=\"text-align: center;\" width=\"64\"><span style=\"font-family: times new roman, times, serif; font-size: 10pt;\"><strong>bg.<\/strong><\/span><\/td>\n<td style=\"text-align: center;\" width=\"40\"><span style=\"font-family: times new roman, times, serif; font-size: 10pt;\"><strong>Alter<\/strong><\/span><\/td>\n<td style=\"text-align: center;\" width=\"42\"><span style=\"font-family: times new roman, times, serif; font-size: 10pt;\"><strong>Stand<\/strong><\/span><\/td>\n<\/tr>\n<tr>\n<td style=\"text-align: center;\" width=\"30\"><span style=\"font-family: times new roman, times, serif; font-size: 10pt;\">1<\/span><\/td>\n<td width=\"147\"><span style=\"font-family: times new roman, times, serif; font-size: 10pt;\">Henrich Friedrich Philipp<\/span><\/td>\n<td style=\"text-align: center;\" width=\"62\"><span style=\"font-family: times new roman, times, serif; font-size: 10pt;\">26.05.1787<\/span><\/td>\n<td style=\"text-align: center;\" width=\"67\"><span style=\"font-family: times new roman, times, serif; font-size: 10pt;\">31.05.1787<\/span><\/td>\n<td style=\"text-align: center;\" width=\"72\"><span style=\"font-family: times new roman, times, serif; font-size: 10pt;\">15.04.1802<\/span><\/td>\n<td style=\"text-align: center;\" width=\"63\"><span style=\"font-family: times new roman, times, serif; font-size: 10pt;\">15.10.1810<\/span><\/td>\n<td style=\"text-align: center;\" width=\"64\"><span style=\"font-family: times new roman, times, serif; font-size: 10pt;\">17.10.1810<\/span><\/td>\n<td style=\"text-align: center;\" width=\"40\"><span style=\"font-family: times new roman, times, serif; font-size: 10pt;\">31,41<\/span><\/td>\n<td style=\"text-align: center;\" width=\"42\"><span style=\"font-family: times new roman, times, serif; font-size: 10pt;\">verh.<\/span><\/td>\n<\/tr>\n<tr>\n<td style=\"text-align: center;\"><span style=\"font-family: times new roman, times, serif; font-size: 10pt;\">2<\/span><\/td>\n<td><span style=\"font-family: times new roman, times, serif; font-size: 10pt;\">Karl Wilhelm<\/span><\/td>\n<td style=\"text-align: center;\"><span style=\"font-family: times new roman, times, serif; font-size: 10pt;\">30.01.1790<\/span><\/td>\n<td style=\"text-align: center;\"><span style=\"font-family: times new roman, times, serif; font-size: 10pt;\">31.01.1790<\/span><\/td>\n<td style=\"text-align: center;\"><span style=\"font-family: times new roman, times, serif; font-size: 10pt;\">07.04.1803<\/span><\/td>\n<td style=\"text-align: center;\"><\/td>\n<td style=\"text-align: center;\"><\/td>\n<td style=\"text-align: center;\"><\/td>\n<td style=\"text-align: center;\"><span style=\"font-family: times new roman, times, serif; font-size: 10pt;\">verh.<\/span><\/td>\n<\/tr>\n<tr>\n<td style=\"text-align: center;\"><span style=\"font-family: times new roman, times, serif; font-size: 10pt;\">3<\/span><\/td>\n<td><span style=\"font-family: times new roman, times, serif; font-size: 10pt;\">Ernestina Henrietta<\/span><\/td>\n<td style=\"text-align: center;\"><span style=\"font-family: times new roman, times, serif; font-size: 10pt;\">20.02.1792<\/span><\/td>\n<td style=\"text-align: center;\"><span style=\"font-family: times new roman, times, serif; font-size: 10pt;\">23.02.1792<\/span><\/td>\n<td style=\"text-align: center;\"><span style=\"font-family: times new roman, times, serif; font-size: 10pt;\">xx.xx.1806<\/span><\/td>\n<td style=\"text-align: center;\"><span style=\"font-family: times new roman, times, serif; font-size: 10pt;\">04.04.1855<\/span><\/td>\n<td style=\"text-align: center;\"><span style=\"font-family: times new roman, times, serif; font-size: 10pt;\">06.04.1855<\/span><\/td>\n<td style=\"text-align: center;\"><span style=\"font-family: times new roman, times, serif; font-size: 10pt;\">63,16<\/span><\/td>\n<td style=\"text-align: center;\"><span style=\"font-family: times new roman, times, serif; font-size: 10pt;\">verh.<\/span><\/td>\n<\/tr>\n<tr>\n<td style=\"text-align: center;\"><span style=\"font-family: times new roman, times, serif; font-size: 10pt;\">4<\/span><\/td>\n<td><span style=\"font-family: times new roman, times, serif; font-size: 10pt;\">Dorothea Elisabeth<\/span><\/td>\n<td style=\"text-align: center;\"><span style=\"font-family: times new roman, times, serif; font-size: 10pt;\">02.10.1796<\/span><\/td>\n<td style=\"text-align: center;\"><span style=\"font-family: times new roman, times, serif; font-size: 10pt;\">02.10.1796<\/span><\/td>\n<td style=\"text-align: center;\"><span style=\"font-family: times new roman, times, serif; font-size: 10pt;\">19.04.1810<\/span><\/td>\n<td style=\"text-align: center;\"><span style=\"font-family: times new roman, times, serif; font-size: 10pt;\">27.09.1854<\/span><\/td>\n<td style=\"text-align: center;\"><span style=\"font-family: times new roman, times, serif; font-size: 10pt;\">29.09.1854<\/span><\/td>\n<td style=\"text-align: center;\"><span style=\"font-family: times new roman, times, serif; font-size: 10pt;\">58,03<\/span><\/td>\n<td style=\"text-align: center;\"><span style=\"font-family: times new roman, times, serif; font-size: 10pt;\">verh.<\/span><\/td>\n<\/tr>\n<tr>\n<td style=\"text-align: center;\"><span style=\"font-family: times new roman, times, serif; font-size: 10pt;\">5<\/span><\/td>\n<td><span style=\"font-family: times new roman, times, serif; font-size: 10pt;\">Philipp Ludwig<\/span><\/td>\n<td style=\"text-align: center;\"><span style=\"font-family: times new roman, times, serif; font-size: 10pt;\">18.10.1799<\/span><\/td>\n<td style=\"text-align: center;\"><span style=\"font-family: times new roman, times, serif; font-size: 10pt;\">20.10.1799<\/span><\/td>\n<td style=\"text-align: center;\"><span style=\"font-family: times new roman, times, serif; font-size: 10pt;\">15.04.1813<\/span><\/td>\n<td style=\"text-align: center;\"><span style=\"font-family: times new roman, times, serif; font-size: 10pt;\">1824<\/span><\/td>\n<td style=\"text-align: center;\"><\/td>\n<td style=\"text-align: center;\"><\/td>\n<td style=\"text-align: center;\"><\/td>\n<\/tr>\n<\/tbody>\n<\/table>\n<p style=\"text-align: justify;\"><span style=\"font-family: times new roman, times, serif; font-size: 10pt;\">Kind Nr. 1) + Fr\u00fccht; oo 26.12.1814 Fr\u00fccht mit Maria Christina, Tochter des Peter Wolf von Kemmenau; war lt. Sterbeeintrag (KB Ems) Wirt und Kr\u00e4mer in Ems; hinterl\u00e4sst lt. Sterbeeintrag (KB Ems) 2 S\u00f6hne und die Witwe. <em>War einige Tage vor seinem Tod nach Fr\u00fccht gegangen, wurde dort krank und starb bei seinem Schwager Pfarrer Thom\u00e4 in Fr\u00fccht.<br \/>\n<\/em><\/span><span style=\"font-family: times new roman, times, serif; font-size: 10pt;\">Kind Nr. 2) Handelskommiss zu Frankfurt, sp\u00e4ter zu Duisburg; 11.09.1811 Pate bei Johann Konrad Lukas Neuhaus, Handelsmann in Braubach; oo 07.1821 Duisburg mit Luise Gerhardine Be\u00dferer<br \/>\n<\/span><span style=\"font-family: times new roman, times, serif; font-size: 10pt;\">Kind Nr. 3) + Braubach; oo 20.04.1817 Braubach mit Johann Philipp Weigand, Gastwirt und Kaufmann zu Braubach (* 12.03.1776 Braubach; + 27.10.1841 Braubach; Eltern: Johann Georg Weigand, Dreher, und Maria Katharina geb. Schweikhard; oo I. 22.01.1809 Braubach mit Katharina Maria Wichart (+ 12.11.1816 Braubach)<br \/>\n<\/span><span style=\"font-family: times new roman, times, serif; font-size: 10pt;\">Kind Nr. 4) * 02.10.1796 04:00 morgens (19. So. n. Trin.), gt. 02.10.1796 wegen Schw\u00e4chlichkeit; + Hachenburg; oo 01.09.1816 Fr\u00fccht mit Karl Christian Thomae, Pfarrer in Fr\u00fccht<br \/>\n<\/span><span style=\"font-family: times new roman, times, serif; font-size: 10pt;\">Kind Nr. 5) + Fr\u00fccht<\/span><\/p>\n<p style=\"text-align: justify;\"><span style=\"font-family: times new roman, times, serif; font-size: 10pt;\"><strong>Paten: zu 1)<\/strong> <em>1) Frau Henrietta Magdalena, des Herrn Pfarrer Ludovici in Niederwallmanach Frau Eheliebste; 2) Herr Philipp Anton Neuhaus, hochf\u00fcrst[lich] hessen.-darmst\u00e4dtischer March-Commissarius und Handelsmann in Braubach; und 3) Johann Friedrich Hammes, Cantor in Braubach <\/em>\u2014 <strong>zu 2)<\/strong> <em>1) Frau Johannetta Catharina Dorothea, H[errn] Johann Conrad St\u00f6ckicht, churpf\u00e4ltzischen Berg- und H\u00fctten-Inspectoris in Braubach, Frau Eheliebste, des Kindes Grosmutter; 2) Herr Matthaeus Reppel, Weinh\u00e4ndler in Vallendar <\/em>\u2014 <strong>Paten: zu 3)<\/strong> <em>1) Ernestina Maria Neuhausin, Herrn Philipp Anton Neuhaus, he\u00dfen-darmst\u00e4dtischer March-Commissaire und Kaufmann in Braubach, \u00e4lteste Jungfer Tochter; und 2) Herr Henrich Friederich Stoeckicht, Herrn Johann Henrich St\u00f6ckichts, churpf\u00e4lzischen Berg- und H\u00fctten-Inspectoris in Braubach, j\u00fcngster Herr Sohn <\/em>\u2014 <strong>Paten: zu 4)<\/strong> <em>1) Anna Dorothea Stritterin, Herrn Johann Christian Stritters in Mengerskirchen bei Dillenburg Jungfer Tochter; u. 2) H[err] Heinrich Christian Raith, H[errn] Johann Wilhelm Raiths, Schulmeisters in Ruperthofen bei Nastetten j\u00fcngster Sohn <\/em>\u2014 <strong>Paten: zu 5)<\/strong> <em>Jacobina Henrietta Engelhardtin, &lt;&#8230;&gt; Georg Justus Engelhardt, reichs-freiherr[lich] von Albinischer Verwalter &lt;&#8230;&gt; der Niewerner Eisenfabrique Frau Liebste; 2) H[err] Philipp &lt;&#8230;&gt; Thomae, gegenw\u00e4rtiger Pfarrherr in Schweighausen; u. 3) Henrich Ludwig Hammes, des H[errn] Cantoris Hammes in Braubach \u00e4ltester Sohn; u. 4) H[err] Gustav Philipp Bauer, gegenw\u00e4rtiger Praeceptor in Scheuern bei Nassau.<\/em><\/span><\/p>\n<hr \/>\n<p><span style=\"font-size: 10pt; font-family: times new roman, times, serif;\"><b>Letztes Update: 19. Juli 2023<\/b><\/span><br \/>\n<span style=\"font-size: 10pt; font-family: times new roman, times, serif;\"><b>Ralph Jackmuth<\/b><\/span><\/p>\n","protected":false},"excerpt":{"rendered":"<p>Pfeiffer, Johann Henrich: 1777-1814 Pfarrer in Fr\u00fccht (Pfarrerliste von H. Gensicke in Frese\/Schaback: Fr\u00fccht, S. 59); * 20.11.1748 St. Goarshausen (gt. 22.11., Paten: der wohlehrw[\u00fcr]d[ige] H[err] Jo. Henrich Zinn, wohlverordneter Pf[a]rr[er] zu Weier u. Eschbach; H[err] Henrich Wilhelm Birckenhauer, studiosus theologiae Hall.) (St. Goarshausen, KB 2, S. 70, Bild 42 auf archion.de); + 18.02.1814 Fr\u00fccht, &hellip; <a href=\"https:\/\/www.ahnenforschung-jackmuth.de\/?page_id=4790\" class=\"more-link\"><span class=\"screen-reader-text\">\u201eOFB Fr\u00fccht 1707-1817 &#8211; Pfeiffer\u201c<\/span> weiterlesen<\/a><\/p>\n","protected":false},"author":1,"featured_media":0,"parent":0,"menu_order":0,"comment_status":"closed","ping_status":"closed","template":"","meta":{"footnotes":""},"class_list":["post-4790","page","type-page","status-publish","hentry"],"_links":{"self":[{"href":"https:\/\/www.ahnenforschung-jackmuth.de\/index.php?rest_route=\/wp\/v2\/pages\/4790","targetHints":{"allow":["GET"]}}],"collection":[{"href":"https:\/\/www.ahnenforschung-jackmuth.de\/index.php?rest_route=\/wp\/v2\/pages"}],"about":[{"href":"https:\/\/www.ahnenforschung-jackmuth.de\/index.php?rest_route=\/wp\/v2\/types\/page"}],"author":[{"embeddable":true,"href":"https:\/\/www.ahnenforschung-jackmuth.de\/index.php?rest_route=\/wp\/v2\/users\/1"}],"replies":[{"embeddable":true,"href":"https:\/\/www.ahnenforschung-jackmuth.de\/index.php?rest_route=%2Fwp%2Fv2%2Fcomments&post=4790"}],"version-history":[{"count":0,"href":"https:\/\/www.ahnenforschung-jackmuth.de\/index.php?rest_route=\/wp\/v2\/pages\/4790\/revisions"}],"wp:attachment":[{"href":"https:\/\/www.ahnenforschung-jackmuth.de\/index.php?rest_route=%2Fwp%2Fv2%2Fmedia&parent=4790"}],"curies":[{"name":"wp","href":"https:\/\/api.w.org\/{rel}","templated":true}]}}