{"id":4727,"date":"2020-08-19T18:46:22","date_gmt":"2020-08-19T18:46:22","guid":{"rendered":"http:\/\/www.ahnenforschung-jackmuth.de\/?page_id=4727"},"modified":"2023-08-16T19:49:26","modified_gmt":"2023-08-16T19:49:26","slug":"schultheissen-in-fruecht","status":"publish","type":"page","link":"https:\/\/www.ahnenforschung-jackmuth.de\/?page_id=4727","title":{"rendered":"Schulthei\u00dfen in Fr\u00fccht"},"content":{"rendered":"<p><strong>Schulthei\u00dfen, seit 1854 B\u00fcrgermeister<\/strong> (nach Frese\/Schaback: Fr\u00fccht, S. 12)<\/p>\n<table>\n<tbody>\n<tr>\n<td width=\"189\">Thonges Dalheimer<\/td>\n<td width=\"287\">1613 \u2014 \u2020 14.12.1632<\/td>\n<\/tr>\n<tr>\n<td width=\"189\">Arnold Sch\u00fctz<\/td>\n<td width=\"287\">1632 \u2014 \u2020 29.10.1655<\/td>\n<\/tr>\n<tr>\n<td width=\"189\">Johann Adam Wilhelmi<\/td>\n<td width=\"287\">1655 \u2014 1692 \u2020 02.11.1697<\/td>\n<\/tr>\n<tr>\n<td width=\"189\">Johannes Ansel<\/td>\n<td width=\"287\">1692 \u2014 \u2020 20.04.1714<\/td>\n<\/tr>\n<tr>\n<td width=\"189\">Johann Christoph D\u00fcster<\/td>\n<td width=\"287\">1714 \u2014 \u2020 1735<\/td>\n<\/tr>\n<tr>\n<td width=\"189\">Johann Wilhelm Crecelius<\/td>\n<td width=\"287\">1735 \u2014 \u2020 1767<\/td>\n<\/tr>\n<tr>\n<td width=\"189\">Johann Anton Crecelius<\/td>\n<td width=\"287\">1767 \u2014 1771 (sp\u00e4ter Gerichtsschreiber zu Miehlen)<\/td>\n<\/tr>\n<tr>\n<td width=\"189\">Johann Georg Elberskirch<\/td>\n<td width=\"287\">1771 \u2014 1783 \u2020 1804<\/td>\n<\/tr>\n<tr>\n<td width=\"189\">Philipp Gottfried L\u00f6wenstein<\/td>\n<td width=\"287\">1783 \u2014 \u2020 08.07.1817<\/td>\n<\/tr>\n<tr>\n<td width=\"189\">Philipp Gottfried Sch\u00fctz<\/td>\n<td width=\"287\">1817 \u2014 1821 \u2020 1834<\/td>\n<\/tr>\n<tr>\n<td width=\"189\">Johann Heinrich Elberskirch<\/td>\n<td width=\"287\">1821 \u2014 1848 \u2020 06.08.1850<\/td>\n<\/tr>\n<tr>\n<td width=\"189\">Johann Philipp Metz<\/td>\n<td width=\"287\">14.03.1848 \u2014 14.02.1849 \u2020 1879<\/td>\n<\/tr>\n<tr>\n<td width=\"189\">Johann Philipp Crecelius<\/td>\n<td width=\"287\">1849 \u2014 1873 \u2020 12.08.1874<\/td>\n<\/tr>\n<tr>\n<td width=\"189\">Wilhelm Elberskirch<\/td>\n<td width=\"287\">1873 \u2014 1906 \u2020 11.12.1911<\/td>\n<\/tr>\n<tr>\n<td width=\"189\">Ernst Elberskirch<\/td>\n<td width=\"287\">1906 \u2014 1934 \u2020 31.10.1944<\/td>\n<\/tr>\n<tr>\n<td width=\"189\">Willi Elberskirch<\/td>\n<td width=\"287\">1934 \u2014 1945<\/td>\n<\/tr>\n<tr>\n<td width=\"189\">Karl Metz (Stellvertreter)<\/td>\n<td width=\"287\">1941 \u2014 1945<\/td>\n<\/tr>\n<tr>\n<td width=\"189\">Wilhelm Hausen<\/td>\n<td width=\"287\">27.03.1945 \u2014 09.1945<\/td>\n<\/tr>\n<tr>\n<td width=\"189\">Julius Hausen<\/td>\n<td width=\"287\">09.1945 \u2014 11.11.1946<\/td>\n<\/tr>\n<tr>\n<td width=\"189\">Karl Hofmann<\/td>\n<td width=\"287\">11. 11.1946 \u2014 30.11.1952<\/td>\n<\/tr>\n<tr>\n<td width=\"189\">Theodor Elberskirch<\/td>\n<td width=\"287\">01.12.1952<\/td>\n<\/tr>\n<\/tbody>\n<\/table>\n<hr \/>\n<p><span style=\"font-size: small;\"><b>Letztes Update: 29. November 2020<\/b><\/span><br \/>\n<span style=\"font-size: small;\"><b>Ralph Jackmuth<\/b><\/span><\/p>\n","protected":false},"excerpt":{"rendered":"<p>Schulthei\u00dfen, seit 1854 B\u00fcrgermeister (nach Frese\/Schaback: Fr\u00fccht, S. 12) Thonges Dalheimer 1613 \u2014 \u2020 14.12.1632 Arnold Sch\u00fctz 1632 \u2014 \u2020 29.10.1655 Johann Adam Wilhelmi 1655 \u2014 1692 \u2020 02.11.1697 Johannes Ansel 1692 \u2014 \u2020 20.04.1714 Johann Christoph D\u00fcster 1714 \u2014 \u2020 1735 Johann Wilhelm Crecelius 1735 \u2014 \u2020 1767 Johann Anton Crecelius 1767 \u2014 1771 &hellip; <a href=\"https:\/\/www.ahnenforschung-jackmuth.de\/?page_id=4727\" class=\"more-link\"><span class=\"screen-reader-text\">\u201eSchulthei\u00dfen in Fr\u00fccht\u201c<\/span> weiterlesen<\/a><\/p>\n","protected":false},"author":1,"featured_media":0,"parent":0,"menu_order":0,"comment_status":"closed","ping_status":"closed","template":"","meta":{"footnotes":""},"class_list":["post-4727","page","type-page","status-publish","hentry"],"_links":{"self":[{"href":"https:\/\/www.ahnenforschung-jackmuth.de\/index.php?rest_route=\/wp\/v2\/pages\/4727","targetHints":{"allow":["GET"]}}],"collection":[{"href":"https:\/\/www.ahnenforschung-jackmuth.de\/index.php?rest_route=\/wp\/v2\/pages"}],"about":[{"href":"https:\/\/www.ahnenforschung-jackmuth.de\/index.php?rest_route=\/wp\/v2\/types\/page"}],"author":[{"embeddable":true,"href":"https:\/\/www.ahnenforschung-jackmuth.de\/index.php?rest_route=\/wp\/v2\/users\/1"}],"replies":[{"embeddable":true,"href":"https:\/\/www.ahnenforschung-jackmuth.de\/index.php?rest_route=%2Fwp%2Fv2%2Fcomments&post=4727"}],"version-history":[{"count":0,"href":"https:\/\/www.ahnenforschung-jackmuth.de\/index.php?rest_route=\/wp\/v2\/pages\/4727\/revisions"}],"wp:attachment":[{"href":"https:\/\/www.ahnenforschung-jackmuth.de\/index.php?rest_route=%2Fwp%2Fv2%2Fmedia&parent=4727"}],"curies":[{"name":"wp","href":"https:\/\/api.w.org\/{rel}","templated":true}]}}