{"id":4658,"date":"2020-08-19T12:29:25","date_gmt":"2020-08-19T12:29:25","guid":{"rendered":"http:\/\/www.ahnenforschung-jackmuth.de\/?page_id=4658"},"modified":"2022-11-29T17:12:56","modified_gmt":"2022-11-29T17:12:56","slug":"ofb-fruecht-1707-1817-diverse-j","status":"publish","type":"page","link":"https:\/\/www.ahnenforschung-jackmuth.de\/?page_id=4658","title":{"rendered":"OFB Fr\u00fccht 1615-1817 &#8211; Diverse J"},"content":{"rendered":"<p style=\"text-align: justify;\"><span style=\"font-family: times new roman, times, serif; font-size: 10pt;\"><span style=\"color: #ff0000;\"><strong><u><a id=\"jahn\"><\/a>Jahn<\/u><\/strong><strong>, Dorothea Christina:<\/strong><\/span> Ehefrau des Johann Peter Jahn, \u201eM\u00fcller im gr\u00e4flich leyischen M\u00fchlengrund\u201c (Miellen, vorher wohl auf der obersten Schwaller M\u00fchle (Nast\u00e4tten)); + 09.10.1784 Fr\u00fccht (bg. 11.10.), 41 Jahre und 8 Monate alt; der Ehemann Johann Peter Jahn (* 11.10.1750 Lumpenm\u00fchle, Pfarrei Dornholzhausen) oo II. 04.10.1784 Nievern mit Elisabeth Margaretha Schaefer aus Gemmerich (OFB Nievern Nr. 970)<\/span><\/p>\n<hr \/>\n<p style=\"text-align: justify;\"><span style=\"font-family: times new roman, times, serif; font-size: 10pt;\"><span style=\"color: #ff0000;\"><strong><u>Jahn<\/u><\/strong><strong>, Anna Katharina:<\/strong> <\/span>Tochter des Johann Peter Jahn, M\u00fcller im M\u00fchlengrund; konf. 05.04.1792 Fr\u00fccht; * 30.01.1778 oberste Schwaller M\u00fchle (Nast\u00e4tten); + 16.02.1854 Heinrichshof (bg. 19.02.); oo 11.10.1813 Spie\u00df mit Lorenz Esch von Neuborn<\/span><\/p>\n<hr \/>\n<p><span style=\"font-family: times new roman, times, serif; font-size: 10pt;\"><span style=\"color: #ff0000;\"><strong><a id=\"jost\"><\/a>Jost<\/strong><strong> Hammann:<\/strong><\/span> + 13.10.1618 Fr\u00fccht (bg. 14.10.), <em>Josten Hamman den 13ten [Octo]bris, welcher eine gute Zeit dyssenteria laborirt, in Gott seliglichen entschlaffen vnd folgends den 14ten ejusdem christlich vnnd ehrlich zur Erden bestattet worden.<\/em><\/span><\/p>\n<p><span style=\"font-family: times new roman, times, serif; font-size: 10pt;\"><strong>Weitere Belege:<\/strong><strong> Gerichtsbuch Fr\u00fccht<\/strong><\/span><\/p>\n<p><span style=\"font-family: times new roman, times, serif; font-size: 10pt;\">Von Johannes Holzh\u00e4user als Zeuge gef\u00fchrt: Sitzung vom 17.01.1615 (s. u. Johannes Holzh\u00e4user)<\/span><\/p>\n<hr \/>\n<p><span style=\"font-size: 10pt; font-family: times new roman, times, serif;\"><b>Letztes Update: 29. November 2022<\/b><\/span><br \/>\n<span style=\"font-size: 10pt; font-family: times new roman, times, serif;\"><b>Ralph Jackmuth<\/b><\/span><\/p>\n","protected":false},"excerpt":{"rendered":"<p>Jahn, Dorothea Christina: Ehefrau des Johann Peter Jahn, \u201eM\u00fcller im gr\u00e4flich leyischen M\u00fchlengrund\u201c (Miellen, vorher wohl auf der obersten Schwaller M\u00fchle (Nast\u00e4tten)); + 09.10.1784 Fr\u00fccht (bg. 11.10.), 41 Jahre und 8 Monate alt; der Ehemann Johann Peter Jahn (* 11.10.1750 Lumpenm\u00fchle, Pfarrei Dornholzhausen) oo II. 04.10.1784 Nievern mit Elisabeth Margaretha Schaefer aus Gemmerich (OFB Nievern &hellip; <a href=\"https:\/\/www.ahnenforschung-jackmuth.de\/?page_id=4658\" class=\"more-link\"><span class=\"screen-reader-text\">\u201eOFB Fr\u00fccht 1615-1817 &#8211; Diverse J\u201c<\/span> weiterlesen<\/a><\/p>\n","protected":false},"author":1,"featured_media":0,"parent":0,"menu_order":0,"comment_status":"closed","ping_status":"closed","template":"","meta":{"footnotes":""},"class_list":["post-4658","page","type-page","status-publish","hentry"],"_links":{"self":[{"href":"https:\/\/www.ahnenforschung-jackmuth.de\/index.php?rest_route=\/wp\/v2\/pages\/4658","targetHints":{"allow":["GET"]}}],"collection":[{"href":"https:\/\/www.ahnenforschung-jackmuth.de\/index.php?rest_route=\/wp\/v2\/pages"}],"about":[{"href":"https:\/\/www.ahnenforschung-jackmuth.de\/index.php?rest_route=\/wp\/v2\/types\/page"}],"author":[{"embeddable":true,"href":"https:\/\/www.ahnenforschung-jackmuth.de\/index.php?rest_route=\/wp\/v2\/users\/1"}],"replies":[{"embeddable":true,"href":"https:\/\/www.ahnenforschung-jackmuth.de\/index.php?rest_route=%2Fwp%2Fv2%2Fcomments&post=4658"}],"version-history":[{"count":0,"href":"https:\/\/www.ahnenforschung-jackmuth.de\/index.php?rest_route=\/wp\/v2\/pages\/4658\/revisions"}],"wp:attachment":[{"href":"https:\/\/www.ahnenforschung-jackmuth.de\/index.php?rest_route=%2Fwp%2Fv2%2Fmedia&parent=4658"}],"curies":[{"name":"wp","href":"https:\/\/api.w.org\/{rel}","templated":true}]}}