{"id":3833,"date":"2019-04-28T10:35:57","date_gmt":"2019-04-28T10:35:57","guid":{"rendered":"http:\/\/www.ahnenforschung-jackmuth.de\/?page_id=3833"},"modified":"2019-04-28T10:35:57","modified_gmt":"2019-04-28T10:35:57","slug":"kemmenau-schweikhard","status":"publish","type":"page","link":"https:\/\/www.ahnenforschung-jackmuth.de\/?page_id=3833","title":{"rendered":"Kemmenau &#8211; Schweikhard"},"content":{"rendered":"<p style=\"text-align: justify;\"><span style=\"color: #ff0000;\"><strong><u>Schweikhard<\/u><\/strong><strong> (<em>Schweickart, Schwickart<\/em>), Johann (Hans) Jakob:<\/strong><\/span> ein sich zu Kemmenau aufhaltender Tagel\u00f6hner und Holzhauer (1701)<\/p>\n<p>oo mit <strong>Anna Maria<\/strong><\/p>\n<table width=\"605\">\n<tbody>\n<tr>\n<td width=\"170\">1) Simeon<\/td>\n<td width=\"151\">* 1698<\/td>\n<td width=\"283\">bg. 07.05.1705 Ems<br \/>\n7 Jahre 1 Monat und 2 Tage alt<\/td>\n<\/tr>\n<tr>\n<td width=\"170\">2) Johann Hermann<\/td>\n<td width=\"151\">gt. 12.06.1701 Ems<\/td>\n<td width=\"283\"><\/td>\n<\/tr>\n<tr>\n<td width=\"170\">3) Johann Jakob<\/td>\n<td width=\"151\">gt. 17.12.1702 Ems<\/td>\n<td width=\"283\"><\/td>\n<\/tr>\n<tr>\n<td width=\"170\">4) Johannes<\/td>\n<td width=\"151\">gt. 17.05.1705 Ems<\/td>\n<td width=\"283\"><\/td>\n<\/tr>\n<tr>\n<td width=\"170\">5) Maria Katharina<\/td>\n<td width=\"151\">gt. 26.12.1706 Ems<\/td>\n<td width=\"283\"><\/td>\n<\/tr>\n<tr>\n<td width=\"170\">6) Maria Elisabeth<\/td>\n<td width=\"151\">gt. 21.07.1709 Ems<\/td>\n<td width=\"283\"><\/td>\n<\/tr>\n<\/tbody>\n<\/table>\n<p style=\"text-align: justify;\"><strong>Paten: zu 2) <\/strong><em>Tauffpathen sind: Johann Hermann, Johannes Nicol Mertzen zu Kemmenau S\u00f6hnlein, bey welchem, weilen er noch nicht confirmirt war, der Vatter gestanden, vnd Johann Martin Dennemercker. Die God ist: Hedwig Christina Ahlerin auff dem Baad <\/em>\u2014 <strong>zu 3) <\/strong><em>Tauffpathen sind: Johann Jacob M\u00fcller vnd Johannes Justen Sohn, worbey, weilen dieser p\u00e4pstischen Religion, gestanden Johannes Zimmerschied. Die &lt;God&gt; ist: Anna Margretha V\u00f6llbachin \/: alle diese Personen befinden sich zu Kemmenau :\/ <\/em>\u2014 <strong>zu 4) <\/strong><em>Tauffpathen sind: Johann Hermann Mertz vnd Johann Nicolaus V\u00f6llbach. Die God ist: Elisabetha Catharina, Friederich Schaabs Tochter \/: alle wohnhafft zu Kemmenau :\/ <\/em>\u2014 <strong>zu 5) <\/strong><em>Tauff-Goden sind: Maria Catharina, Joh[ann] Sebastian Dollfu\u00dfen Ehefrau, vnd Maria Elisabetha, Jacob Ellmingenders &lt;&#8230;&gt;. Der Path ist: Johannes Nicol Mertz \/: alle wohnhafft zu Kemmenau :\/ <\/em>\u2014 <strong>zu 6) <\/strong><em>Tauff-Goden sind: Eulalia Maria, Joh[ann] Hermann Mertzen, vnd Elisabetha, Joh[ann] Nicolaus Mertzen Hau\u00dffrauen. Der Path ist: Johann Friederich Schab, Friederich Schabs zu Kemmenau Sohn<\/em><\/p>\n<hr \/>\n<p style=\"text-align: justify;\"><strong><span style=\"font-size: 10pt;\">Letzte \u00c4nderung: 28. April 2019<\/span><\/strong><br \/>\n<strong><span style=\"font-size: 10pt;\">Ralph Jackmuth<\/span><\/strong><\/p>\n","protected":false},"excerpt":{"rendered":"<p>Schweikhard (Schweickart, Schwickart), Johann (Hans) Jakob: ein sich zu Kemmenau aufhaltender Tagel\u00f6hner und Holzhauer (1701) oo mit Anna Maria 1) Simeon * 1698 bg. 07.05.1705 Ems 7 Jahre 1 Monat und 2 Tage alt 2) Johann Hermann gt. 12.06.1701 Ems 3) Johann Jakob gt. 17.12.1702 Ems 4) Johannes gt. 17.05.1705 Ems 5) Maria Katharina gt. &hellip; <a href=\"https:\/\/www.ahnenforschung-jackmuth.de\/?page_id=3833\" class=\"more-link\"><span class=\"screen-reader-text\">\u201eKemmenau &#8211; Schweikhard\u201c<\/span> weiterlesen<\/a><\/p>\n","protected":false},"author":1,"featured_media":0,"parent":0,"menu_order":0,"comment_status":"closed","ping_status":"closed","template":"","meta":{"footnotes":""},"class_list":["post-3833","page","type-page","status-publish","hentry"],"_links":{"self":[{"href":"https:\/\/www.ahnenforschung-jackmuth.de\/index.php?rest_route=\/wp\/v2\/pages\/3833","targetHints":{"allow":["GET"]}}],"collection":[{"href":"https:\/\/www.ahnenforschung-jackmuth.de\/index.php?rest_route=\/wp\/v2\/pages"}],"about":[{"href":"https:\/\/www.ahnenforschung-jackmuth.de\/index.php?rest_route=\/wp\/v2\/types\/page"}],"author":[{"embeddable":true,"href":"https:\/\/www.ahnenforschung-jackmuth.de\/index.php?rest_route=\/wp\/v2\/users\/1"}],"replies":[{"embeddable":true,"href":"https:\/\/www.ahnenforschung-jackmuth.de\/index.php?rest_route=%2Fwp%2Fv2%2Fcomments&post=3833"}],"version-history":[{"count":0,"href":"https:\/\/www.ahnenforschung-jackmuth.de\/index.php?rest_route=\/wp\/v2\/pages\/3833\/revisions"}],"wp:attachment":[{"href":"https:\/\/www.ahnenforschung-jackmuth.de\/index.php?rest_route=%2Fwp%2Fv2%2Fmedia&parent=3833"}],"curies":[{"name":"wp","href":"https:\/\/api.w.org\/{rel}","templated":true}]}}

<p style="text-align: justify;"><span style="color: #ff0000;"><strong><u>Schweikhard</u></strong><strong> (<em>Schweickart, Schwickart</em>), Johann (Hans) Jakob:</strong></span> ein sich zu Kemmenau aufhaltender Tagelöhner und Holzhauer (1701)</p>
<p>oo mit <strong>Anna Maria</strong></p>
<table width="605">
<tbody>
<tr>
<td width="170">1) Simeon</td>
<td width="151">* 1698</td>
<td width="283">bg. 07.05.1705 Ems<br />
7 Jahre 1 Monat und 2 Tage alt</td>
</tr>
<tr>
<td width="170">2) Johann Hermann</td>
<td width="151">gt. 12.06.1701 Ems</td>
<td width="283"></td>
</tr>
<tr>
<td width="170">3) Johann Jakob</td>
<td width="151">gt. 17.12.1702 Ems</td>
<td width="283"></td>
</tr>
<tr>
<td width="170">4) Johannes</td>
<td width="151">gt. 17.05.1705 Ems</td>
<td width="283"></td>
</tr>
<tr>
<td width="170">5) Maria Katharina</td>
<td width="151">gt. 26.12.1706 Ems</td>
<td width="283"></td>
</tr>
<tr>
<td width="170">6) Maria Elisabeth</td>
<td width="151">gt. 21.07.1709 Ems</td>
<td width="283"></td>
</tr>
</tbody>
</table>
<p style="text-align: justify;"><strong>Paten: zu 2) </strong><em>Tauffpathen sind: Johann Hermann, Johannes Nicol Mertzen zu Kemmenau Söhnlein, bey welchem, weilen er noch nicht confirmirt war, der Vatter gestanden, vnd Johann Martin Dennemercker. Die God ist: Hedwig Christina Ahlerin auff dem Baad </em>— <strong>zu 3) </strong><em>Tauffpathen sind: Johann Jacob Müller vnd Johannes Justen Sohn, worbey, weilen dieser päpstischen Religion, gestanden Johannes Zimmerschied. Die &lt;God&gt; ist: Anna Margretha Völlbachin /: alle diese Personen befinden sich zu Kemmenau :/ </em>— <strong>zu 4) </strong><em>Tauffpathen sind: Johann Hermann Mertz vnd Johann Nicolaus Völlbach. Die God ist: Elisabetha Catharina, Friederich Schaabs Tochter /: alle wohnhafft zu Kemmenau :/ </em>— <strong>zu 5) </strong><em>Tauff-Goden sind: Maria Catharina, Joh[ann] Sebastian Dollfußen Ehefrau, vnd Maria Elisabetha, Jacob Ellmingenders &lt;&#8230;&gt;. Der Path ist: Johannes Nicol Mertz /: alle wohnhafft zu Kemmenau :/ </em>— <strong>zu 6) </strong><em>Tauff-Goden sind: Eulalia Maria, Joh[ann] Hermann Mertzen, vnd Elisabetha, Joh[ann] Nicolaus Mertzen Haußfrauen. Der Path ist: Johann Friederich Schab, Friederich Schabs zu Kemmenau Sohn</em></p>
<hr />
<p style="text-align: justify;"><strong><span style="font-size: 10pt;">Letzte Änderung: 28. April 2019</span></strong><br />
<strong><span style="font-size: 10pt;">Ralph Jackmuth</span></strong></p>

<p>Schweikhard (Schweickart, Schwickart), Johann (Hans) Jakob: ein sich zu Kemmenau aufhaltender Tagelöhner und Holzhauer (1701) oo mit Anna Maria 1) Simeon * 1698 bg. 07.05.1705 Ems 7 Jahre 1 Monat und 2 Tage alt 2) Johann Hermann gt. 12.06.1701 Ems 3) Johann Jakob gt. 17.12.1702 Ems 4) Johannes gt. 17.05.1705 Ems 5) Maria Katharina gt. &hellip; <a href="https://www.ahnenforschung-jackmuth.de/?page_id=3833" class="more-link"><span class="screen-reader-text">„Kemmenau &#8211; Schweikhard“</span> weiterlesen</a></p>
