{"id":3812,"date":"2019-04-28T10:24:58","date_gmt":"2019-04-28T10:24:58","guid":{"rendered":"http:\/\/www.ahnenforschung-jackmuth.de\/?page_id=3812"},"modified":"2019-04-28T10:25:34","modified_gmt":"2019-04-28T10:25:34","slug":"kemmenau-mueller","status":"publish","type":"page","link":"https:\/\/www.ahnenforschung-jackmuth.de\/?page_id=3812","title":{"rendered":"Kemmenau &#8211; M\u00fcller"},"content":{"rendered":"<p><span style=\"color: #ff0000;\"><strong><u>M\u00fcller<\/u><\/strong><strong>, Konrad: <\/strong><\/span>wohnt in Kemmenau: evtl. bg. 24.04.1685 Ems (<em>Cunrad von Kemmenau<\/em>)<\/p>\n<p>oo mit <strong>Elisabeth &lt;&#8230;&gt;: <\/strong>bg. 21.06.1706 Ems, 65 Jahre alt, Witwe<\/p>\n<table width=\"605\">\n<tbody>\n<tr>\n<td width=\"142\">1) Johann Wilhelm<\/td>\n<td width=\"94\">* 1663<\/td>\n<td style=\"text-align: justify;\" width=\"369\">bg. 09.03.1710 Ems, 47 Jahre alt<br \/>\noo 15.11.1692 Ems mit Anna Gertrud Ulefix aus Ems<\/td>\n<\/tr>\n<tr>\n<td width=\"142\">2) Johann Hermann<\/p>\n<p>&nbsp;<\/td>\n<td width=\"94\"><\/td>\n<td style=\"text-align: justify;\" width=\"369\">oo I. 13.04.1700 Ems mit Maria Elisabeth Kleber geb. Schupp aus Ems; wohnen in Ems<br \/>\noo II. 25.08.1711 Ems mit Elisabeth Magdalena Schlimgen aus Ems; wohnen in Ems<\/td>\n<\/tr>\n<tr>\n<td width=\"142\">3) Johann Jakob<\/td>\n<td width=\"94\"><\/td>\n<td style=\"text-align: justify;\" width=\"369\">oo 05.06.1692 Ems mit Maria Katharina Fritz aus Altlay, wohnen in Kemmenau<\/td>\n<\/tr>\n<\/tbody>\n<\/table>\n<hr \/>\n<p><span style=\"color: #ff0000;\"><strong><u>M\u00fcller<\/u><\/strong><strong>, N.:<\/strong> <\/span>Kind des Konrad M\u00fcller, eines sich zu Kemmenau aufhaltenden \u201eKerls\u201c; bg. 01.05.1686 Ems<\/p>\n<hr \/>\n<p><span style=\"color: #ff0000;\"><strong>N. N.:<\/strong><\/span> Ehefrau des Stiefsohns von Konrad M\u00fcller zu Kemmenau; bg. 04.12.1686 Ems<\/p>\n<hr \/>\n<p><span style=\"color: #ff0000;\"><strong><u>M\u00fcller<\/u><\/strong><strong>, Johann Jakob:<\/strong><\/span> wohnt in Kemmenau; wohl Sohn von Konrad M\u00fcller im Kemmenau<\/p>\n<p><strong>oo 05.06.1692 Ems<\/strong><\/p>\n<p style=\"text-align: justify;\">mit <strong><u>Fritz<\/u>, Maria Katharina:<\/strong> Tochter des Hans Konrad Fritz aus Altlay (VG Zell (Mosel)) (<em>Altenley \/: ist ein Dorff ohnfern der Mosel ins Ampt S\u00fcmmern geh\u00f6rig :\/<\/em>); bg. 01.06.1706 Ems, 40 Jahre alt; am 25.12.1692 zum ev.-luth. Glauben konvertiert (KB 1, pag. 783)<\/p>\n<table width=\"605\">\n<tbody>\n<tr>\n<td width=\"151\">1) Johann Hermann<\/td>\n<td width=\"189\">gt. 24.07.1692 Ems<\/td>\n<td width=\"265\">bg. 19.05.1693 Ems<\/td>\n<\/tr>\n<tr>\n<td width=\"151\">2) Johann Jakob<\/td>\n<td width=\"189\">gt. 30.11.1693 Ems<\/td>\n<td width=\"265\">bg. 22.02.1697 Ems<\/td>\n<\/tr>\n<tr>\n<td width=\"151\">3) Johann Wilhelm<\/td>\n<td width=\"189\">gt. 17.05.1696 Ems<br \/>\nkonf. 12.06.1707 (Pfingsten)<\/td>\n<td width=\"265\">bg. lt. Gegenvermerk 03.05.1775 Ems<\/td>\n<\/tr>\n<tr>\n<td width=\"151\">4) Maria Magdalena<\/td>\n<td width=\"189\">gt. 05.12.1697 Ems<\/td>\n<td width=\"265\">bg. 20.06.1698 Ems<\/td>\n<\/tr>\n<tr>\n<td width=\"151\">5) Johann Sebastian<\/td>\n<td width=\"189\">gt. 16.07.1699 Ems<\/td>\n<td width=\"265\">bg. 22.04.1708 Ems<\/td>\n<\/tr>\n<tr>\n<td width=\"151\">6) Maria Gertrud<\/td>\n<td width=\"189\">gt. 14.08.1701 Ems<br \/>\nkonf. 04.06.1713 (Pfingsten)<\/td>\n<td width=\"265\"><\/td>\n<\/tr>\n<tr>\n<td width=\"151\">7) Eulalia Maria<\/td>\n<td width=\"189\">gt. 13.04.1704 Ems<\/td>\n<td width=\"265\">bg. 09.11.1757 Ems<\/td>\n<\/tr>\n<\/tbody>\n<\/table>\n<p style=\"text-align: justify;\"><strong>Paten: zu 1) <\/strong><em>Tauffpathen waren: Johann Hermann M\u00fcller zu Kemmenau vnd Johann Georg Zimmerschied allhier. Die God ist: Maria Lie\u00df V\u00f6llbachin zu Kemmenau <\/em>\u2014 <strong>zu 2) <\/strong><em>Tauffzeugen sind: Jacob Ellmingender, geb\u00fcrtig zu H\u00f6hr, der Wittib V\u00f6llbachin zu Kemmenau Knecht, weilen er aber p\u00e4pstischer Religion zugethan, so hat vor ihn gestanden Joh[ann] Hermann M\u00fcller. Der andere Path ist: Johann Friederich Horbach. Vnd die God: Maria Sophia M\u00fcllerin <\/em>\u2014 <strong>zu 3) <\/strong><em>Tauffpathen sind: Johann Wilhelm M\u00fcller vnd Hans Martin Eberhahn, \u00e6di&lt;tuus&gt;. Die God ist: Elisabetha Magdalena, Johann Jacob Zimmerschieds zu Kemmenau Hau\u00dffrau <\/em>\u2014 <strong>zu 4) <\/strong><em>Tauff-Goden sind: Anna Maria, Henrich M\u00fcllers, eines B\u00fcrgers in Daussenau, Tochter, vnd Maria Magdalena, Johann Georg Zimmerschieds Frau. Der Path ist: Johann Leonhard Himmighoffen zu Dienethal <\/em>\u2014 <strong>zu 5) <\/strong><em>Tauffpathen sind: Johann Nicolaus V\u00f6llbach vnd Johann Sebastian Dollfu\u00df. Die God ist: Anna Margretha, weiland Hans Jacob V\u00f6llbachs hinterlassene Tochter, alle Einwohner zu Kemmenau <\/em>\u2014 <strong>zu 6) <\/strong><em>Tauff-Goden sind: Anna Gerd&lt;raut&gt;, Johann Wilhelm M\u00fcllers H[aus]frau, vnd Mar&lt;ia&gt; Elisabetha, Johann Hermann M\u00fcllers Eheweib. Der Path ist: Hans Jacob Frie\u00df zu Cadenbach <\/em>\u2014 <strong>zu 7) <\/strong><em>Tauff-Goden sind: Eulalia Maria, Joh[ann] Hermann Mertzen Hau\u00dffrau, vnd die Wittib Maria M\u00fcllerin. Der Path ist: Johann Jacob, weiland Johannis Zimmerschieds hinterlassener Sohn; alle zu Kemmenau wohnende<\/em><\/p>\n<p style=\"text-align: justify;\">Im P\u00f6nitentenregister wegen Ehe kurz vor der Geburt (KB 1, pag. 827): <em>A[nn]o 1692 den 5ten Julij, war Dom[inica] 2 post Trin[itatis], haben Johann Jacob M\u00fcller zu Kemmenau vnd Maria Keth, Hans Conrad Stiltzen zu Altenley \/: ist ein Dorff ins Ampt S\u00fcmmeren geh\u00f6rig :\/ Tochter, weilen sie sich ante copulatione[m] zur Vngeb\u00fchr fleischlichen vermischet hatten, ihre offent[liche] Kirchen-Poenitentz gehorsamblichen abgeleget.<\/em><\/p>\n<hr \/>\n<p style=\"text-align: justify;\"><strong><span style=\"font-size: 10pt;\">Letzte \u00c4nderung: 28. April 2019<\/span><\/strong><br \/>\n<strong><span style=\"font-size: 10pt;\">Ralph Jackmuth<\/span><\/strong><\/p>\n","protected":false},"excerpt":{"rendered":"<p>M\u00fcller, Konrad: wohnt in Kemmenau: evtl. bg. 24.04.1685 Ems (Cunrad von Kemmenau) oo mit Elisabeth &lt;&#8230;&gt;: bg. 21.06.1706 Ems, 65 Jahre alt, Witwe 1) Johann Wilhelm * 1663 bg. 09.03.1710 Ems, 47 Jahre alt oo 15.11.1692 Ems mit Anna Gertrud Ulefix aus Ems 2) Johann Hermann &nbsp; oo I. 13.04.1700 Ems mit Maria Elisabeth Kleber &hellip; <a href=\"https:\/\/www.ahnenforschung-jackmuth.de\/?page_id=3812\" class=\"more-link\"><span class=\"screen-reader-text\">\u201eKemmenau &#8211; M\u00fcller\u201c<\/span> weiterlesen<\/a><\/p>\n","protected":false},"author":1,"featured_media":0,"parent":0,"menu_order":0,"comment_status":"closed","ping_status":"closed","template":"","meta":{"footnotes":""},"class_list":["post-3812","page","type-page","status-publish","hentry"],"_links":{"self":[{"href":"https:\/\/www.ahnenforschung-jackmuth.de\/index.php?rest_route=\/wp\/v2\/pages\/3812","targetHints":{"allow":["GET"]}}],"collection":[{"href":"https:\/\/www.ahnenforschung-jackmuth.de\/index.php?rest_route=\/wp\/v2\/pages"}],"about":[{"href":"https:\/\/www.ahnenforschung-jackmuth.de\/index.php?rest_route=\/wp\/v2\/types\/page"}],"author":[{"embeddable":true,"href":"https:\/\/www.ahnenforschung-jackmuth.de\/index.php?rest_route=\/wp\/v2\/users\/1"}],"replies":[{"embeddable":true,"href":"https:\/\/www.ahnenforschung-jackmuth.de\/index.php?rest_route=%2Fwp%2Fv2%2Fcomments&post=3812"}],"version-history":[{"count":0,"href":"https:\/\/www.ahnenforschung-jackmuth.de\/index.php?rest_route=\/wp\/v2\/pages\/3812\/revisions"}],"wp:attachment":[{"href":"https:\/\/www.ahnenforschung-jackmuth.de\/index.php?rest_route=%2Fwp%2Fv2%2Fmedia&parent=3812"}],"curies":[{"name":"wp","href":"https:\/\/api.w.org\/{rel}","templated":true}]}}

Kemmenau &#8211; Müller

<p><span style="color: #ff0000;"><strong><u>Müller</u></strong><strong>, Konrad: </strong></span>wohnt in Kemmenau: evtl. bg. 24.04.1685 Ems (<em>Cunrad von Kemmenau</em>)</p>
<p>oo mit <strong>Elisabeth &lt;&#8230;&gt;: </strong>bg. 21.06.1706 Ems, 65 Jahre alt, Witwe</p>
<table width="605">
<tbody>
<tr>
<td width="142">1) Johann Wilhelm</td>
<td width="94">* 1663</td>
<td style="text-align: justify;" width="369">bg. 09.03.1710 Ems, 47 Jahre alt<br />
oo 15.11.1692 Ems mit Anna Gertrud Ulefix aus Ems</td>
</tr>
<tr>
<td width="142">2) Johann Hermann</p>
<p>&nbsp;</td>
<td width="94"></td>
<td style="text-align: justify;" width="369">oo I. 13.04.1700 Ems mit Maria Elisabeth Kleber geb. Schupp aus Ems; wohnen in Ems<br />
oo II. 25.08.1711 Ems mit Elisabeth Magdalena Schlimgen aus Ems; wohnen in Ems</td>
</tr>
<tr>
<td width="142">3) Johann Jakob</td>
<td width="94"></td>
<td style="text-align: justify;" width="369">oo 05.06.1692 Ems mit Maria Katharina Fritz aus Altlay, wohnen in Kemmenau</td>
</tr>
</tbody>
</table>
<hr />
<p><span style="color: #ff0000;"><strong><u>Müller</u></strong><strong>, N.:</strong> </span>Kind des Konrad Müller, eines sich zu Kemmenau aufhaltenden „Kerls“; bg. 01.05.1686 Ems</p>
<hr />
<p><span style="color: #ff0000;"><strong>N. N.:</strong></span> Ehefrau des Stiefsohns von Konrad Müller zu Kemmenau; bg. 04.12.1686 Ems</p>
<hr />
<p><span style="color: #ff0000;"><strong><u>Müller</u></strong><strong>, Johann Jakob:</strong></span> wohnt in Kemmenau; wohl Sohn von Konrad Müller im Kemmenau</p>
<p><strong>oo 05.06.1692 Ems</strong></p>
<p style="text-align: justify;">mit <strong><u>Fritz</u>, Maria Katharina:</strong> Tochter des Hans Konrad Fritz aus Altlay (VG Zell (Mosel)) (<em>Altenley /: ist ein Dorff ohnfern der Mosel ins Ampt Sümmern gehörig :/</em>); bg. 01.06.1706 Ems, 40 Jahre alt; am 25.12.1692 zum ev.-luth. Glauben konvertiert (KB 1, pag. 783)</p>
<table width="605">
<tbody>
<tr>
<td width="151">1) Johann Hermann</td>
<td width="189">gt. 24.07.1692 Ems</td>
<td width="265">bg. 19.05.1693 Ems</td>
</tr>
<tr>
<td width="151">2) Johann Jakob</td>
<td width="189">gt. 30.11.1693 Ems</td>
<td width="265">bg. 22.02.1697 Ems</td>
</tr>
<tr>
<td width="151">3) Johann Wilhelm</td>
<td width="189">gt. 17.05.1696 Ems<br />
konf. 12.06.1707 (Pfingsten)</td>
<td width="265">bg. lt. Gegenvermerk 03.05.1775 Ems</td>
</tr>
<tr>
<td width="151">4) Maria Magdalena</td>
<td width="189">gt. 05.12.1697 Ems</td>
<td width="265">bg. 20.06.1698 Ems</td>
</tr>
<tr>
<td width="151">5) Johann Sebastian</td>
<td width="189">gt. 16.07.1699 Ems</td>
<td width="265">bg. 22.04.1708 Ems</td>
</tr>
<tr>
<td width="151">6) Maria Gertrud</td>
<td width="189">gt. 14.08.1701 Ems<br />
konf. 04.06.1713 (Pfingsten)</td>
<td width="265"></td>
</tr>
<tr>
<td width="151">7) Eulalia Maria</td>
<td width="189">gt. 13.04.1704 Ems</td>
<td width="265">bg. 09.11.1757 Ems</td>
</tr>
</tbody>
</table>
<p style="text-align: justify;"><strong>Paten: zu 1) </strong><em>Tauffpathen waren: Johann Hermann Müller zu Kemmenau vnd Johann Georg Zimmerschied allhier. Die God ist: Maria Ließ Völlbachin zu Kemmenau </em>— <strong>zu 2) </strong><em>Tauffzeugen sind: Jacob Ellmingender, gebürtig zu Höhr, der Wittib Völlbachin zu Kemmenau Knecht, weilen er aber päpstischer Religion zugethan, so hat vor ihn gestanden Joh[ann] Hermann Müller. Der andere Path ist: Johann Friederich Horbach. Vnd die God: Maria Sophia Müllerin </em>— <strong>zu 3) </strong><em>Tauffpathen sind: Johann Wilhelm Müller vnd Hans Martin Eberhahn, ædi&lt;tuus&gt;. Die God ist: Elisabetha Magdalena, Johann Jacob Zimmerschieds zu Kemmenau Haußfrau </em>— <strong>zu 4) </strong><em>Tauff-Goden sind: Anna Maria, Henrich Müllers, eines Bürgers in Daussenau, Tochter, vnd Maria Magdalena, Johann Georg Zimmerschieds Frau. Der Path ist: Johann Leonhard Himmighoffen zu Dienethal </em>— <strong>zu 5) </strong><em>Tauffpathen sind: Johann Nicolaus Völlbach vnd Johann Sebastian Dollfuß. Die God ist: Anna Margretha, weiland Hans Jacob Völlbachs hinterlassene Tochter, alle Einwohner zu Kemmenau </em>— <strong>zu 6) </strong><em>Tauff-Goden sind: Anna Gerd&lt;raut&gt;, Johann Wilhelm Müllers H[aus]frau, vnd Mar&lt;ia&gt; Elisabetha, Johann Hermann Müllers Eheweib. Der Path ist: Hans Jacob Frieß zu Cadenbach </em>— <strong>zu 7) </strong><em>Tauff-Goden sind: Eulalia Maria, Joh[ann] Hermann Mertzen Haußfrau, vnd die Wittib Maria Müllerin. Der Path ist: Johann Jacob, weiland Johannis Zimmerschieds hinterlassener Sohn; alle zu Kemmenau wohnende</em></p>
<p style="text-align: justify;">Im Pönitentenregister wegen Ehe kurz vor der Geburt (KB 1, pag. 827): <em>A[nn]o 1692 den 5ten Julij, war Dom[inica] 2 post Trin[itatis], haben Johann Jacob Müller zu Kemmenau vnd Maria Keth, Hans Conrad Stiltzen zu Altenley /: ist ein Dorff ins Ampt Sümmeren gehörig :/ Tochter, weilen sie sich ante copulatione[m] zur Vngebühr fleischlichen vermischet hatten, ihre offent[liche] Kirchen-Poenitentz gehorsamblichen abgeleget.</em></p>
<hr />
<p style="text-align: justify;"><strong><span style="font-size: 10pt;">Letzte Änderung: 28. April 2019</span></strong><br />
<strong><span style="font-size: 10pt;">Ralph Jackmuth</span></strong></p>

<p>Müller, Konrad: wohnt in Kemmenau: evtl. bg. 24.04.1685 Ems (Cunrad von Kemmenau) oo mit Elisabeth &lt;&#8230;&gt;: bg. 21.06.1706 Ems, 65 Jahre alt, Witwe 1) Johann Wilhelm * 1663 bg. 09.03.1710 Ems, 47 Jahre alt oo 15.11.1692 Ems mit Anna Gertrud Ulefix aus Ems 2) Johann Hermann &nbsp; oo I. 13.04.1700 Ems mit Maria Elisabeth Kleber &hellip; <a href="https://www.ahnenforschung-jackmuth.de/?page_id=3812" class="more-link"><span class="screen-reader-text">„Kemmenau &#8211; Müller“</span> weiterlesen</a></p>
