{"id":3801,"date":"2019-04-28T10:12:29","date_gmt":"2019-04-28T10:12:29","guid":{"rendered":"http:\/\/www.ahnenforschung-jackmuth.de\/?page_id=3801"},"modified":"2019-04-28T11:00:50","modified_gmt":"2019-04-28T11:00:50","slug":"kemmenau-honders","status":"publish","type":"page","link":"https:\/\/www.ahnenforschung-jackmuth.de\/?page_id=3801","title":{"rendered":"Kemmenau &#8211; Honders"},"content":{"rendered":"<p><span style=\"color: #ff0000;\"><strong><u>Honders<\/u><\/strong><strong>, Johann Nikolaus: <\/strong><\/span>Maurer in Kemmenau; aus Schoppen (Gem. Amel, Belgien)<\/p>\n<p><strong>oo 19.08.1684 Ems<\/strong><\/p>\n<p>mit <strong><u>Mertz<\/u>, Anna Katharina:<\/strong> Tochter des <a href=\"http:\/\/www.ahnenforschung-jackmuth.de\/?page_id=3807\">Karl Mertz<\/a> aus Kemmenau<\/p>\n<table width=\"605\">\n<tbody>\n<tr>\n<td width=\"180\">1) Johann Jakob<\/td>\n<td width=\"161\">gt. 16.08.1685 Ems<\/td>\n<td width=\"265\">bg. 11.01.1686 Ems<\/td>\n<\/tr>\n<tr>\n<td width=\"180\">2) Maria Margaretha<\/td>\n<td width=\"161\">gt. 07.11.1686 Ems<\/td>\n<td width=\"265\"><\/td>\n<\/tr>\n<tr>\n<td width=\"180\">3) Katharina Elisabeth<\/td>\n<td width=\"161\">gt. 21.10.1688 Ems<\/td>\n<td width=\"265\"><\/td>\n<\/tr>\n<tr>\n<td width=\"180\">4) Maria Elisabeth<\/td>\n<td width=\"161\">gt. 13.04.1691 Ems<\/td>\n<td width=\"265\"><\/td>\n<\/tr>\n<tr>\n<td width=\"180\">5) Johann Nikolaus<\/td>\n<td width=\"161\">gt. 09.07.1693 Ems<\/td>\n<td width=\"265\"><\/td>\n<\/tr>\n<tr>\n<td width=\"180\">6) Johann Matth\u00e4us<\/td>\n<td width=\"161\">gt. 02.05.1695 Ems<\/td>\n<td width=\"265\"><\/td>\n<\/tr>\n<tr>\n<td width=\"180\">7) Elisabetha Maria<\/td>\n<td width=\"161\">gt. 06.06.1697 Ems<\/td>\n<td width=\"265\"><\/td>\n<\/tr>\n<\/tbody>\n<\/table>\n<p style=\"text-align: justify;\"><strong>Taufpaten: zu 1)<\/strong> <em>Gevattern waren: 1) Han\u00df Merte Kleber, Ma\u00fcrer alhier; 2) Anna Maria, Caroli Mertzen Dochter; vnd 3) Jacob Frie\u00df, Einwohner zu Kemmenau <\/em>\u2014 <strong>zu 2) <\/strong><em>Gevattern waren: 1) Maria Magdalena, Cunrad M\u00fcllers Tochter; 2) Jacob N., ein Zimmergesell; 3) Margretha Sophia, Jacob Hohrba&lt;chs&gt; Tochter <\/em>\u2014 <strong>zu 3) <\/strong><em>Tauff-Goden waren: Anna Elisabetha, Claus Zimmerschieds auff Kemmenau Tochter, vnd Eva Catharina Gackebachin. Der Path aber ist gewesen: Johann Nicolaus Mertz auff Kemmenau <\/em>\u2014 <strong>zu 4) <\/strong><em>Tauff-Goden sind: Maria Sophia M\u00fcllerin und Maria Lie\u00df, Hans Jacob V\u00f6llbachs Wittib. Der Path aber ist: Claus Mertz; alle 3 Tauffzeugen zu Kemmenau <\/em>\u2014 <strong>zu 5) <\/strong><em>Tauffpathen sind: Johann Hermann Mertz vnd Johann Nicolaus V\u00f6llbach. Die God: Agatha Mertzin <\/em>\u2014 <strong>zu 6) <\/strong><em>Tauffpathen sind: Johann Bartholom\u00e6us Mertz vnd Matth\u00e6us Horbach. Die God aber ist: Elisabetha, Nicol Mertzen Hau\u00dffr[au], vor welche gestanden Agatha V\u00f6llbachin \/: alle diese Personen wohnen p[ro] t[empore] zu Kemmenau :\/ <\/em>\u2014 <strong>zu 7) <\/strong><em>Tauff-Goden sind: Maria Elisabetha, Carl Mertzen Tochter, vnd Eulalia Maria, Joh[ann] Hermann Mertzen Frau. Der Path ist: Friederich, Friederich Hohrbachs Sohn \/: sind alle Kemmenauer Leuth :\/<\/em><\/p>\n<hr \/>\n<p style=\"text-align: justify;\"><strong><span style=\"font-size: 10pt;\">Letzte \u00c4nderung: 28. April 2019<\/span><\/strong><br \/>\n<strong><span style=\"font-size: 10pt;\">Ralph Jackmuth<\/span><\/strong><\/p>\n","protected":false},"excerpt":{"rendered":"<p>Honders, Johann Nikolaus: Maurer in Kemmenau; aus Schoppen (Gem. Amel, Belgien) oo 19.08.1684 Ems mit Mertz, Anna Katharina: Tochter des Karl Mertz aus Kemmenau 1) Johann Jakob gt. 16.08.1685 Ems bg. 11.01.1686 Ems 2) Maria Margaretha gt. 07.11.1686 Ems 3) Katharina Elisabeth gt. 21.10.1688 Ems 4) Maria Elisabeth gt. 13.04.1691 Ems 5) Johann Nikolaus gt. &hellip; <a href=\"https:\/\/www.ahnenforschung-jackmuth.de\/?page_id=3801\" class=\"more-link\"><span class=\"screen-reader-text\">\u201eKemmenau &#8211; Honders\u201c<\/span> weiterlesen<\/a><\/p>\n","protected":false},"author":1,"featured_media":0,"parent":0,"menu_order":0,"comment_status":"closed","ping_status":"closed","template":"","meta":{"footnotes":""},"class_list":["post-3801","page","type-page","status-publish","hentry"],"_links":{"self":[{"href":"https:\/\/www.ahnenforschung-jackmuth.de\/index.php?rest_route=\/wp\/v2\/pages\/3801","targetHints":{"allow":["GET"]}}],"collection":[{"href":"https:\/\/www.ahnenforschung-jackmuth.de\/index.php?rest_route=\/wp\/v2\/pages"}],"about":[{"href":"https:\/\/www.ahnenforschung-jackmuth.de\/index.php?rest_route=\/wp\/v2\/types\/page"}],"author":[{"embeddable":true,"href":"https:\/\/www.ahnenforschung-jackmuth.de\/index.php?rest_route=\/wp\/v2\/users\/1"}],"replies":[{"embeddable":true,"href":"https:\/\/www.ahnenforschung-jackmuth.de\/index.php?rest_route=%2Fwp%2Fv2%2Fcomments&post=3801"}],"version-history":[{"count":0,"href":"https:\/\/www.ahnenforschung-jackmuth.de\/index.php?rest_route=\/wp\/v2\/pages\/3801\/revisions"}],"wp:attachment":[{"href":"https:\/\/www.ahnenforschung-jackmuth.de\/index.php?rest_route=%2Fwp%2Fv2%2Fmedia&parent=3801"}],"curies":[{"name":"wp","href":"https:\/\/api.w.org\/{rel}","templated":true}]}}