{"id":3753,"date":"2019-04-27T21:03:48","date_gmt":"2019-04-27T21:03:48","guid":{"rendered":"http:\/\/www.ahnenforschung-jackmuth.de\/?page_id=3753"},"modified":"2019-04-27T21:15:11","modified_gmt":"2019-04-27T21:15:11","slug":"ems-bad-1683-1726","status":"publish","type":"page","link":"https:\/\/www.ahnenforschung-jackmuth.de\/?page_id=3753","title":{"rendered":"Ems (Bad) 1683-1726"},"content":{"rendered":"<p><strong>Die Familien und Einwohner auf dem Emser Bad 1683-1726 <\/strong>(nach dem 1. KB)<strong><br \/>\n<\/strong><\/p>\n<hr \/>\n<p><strong>Familiennamen<\/strong><\/p>\n<table>\n<tbody>\n<tr>\n<td style=\"width: 242.3px;\"><a href=\"http:\/\/www.ahnenforschung-jackmuth.de\/?page_id=3574\">Ahler<\/a><br \/>\n<a href=\"http:\/\/www.ahnenforschung-jackmuth.de\/?page_id=3569\">Archenholtz<\/a><br \/>\n<a href=\"http:\/\/www.ahnenforschung-jackmuth.de\/?page_id=3578\">Beller<\/a><br \/>\n<a href=\"http:\/\/www.ahnenforschung-jackmuth.de\/?page_id=3581\">Berle<\/a><br \/>\n<a href=\"http:\/\/www.ahnenforschung-jackmuth.de\/?page_id=3585\">Br\u00fcck<\/a><br \/>\n<a href=\"http:\/\/www.ahnenforschung-jackmuth.de\/?page_id=3590\">Buchholtz<\/a><br \/>\n<a href=\"http:\/\/www.ahnenforschung-jackmuth.de\/?page_id=3593\">Daniels<\/a><br \/>\n<a href=\"http:\/\/www.ahnenforschung-jackmuth.de\/?page_id=3595\">de Crom<\/a><br \/>\n<a href=\"http:\/\/www.ahnenforschung-jackmuth.de\/?page_id=3598\">Glasmann<\/a><br \/>\n<a href=\"http:\/\/www.ahnenforschung-jackmuth.de\/?page_id=3601\">G\u00f6deck<\/a><br \/>\n<a href=\"http:\/\/www.ahnenforschung-jackmuth.de\/?page_id=3608\">Gro\u00df<\/a><br \/>\n<a href=\"http:\/\/www.ahnenforschung-jackmuth.de\/?page_id=3611\">G\u00fcnst<\/a><br \/>\n<a href=\"http:\/\/www.ahnenforschung-jackmuth.de\/?page_id=3614\">Hainer<\/a><br \/>\n<a href=\"http:\/\/www.ahnenforschung-jackmuth.de\/?page_id=3620\">Henseler<\/a><br \/>\n<a href=\"http:\/\/www.ahnenforschung-jackmuth.de\/?page_id=3624\">Hermann<\/a><br \/>\n<a href=\"http:\/\/www.ahnenforschung-jackmuth.de\/?page_id=3629\"><em>Heyer\/Hayer<\/em><\/a><br \/>\n<a href=\"http:\/\/www.ahnenforschung-jackmuth.de\/?page_id=3633\">Hilchen<\/a><br \/>\n<a href=\"http:\/\/www.ahnenforschung-jackmuth.de\/?page_id=3636\">Jonas<\/a><br \/>\n<a href=\"http:\/\/www.ahnenforschung-jackmuth.de\/?page_id=3639\">Kohlermann<\/a><br \/>\n<a href=\"http:\/\/www.ahnenforschung-jackmuth.de\/?page_id=3643\">Kremper<\/a><br \/>\n<a href=\"http:\/\/www.ahnenforschung-jackmuth.de\/?page_id=3648\">Lanio<\/a><br \/>\n<a href=\"http:\/\/www.ahnenforschung-jackmuth.de\/?page_id=3651\">Lehmann<\/a><br \/>\n<a href=\"http:\/\/www.ahnenforschung-jackmuth.de\/?page_id=3656\">Linckenbach<\/a><br \/>\n<a href=\"http:\/\/www.ahnenforschung-jackmuth.de\/?page_id=3659\">Lotz<\/a><br \/>\n<a href=\"http:\/\/www.ahnenforschung-jackmuth.de\/?page_id=3663\">Megerlin<\/a><br \/>\n<a href=\"http:\/\/www.ahnenforschung-jackmuth.de\/?page_id=3666\">Nolbach<\/a><br \/>\n<a href=\"http:\/\/www.ahnenforschung-jackmuth.de\/?page_id=3669\">No\u00df<\/a><\/td>\n<td style=\"width: 566.7px;\"><a href=\"http:\/\/www.ahnenforschung-jackmuth.de\/?page_id=3673\">Ohlimacher<\/a><br \/>\n<a href=\"http:\/\/www.ahnenforschung-jackmuth.de\/?page_id=3676\">\u00d6ser<\/a><br \/>\n<a href=\"http:\/\/www.ahnenforschung-jackmuth.de\/?page_id=3679\">Popp<\/a><br \/>\n<a href=\"http:\/\/www.ahnenforschung-jackmuth.de\/?page_id=3682\">Porta<\/a><br \/>\n<a href=\"http:\/\/www.ahnenforschung-jackmuth.de\/?page_id=3684\">Ques<\/a><br \/>\n<a href=\"http:\/\/www.ahnenforschung-jackmuth.de\/?page_id=3688\">Reiffer<\/a><br \/>\n<a href=\"http:\/\/www.ahnenforschung-jackmuth.de\/?page_id=3691\">Rheinfeld<\/a><br \/>\n<a href=\"http:\/\/www.ahnenforschung-jackmuth.de\/?page_id=3694\">Sann<\/a><br \/>\n<a href=\"http:\/\/www.ahnenforschung-jackmuth.de\/?page_id=3697\">Schepp<\/a><br \/>\n<a href=\"http:\/\/www.ahnenforschung-jackmuth.de\/?page_id=3700\">Scheu<\/a><br \/>\n<a href=\"http:\/\/www.ahnenforschung-jackmuth.de\/?page_id=3703\">Schneider<\/a><br \/>\n<a href=\"http:\/\/www.ahnenforschung-jackmuth.de\/?page_id=3706\">Sch\u00fctz<\/a><br \/>\n<a href=\"http:\/\/www.ahnenforschung-jackmuth.de\/?page_id=3709\">Sendler<\/a><br \/>\n<a href=\"http:\/\/www.ahnenforschung-jackmuth.de\/?page_id=3712\">Sirtela<\/a><br \/>\n<a href=\"http:\/\/www.ahnenforschung-jackmuth.de\/?page_id=3714\">Staud<\/a><br \/>\n<a href=\"http:\/\/www.ahnenforschung-jackmuth.de\/?page_id=3716\">Steinborn<\/a><br \/>\n<a href=\"http:\/\/www.ahnenforschung-jackmuth.de\/?page_id=3718\">Tyri<\/a><br \/>\n<a href=\"http:\/\/www.ahnenforschung-jackmuth.de\/?page_id=3720\">von Adel<\/a><br \/>\n<a href=\"http:\/\/www.ahnenforschung-jackmuth.de\/?page_id=3722\">von der Heyden<\/a><br \/>\n<a href=\"http:\/\/www.ahnenforschung-jackmuth.de\/?page_id=3725\">Werner<\/a><br \/>\n<a href=\"http:\/\/www.ahnenforschung-jackmuth.de\/?page_id=3730\">Wilbert<\/a><br \/>\n<a href=\"http:\/\/www.ahnenforschung-jackmuth.de\/?page_id=3733\"><em>Winn\/Wenn<\/em><\/a><br \/>\n<a href=\"http:\/\/www.ahnenforschung-jackmuth.de\/?page_id=3736\"><em>Wittmann\/Widmann<\/em><\/a><br \/>\n<a href=\"http:\/\/www.ahnenforschung-jackmuth.de\/?page_id=3739\">Zapp<\/a><br \/>\n<a href=\"http:\/\/www.ahnenforschung-jackmuth.de\/?page_id=3742\">Zipp<\/a><br \/>\n<a href=\"http:\/\/www.ahnenforschung-jackmuth.de\/?page_id=3746\">Auf dem Bad gestorbene Ausw\u00e4rtige<\/a><\/td>\n<\/tr>\n<\/tbody>\n<\/table>\n<hr \/>\n<p><strong>Abk\u00fcrzungen<\/strong><\/p>\n<p>gt. \u2013 getauft<br \/>\nbg. \u2013 begraben<br \/>\nkonf. \u2013 konfirmiert<br \/>\nprokl. \u2013 proklamiert<br \/>\nilleg. \u2013 illegitim (unehelich)<br \/>\nDom. \u2013 Dominica (Sonntag)<br \/>\npost Epiph. \u2013 nach Epiphanias (06.01.)<br \/>\npost Trin. \u2013 nach Trinitatis (Sonntag nach Pfingsten)<br \/>\nPfr. \u2013 Pfarrer<br \/>\nLkr. \u2013 Landkreis<br \/>\nVG \u2013 Verbandsgemeinde<br \/>\nGem. \u2013 Gemeinde<br \/>\nKB \u2013 Kirchenbuch<\/p>\n<hr \/>\n<p><strong>Letzte \u00c4nderung: 27. April 2019<\/strong><br \/>\n<strong>Ralph Jackmuth<\/strong><\/p>\n","protected":false},"excerpt":{"rendered":"<p>Die Familien und Einwohner auf dem Emser Bad 1683-1726 (nach dem 1. KB) Familiennamen Ahler Archenholtz Beller Berle Br\u00fcck Buchholtz Daniels de Crom Glasmann G\u00f6deck Gro\u00df G\u00fcnst Hainer Henseler Hermann Heyer\/Hayer Hilchen Jonas Kohlermann Kremper Lanio Lehmann Linckenbach Lotz Megerlin Nolbach No\u00df Ohlimacher \u00d6ser Popp Porta Ques Reiffer Rheinfeld Sann Schepp Scheu Schneider Sch\u00fctz Sendler &hellip; <a href=\"https:\/\/www.ahnenforschung-jackmuth.de\/?page_id=3753\" class=\"more-link\"><span class=\"screen-reader-text\">\u201eEms (Bad) 1683-1726\u201c<\/span> weiterlesen<\/a><\/p>\n","protected":false},"author":1,"featured_media":0,"parent":0,"menu_order":0,"comment_status":"closed","ping_status":"closed","template":"","meta":{"footnotes":""},"class_list":["post-3753","page","type-page","status-publish","hentry"],"_links":{"self":[{"href":"https:\/\/www.ahnenforschung-jackmuth.de\/index.php?rest_route=\/wp\/v2\/pages\/3753","targetHints":{"allow":["GET"]}}],"collection":[{"href":"https:\/\/www.ahnenforschung-jackmuth.de\/index.php?rest_route=\/wp\/v2\/pages"}],"about":[{"href":"https:\/\/www.ahnenforschung-jackmuth.de\/index.php?rest_route=\/wp\/v2\/types\/page"}],"author":[{"embeddable":true,"href":"https:\/\/www.ahnenforschung-jackmuth.de\/index.php?rest_route=\/wp\/v2\/users\/1"}],"replies":[{"embeddable":true,"href":"https:\/\/www.ahnenforschung-jackmuth.de\/index.php?rest_route=%2Fwp%2Fv2%2Fcomments&post=3753"}],"version-history":[{"count":0,"href":"https:\/\/www.ahnenforschung-jackmuth.de\/index.php?rest_route=\/wp\/v2\/pages\/3753\/revisions"}],"wp:attachment":[{"href":"https:\/\/www.ahnenforschung-jackmuth.de\/index.php?rest_route=%2Fwp%2Fv2%2Fmedia&parent=3753"}],"curies":[{"name":"wp","href":"https:\/\/api.w.org\/{rel}","templated":true}]}}

<p><strong>Die Familien und Einwohner auf dem Emser Bad 1683-1726 </strong>(nach dem 1. KB)<strong><br />
</strong></p>
<hr />
<p><strong>Familiennamen</strong></p>
<table>
<tbody>
<tr>
<td style="width: 242.3px;"><a href="http://www.ahnenforschung-jackmuth.de/?page_id=3574">Ahler</a><br />
<a href="http://www.ahnenforschung-jackmuth.de/?page_id=3569">Archenholtz</a><br />
<a href="http://www.ahnenforschung-jackmuth.de/?page_id=3578">Beller</a><br />
<a href="http://www.ahnenforschung-jackmuth.de/?page_id=3581">Berle</a><br />
<a href="http://www.ahnenforschung-jackmuth.de/?page_id=3585">Brück</a><br />
<a href="http://www.ahnenforschung-jackmuth.de/?page_id=3590">Buchholtz</a><br />
<a href="http://www.ahnenforschung-jackmuth.de/?page_id=3593">Daniels</a><br />
<a href="http://www.ahnenforschung-jackmuth.de/?page_id=3595">de Crom</a><br />
<a href="http://www.ahnenforschung-jackmuth.de/?page_id=3598">Glasmann</a><br />
<a href="http://www.ahnenforschung-jackmuth.de/?page_id=3601">Gödeck</a><br />
<a href="http://www.ahnenforschung-jackmuth.de/?page_id=3608">Groß</a><br />
<a href="http://www.ahnenforschung-jackmuth.de/?page_id=3611">Günst</a><br />
<a href="http://www.ahnenforschung-jackmuth.de/?page_id=3614">Hainer</a><br />
<a href="http://www.ahnenforschung-jackmuth.de/?page_id=3620">Henseler</a><br />
<a href="http://www.ahnenforschung-jackmuth.de/?page_id=3624">Hermann</a><br />
<a href="http://www.ahnenforschung-jackmuth.de/?page_id=3629"><em>Heyer/Hayer</em></a><br />
<a href="http://www.ahnenforschung-jackmuth.de/?page_id=3633">Hilchen</a><br />
<a href="http://www.ahnenforschung-jackmuth.de/?page_id=3636">Jonas</a><br />
<a href="http://www.ahnenforschung-jackmuth.de/?page_id=3639">Kohlermann</a><br />
<a href="http://www.ahnenforschung-jackmuth.de/?page_id=3643">Kremper</a><br />
<a href="http://www.ahnenforschung-jackmuth.de/?page_id=3648">Lanio</a><br />
<a href="http://www.ahnenforschung-jackmuth.de/?page_id=3651">Lehmann</a><br />
<a href="http://www.ahnenforschung-jackmuth.de/?page_id=3656">Linckenbach</a><br />
<a href="http://www.ahnenforschung-jackmuth.de/?page_id=3659">Lotz</a><br />
<a href="http://www.ahnenforschung-jackmuth.de/?page_id=3663">Megerlin</a><br />
<a href="http://www.ahnenforschung-jackmuth.de/?page_id=3666">Nolbach</a><br />
<a href="http://www.ahnenforschung-jackmuth.de/?page_id=3669">Noß</a></td>
<td style="width: 566.7px;"><a href="http://www.ahnenforschung-jackmuth.de/?page_id=3673">Ohlimacher</a><br />
<a href="http://www.ahnenforschung-jackmuth.de/?page_id=3676">Öser</a><br />
<a href="http://www.ahnenforschung-jackmuth.de/?page_id=3679">Popp</a><br />
<a href="http://www.ahnenforschung-jackmuth.de/?page_id=3682">Porta</a><br />
<a href="http://www.ahnenforschung-jackmuth.de/?page_id=3684">Ques</a><br />
<a href="http://www.ahnenforschung-jackmuth.de/?page_id=3688">Reiffer</a><br />
<a href="http://www.ahnenforschung-jackmuth.de/?page_id=3691">Rheinfeld</a><br />
<a href="http://www.ahnenforschung-jackmuth.de/?page_id=3694">Sann</a><br />
<a href="http://www.ahnenforschung-jackmuth.de/?page_id=3697">Schepp</a><br />
<a href="http://www.ahnenforschung-jackmuth.de/?page_id=3700">Scheu</a><br />
<a href="http://www.ahnenforschung-jackmuth.de/?page_id=3703">Schneider</a><br />
<a href="http://www.ahnenforschung-jackmuth.de/?page_id=3706">Schütz</a><br />
<a href="http://www.ahnenforschung-jackmuth.de/?page_id=3709">Sendler</a><br />
<a href="http://www.ahnenforschung-jackmuth.de/?page_id=3712">Sirtela</a><br />
<a href="http://www.ahnenforschung-jackmuth.de/?page_id=3714">Staud</a><br />
<a href="http://www.ahnenforschung-jackmuth.de/?page_id=3716">Steinborn</a><br />
<a href="http://www.ahnenforschung-jackmuth.de/?page_id=3718">Tyri</a><br />
<a href="http://www.ahnenforschung-jackmuth.de/?page_id=3720">von Adel</a><br />
<a href="http://www.ahnenforschung-jackmuth.de/?page_id=3722">von der Heyden</a><br />
<a href="http://www.ahnenforschung-jackmuth.de/?page_id=3725">Werner</a><br />
<a href="http://www.ahnenforschung-jackmuth.de/?page_id=3730">Wilbert</a><br />
<a href="http://www.ahnenforschung-jackmuth.de/?page_id=3733"><em>Winn/Wenn</em></a><br />
<a href="http://www.ahnenforschung-jackmuth.de/?page_id=3736"><em>Wittmann/Widmann</em></a><br />
<a href="http://www.ahnenforschung-jackmuth.de/?page_id=3739">Zapp</a><br />
<a href="http://www.ahnenforschung-jackmuth.de/?page_id=3742">Zipp</a><br />
<a href="http://www.ahnenforschung-jackmuth.de/?page_id=3746">Auf dem Bad gestorbene Auswärtige</a></td>
</tr>
</tbody>
</table>
<hr />
<p><strong>Abkürzungen</strong></p>
<p>gt. – getauft<br />
bg. – begraben<br />
konf. – konfirmiert<br />
prokl. – proklamiert<br />
illeg. – illegitim (unehelich)<br />
Dom. – Dominica (Sonntag)<br />
post Epiph. – nach Epiphanias (06.01.)<br />
post Trin. – nach Trinitatis (Sonntag nach Pfingsten)<br />
Pfr. – Pfarrer<br />
Lkr. – Landkreis<br />
VG – Verbandsgemeinde<br />
Gem. – Gemeinde<br />
KB – Kirchenbuch</p>
<hr />
<p><strong>Letzte Änderung: 27. April 2019</strong><br />
<strong>Ralph Jackmuth</strong></p>

<p>Die Familien und Einwohner auf dem Emser Bad 1683-1726 (nach dem 1. KB) Familiennamen Ahler Archenholtz Beller Berle Brück Buchholtz Daniels de Crom Glasmann Gödeck Groß Günst Hainer Henseler Hermann Heyer/Hayer Hilchen Jonas Kohlermann Kremper Lanio Lehmann Linckenbach Lotz Megerlin Nolbach Noß Ohlimacher Öser Popp Porta Ques Reiffer Rheinfeld Sann Schepp Scheu Schneider Schütz Sendler &hellip; <a href="https://www.ahnenforschung-jackmuth.de/?page_id=3753" class="more-link"><span class="screen-reader-text">„Ems (Bad) 1683-1726“</span> weiterlesen</a></p>
