{"id":3742,"date":"2019-04-27T20:35:24","date_gmt":"2019-04-27T20:35:24","guid":{"rendered":"http:\/\/www.ahnenforschung-jackmuth.de\/?page_id=3742"},"modified":"2019-04-27T20:35:58","modified_gmt":"2019-04-27T20:35:58","slug":"ems-bad-zipp","status":"publish","type":"page","link":"https:\/\/www.ahnenforschung-jackmuth.de\/?page_id=3742","title":{"rendered":"Ems (Bad) &#8211; Zipp"},"content":{"rendered":"<p>(<em>Ziepp, Ziepff<\/em>)<\/p>\n<hr \/>\n<p style=\"text-align: justify;\"><span style=\"color: #ff0000;\"><strong><u>Zipp<\/u><\/strong><strong>, Adam Jost:<\/strong><\/span> ein Barbier und Chirurgus (Wundarzt) auf dem Bad (1708\/1711 auch \u201eauf dem Weg am Bad\u201c), 1706 als Regimentsfeldscherer bei der Kavallerie unter dem hochf\u00fcrstl. hessisch-darmst\u00e4dt. Herrn Obrist von Pretlack, 1711 auch als Gastwirt; Sohn des Johann Karl Zipp, kurmainz, Hauptmann zu Aschaffenburg<\/p>\n<p><strong>oo 04.10.1698 Ems<\/strong> (3. Prokl. 02.10.)<\/p>\n<p style=\"text-align: justify;\">mit <strong><u>Reiffer<\/u>, Anna Maria Judith:<\/strong> Tochter des verst. <a href=\"http:\/\/www.ahnenforschung-jackmuth.de\/?page_id=3688\">Gabriel Reiffer<\/a>, gewesener Brunnenmeister auf dem f\u00fcrstl. hessen-darmst\u00e4dt. Bad<\/p>\n<table width=\"595\">\n<tbody>\n<tr>\n<td width=\"208\">1) Charlotta Maria Ferdinanda<\/td>\n<td width=\"142\">gt. 04.08.1701 Ems<\/td>\n<td width=\"246\">bg. 21.06.1705 Ems<\/td>\n<\/tr>\n<tr>\n<td width=\"208\">2) Karl Theodor<\/td>\n<td width=\"142\">gt. 21.10.1703 Ems<\/td>\n<td width=\"246\"><\/td>\n<\/tr>\n<tr>\n<td width=\"208\">3) Friedrich Gabriel<\/td>\n<td width=\"142\">gt. 21.02.1706 Ems<\/td>\n<td width=\"246\">bg. xx.07.1769 Ems<\/td>\n<\/tr>\n<tr>\n<td width=\"208\">4) Anna Elisabeth<\/td>\n<td width=\"142\">gt. 22.04.1708 Ems<\/td>\n<td width=\"246\"><\/td>\n<\/tr>\n<tr>\n<td width=\"208\">5) Johann Jakob<\/td>\n<td width=\"142\">gt. 25.03.1711 Ems<\/td>\n<td width=\"246\">bg. xx.02.1754 Ems<\/td>\n<\/tr>\n<\/tbody>\n<\/table>\n<p style=\"text-align: justify;\"><strong>Paten: zu 1) <\/strong><em>Tauff-Goden sind: Elisabetha Charlotta Ernestina, H[errn] Joh[ann] Nicolaus Hermann, Vogts auff dem f\u00fcrst[lich] hessen-d[a]r[m]bst\u00e4ttischen Baad, Tochter, vnd Christina Maria, H[errn] Joh[ann] Christoph G\u00f6decks, Vogts auff dem f\u00fcrst[lich] nassau-dietzischen Baad, Ehefrau. Der Path ist: Herr Ferdinand Megerlin, medicinae candidat[us] vnd f\u00fcrt[lich] hessischer Hoffapotecker zu Darmbstatt vnd Baad Embs. <\/em>\u2014 <strong>zu 2) <\/strong><em>Tauffpathen sind: Theodor[us] Reiffer, ein Becker vnd Brunnenbedienter auff hiesigem Baad, vnd Joh[ann] Carl Ahler, ein Becker vnd gemeiner Vorsteher zu dem Baad. Die God ist: die Brunnenmeisterin Fr. Anna Maria Reiffer, vor welche am Tauffstein gestanden Anna Judith, oberwehnten Theodori Reiffers uxor <\/em>\u2014 <strong>zu 3) <\/strong><em>Tauffpathen sind: Herr Friederich Ludwig Archenholtz bey &lt;der&gt; Infanterie vnter dem hochf\u00fcrst[lich] hessen-d[a]r[m]b&lt;st\u00e4ttischen&gt; Herrn General-Major von Schrautenbach, w&lt;ohl&gt;bestelter Auditeur, vnd Herr Johann Gabriel D\u00f6rbeck, gemeinschafft[liche]r Schulthei\u00df v[nd] Chirurgus allhier. Die God ist: Jungfer Susanna Elisabetha Dorothea, Herrn Johannis Leporini, verordneten Pfarrers dahier zu Embs, &lt;&#8230;&gt; Tochter <\/em>\u2014 <strong>zu 4) <\/strong><em>Tauffzeugen sind: Anna Elisabetha, H[errn] Johann Gabriel D\u00f6rbecks, chirurgi vnd gemeinschafftlichen Schulthei\u00dfen allhier, Eheweib; Herr Johann Christoph Hermann, ein Barbierer vnd Chirurgus zu Baad Embs; vnd Anna Elisabetha, Joh[ann] David Werners, eines Beckers auff dem Weg am Baad, Ehefrau <\/em>\u2014 <strong>zu 5) <\/strong><em>Tauffpathen sind: der Studiosus Herr Johannes Leporinus, pastoris Embsani filius, vnd Hans Jacob Schupp, ein Einwohner vnd gemeiner Vorsteher dahier zu Embs. Die God ist: Jungfer Sibylla Elisabetha R\u00fchelin au\u00df Langen-Schwalbach, dermahlen zu Baad Embs sich auffhaltend<\/em><\/p>\n<hr \/>\n<p style=\"text-align: justify;\"><strong><span style=\"font-size: 10pt;\">Letzte \u00c4nderung: 27. April 2019<\/span><\/strong><br \/>\n<strong><span style=\"font-size: 10pt;\">Ralph Jackmuth<\/span><\/strong><\/p>\n","protected":false},"excerpt":{"rendered":"<p>(Ziepp, Ziepff) Zipp, Adam Jost: ein Barbier und Chirurgus (Wundarzt) auf dem Bad (1708\/1711 auch \u201eauf dem Weg am Bad\u201c), 1706 als Regimentsfeldscherer bei der Kavallerie unter dem hochf\u00fcrstl. hessisch-darmst\u00e4dt. Herrn Obrist von Pretlack, 1711 auch als Gastwirt; Sohn des Johann Karl Zipp, kurmainz, Hauptmann zu Aschaffenburg oo 04.10.1698 Ems (3. Prokl. 02.10.) mit Reiffer, &hellip; <a href=\"https:\/\/www.ahnenforschung-jackmuth.de\/?page_id=3742\" class=\"more-link\"><span class=\"screen-reader-text\">\u201eEms (Bad) &#8211; Zipp\u201c<\/span> weiterlesen<\/a><\/p>\n","protected":false},"author":1,"featured_media":0,"parent":0,"menu_order":0,"comment_status":"closed","ping_status":"closed","template":"","meta":{"footnotes":""},"class_list":["post-3742","page","type-page","status-publish","hentry"],"_links":{"self":[{"href":"https:\/\/www.ahnenforschung-jackmuth.de\/index.php?rest_route=\/wp\/v2\/pages\/3742","targetHints":{"allow":["GET"]}}],"collection":[{"href":"https:\/\/www.ahnenforschung-jackmuth.de\/index.php?rest_route=\/wp\/v2\/pages"}],"about":[{"href":"https:\/\/www.ahnenforschung-jackmuth.de\/index.php?rest_route=\/wp\/v2\/types\/page"}],"author":[{"embeddable":true,"href":"https:\/\/www.ahnenforschung-jackmuth.de\/index.php?rest_route=\/wp\/v2\/users\/1"}],"replies":[{"embeddable":true,"href":"https:\/\/www.ahnenforschung-jackmuth.de\/index.php?rest_route=%2Fwp%2Fv2%2Fcomments&post=3742"}],"version-history":[{"count":0,"href":"https:\/\/www.ahnenforschung-jackmuth.de\/index.php?rest_route=\/wp\/v2\/pages\/3742\/revisions"}],"wp:attachment":[{"href":"https:\/\/www.ahnenforschung-jackmuth.de\/index.php?rest_route=%2Fwp%2Fv2%2Fmedia&parent=3742"}],"curies":[{"name":"wp","href":"https:\/\/api.w.org\/{rel}","templated":true}]}}