{"id":3700,"date":"2019-04-27T20:11:27","date_gmt":"2019-04-27T20:11:27","guid":{"rendered":"http:\/\/www.ahnenforschung-jackmuth.de\/?page_id=3700"},"modified":"2019-04-27T20:11:27","modified_gmt":"2019-04-27T20:11:27","slug":"ems-bad-scheu","status":"publish","type":"page","link":"https:\/\/www.ahnenforschung-jackmuth.de\/?page_id=3700","title":{"rendered":"Ems (Bad) &#8211; Scheu"},"content":{"rendered":"<p style=\"text-align: justify;\"><span style=\"color: #ff0000;\"><strong><u>Scheu<\/u><\/strong><strong>, Johannes: <\/strong><\/span>ein \u201ewohlber\u00fchmter\u201c Zimmermeister; h\u00e4lt sich 1696 auf dem Bad auf, ab 1698 in Ems; bg, 12.03.1706 Ems, 42 Jahre alt<\/p>\n<p>oo mit <strong>Elisabeth<\/strong><\/p>\n<table style=\"height: 280px;\" width=\"586\">\n<tbody>\n<tr style=\"height: 56px;\">\n<td style=\"height: 56px; width: 218.65px;\">1) Johann Nikolaus<\/td>\n<td style=\"height: 56px; width: 193.417px;\">gt. 02.02.1696 Ems<\/td>\n<td style=\"height: 56px; width: 381.933px;\">bg. 16.02.1701 Ems<\/td>\n<\/tr>\n<tr style=\"height: 56px;\">\n<td style=\"height: 56px; width: 218.65px;\">2) Susanna Johanna<\/td>\n<td style=\"height: 56px; width: 193.417px;\">gt. 25.01.1698 Ems<\/td>\n<td style=\"height: 56px; width: 381.933px;\">bg. 16.02.1698 Ems<\/td>\n<\/tr>\n<tr style=\"height: 56px;\">\n<td style=\"height: 56px; width: 218.65px;\">3) Anna Magdalena<\/td>\n<td style=\"height: 56px; width: 193.417px;\">gt. 11.06.1699 Ems<\/td>\n<td style=\"height: 56px; width: 381.933px;\"><\/td>\n<\/tr>\n<tr style=\"height: 56px;\">\n<td style=\"height: 56px; width: 218.65px;\">4) Charlotta Katharina<\/td>\n<td style=\"height: 56px; width: 193.417px;\">gt. 10.07.1701 Ems<\/td>\n<td style=\"height: 56px; width: 381.933px;\"><\/td>\n<\/tr>\n<tr style=\"height: 56px;\">\n<td style=\"height: 56px; width: 218.65px;\">5) Maria Katharina<\/td>\n<td style=\"height: 56px; width: 193.417px;\">gt. 04.11.1703 Ems<\/td>\n<td style=\"height: 56px; width: 381.933px;\">bg. 20.02.1705 Ems<\/td>\n<\/tr>\n<\/tbody>\n<\/table>\n<p style=\"text-align: justify;\"><strong>Paten: zu 1) <\/strong><em>Tauffpathen sind: Herr Johann Hermann, f\u00fcrst[lich] hessen-d[a]r[m]bst\u00e4ttischer Vogt auff dem Baad Embs, vnd Christina Maria, Herrn Johann Hermann Ohlimachers, f\u00fcrst[lich] nassau-dietzischen Vogts auff dem Baad Embs Eheliebste <\/em>\u2014 <strong>zu 2)<\/strong><em>Tauffzeugen sind: Fr. Susanna Elisabetha, des chirurgi H[errn] Georg Wilhelm Ohlimachers auff dem Baad Hau\u00dffrau, vnd H[err] Johann Gabriel D\u00f6rbeck, gemeinschafft[licher] Schulthei\u00df vnd chirurgus all&lt;hier&gt; <\/em>\u2014 <strong>zu 3) <\/strong><em>Tauffzeugen sind: Anna Magdalena, Meister Carl Ahlers, &#8230; Vorstehers vnd Beckers auff dem Baad, eheliche Hau\u00dffrau, vnd Hans Martin Zimmerschied, ein Gerichts-Sch\u00f6pff dahier in Embs <\/em>\u2014 <strong>zu 4) <\/strong><em>Tauff Goden sind: Maria Charlotte Josepha, H[err] Joh[ann] Gabriel D\u00f6rbecks, Sculteti &amp; Chirurgi allhier, T\u00f6chterlein, vnd Anna Catharina, eines Schlo\u00dfers nahmens Johanne Friederich vff &lt;der&gt; Vestung Ehrenbreitstein, Eheweib. Der Path ist: Meister Johann Philips Wilbert, ein Schreiner zu Nassau-Scheuern <\/em>\u2014 <strong>zu 5) <\/strong><em>Tauffzeugen sind: Maria, Meister Hans Wolffs Duris, Schuhmachers im Thal Ehrenbreitstein, Eheweib, vnd Meister Nicolaus Br\u00fcck, bestellter Leyendecker am churtrierischen Hoff daselbsten, vnd weilen diese beyde Personen r\u00f6misch-catholischer Religion, so haben bey ihnen gestanden am Tauffstein: Anna Eva, Bartholom\u00e6i Caphne Hau\u00dffrau, vnd H[err] Joh&lt;ann&gt; Gabriel D\u00f6rbeck, Chirurgus vnd Scultetus allhier<\/em><\/p>\n<p style=\"text-align: justify;\"><em>\u00a0<\/em><strong><span style=\"font-size: 10pt;\">Letzte \u00c4nderung: 27. April 2019<\/span><\/strong><br \/>\n<strong><span style=\"font-size: 10pt;\">Ralph Jackmuth<\/span><\/strong><\/p>\n","protected":false},"excerpt":{"rendered":"<p>Scheu, Johannes: ein \u201ewohlber\u00fchmter\u201c Zimmermeister; h\u00e4lt sich 1696 auf dem Bad auf, ab 1698 in Ems; bg, 12.03.1706 Ems, 42 Jahre alt oo mit Elisabeth 1) Johann Nikolaus gt. 02.02.1696 Ems bg. 16.02.1701 Ems 2) Susanna Johanna gt. 25.01.1698 Ems bg. 16.02.1698 Ems 3) Anna Magdalena gt. 11.06.1699 Ems 4) Charlotta Katharina gt. 10.07.1701 Ems &hellip; <a href=\"https:\/\/www.ahnenforschung-jackmuth.de\/?page_id=3700\" class=\"more-link\"><span class=\"screen-reader-text\">\u201eEms (Bad) &#8211; Scheu\u201c<\/span> weiterlesen<\/a><\/p>\n","protected":false},"author":1,"featured_media":0,"parent":0,"menu_order":0,"comment_status":"closed","ping_status":"closed","template":"","meta":{"footnotes":""},"class_list":["post-3700","page","type-page","status-publish","hentry"],"_links":{"self":[{"href":"https:\/\/www.ahnenforschung-jackmuth.de\/index.php?rest_route=\/wp\/v2\/pages\/3700","targetHints":{"allow":["GET"]}}],"collection":[{"href":"https:\/\/www.ahnenforschung-jackmuth.de\/index.php?rest_route=\/wp\/v2\/pages"}],"about":[{"href":"https:\/\/www.ahnenforschung-jackmuth.de\/index.php?rest_route=\/wp\/v2\/types\/page"}],"author":[{"embeddable":true,"href":"https:\/\/www.ahnenforschung-jackmuth.de\/index.php?rest_route=\/wp\/v2\/users\/1"}],"replies":[{"embeddable":true,"href":"https:\/\/www.ahnenforschung-jackmuth.de\/index.php?rest_route=%2Fwp%2Fv2%2Fcomments&post=3700"}],"version-history":[{"count":0,"href":"https:\/\/www.ahnenforschung-jackmuth.de\/index.php?rest_route=\/wp\/v2\/pages\/3700\/revisions"}],"wp:attachment":[{"href":"https:\/\/www.ahnenforschung-jackmuth.de\/index.php?rest_route=%2Fwp%2Fv2%2Fmedia&parent=3700"}],"curies":[{"name":"wp","href":"https:\/\/api.w.org\/{rel}","templated":true}]}}

<p style="text-align: justify;"><span style="color: #ff0000;"><strong><u>Scheu</u></strong><strong>, Johannes: </strong></span>ein „wohlberühmter“ Zimmermeister; hält sich 1696 auf dem Bad auf, ab 1698 in Ems; bg, 12.03.1706 Ems, 42 Jahre alt</p>
<p>oo mit <strong>Elisabeth</strong></p>
<table style="height: 280px;" width="586">
<tbody>
<tr style="height: 56px;">
<td style="height: 56px; width: 218.65px;">1) Johann Nikolaus</td>
<td style="height: 56px; width: 193.417px;">gt. 02.02.1696 Ems</td>
<td style="height: 56px; width: 381.933px;">bg. 16.02.1701 Ems</td>
</tr>
<tr style="height: 56px;">
<td style="height: 56px; width: 218.65px;">2) Susanna Johanna</td>
<td style="height: 56px; width: 193.417px;">gt. 25.01.1698 Ems</td>
<td style="height: 56px; width: 381.933px;">bg. 16.02.1698 Ems</td>
</tr>
<tr style="height: 56px;">
<td style="height: 56px; width: 218.65px;">3) Anna Magdalena</td>
<td style="height: 56px; width: 193.417px;">gt. 11.06.1699 Ems</td>
<td style="height: 56px; width: 381.933px;"></td>
</tr>
<tr style="height: 56px;">
<td style="height: 56px; width: 218.65px;">4) Charlotta Katharina</td>
<td style="height: 56px; width: 193.417px;">gt. 10.07.1701 Ems</td>
<td style="height: 56px; width: 381.933px;"></td>
</tr>
<tr style="height: 56px;">
<td style="height: 56px; width: 218.65px;">5) Maria Katharina</td>
<td style="height: 56px; width: 193.417px;">gt. 04.11.1703 Ems</td>
<td style="height: 56px; width: 381.933px;">bg. 20.02.1705 Ems</td>
</tr>
</tbody>
</table>
<p style="text-align: justify;"><strong>Paten: zu 1) </strong><em>Tauffpathen sind: Herr Johann Hermann, fürst[lich] hessen-d[a]r[m]bstättischer Vogt auff dem Baad Embs, vnd Christina Maria, Herrn Johann Hermann Ohlimachers, fürst[lich] nassau-dietzischen Vogts auff dem Baad Embs Eheliebste </em>— <strong>zu 2)</strong><em>Tauffzeugen sind: Fr. Susanna Elisabetha, des chirurgi H[errn] Georg Wilhelm Ohlimachers auff dem Baad Haußfrau, vnd H[err] Johann Gabriel Dörbeck, gemeinschafft[licher] Schultheiß vnd chirurgus all&lt;hier&gt; </em>— <strong>zu 3) </strong><em>Tauffzeugen sind: Anna Magdalena, Meister Carl Ahlers, &#8230; Vorstehers vnd Beckers auff dem Baad, eheliche Haußfrau, vnd Hans Martin Zimmerschied, ein Gerichts-Schöpff dahier in Embs </em>— <strong>zu 4) </strong><em>Tauff Goden sind: Maria Charlotte Josepha, H[err] Joh[ann] Gabriel Dörbecks, Sculteti &amp; Chirurgi allhier, Töchterlein, vnd Anna Catharina, eines Schloßers nahmens Johanne Friederich vff &lt;der&gt; Vestung Ehrenbreitstein, Eheweib. Der Path ist: Meister Johann Philips Wilbert, ein Schreiner zu Nassau-Scheuern </em>— <strong>zu 5) </strong><em>Tauffzeugen sind: Maria, Meister Hans Wolffs Duris, Schuhmachers im Thal Ehrenbreitstein, Eheweib, vnd Meister Nicolaus Brück, bestellter Leyendecker am churtrierischen Hoff daselbsten, vnd weilen diese beyde Personen römisch-catholischer Religion, so haben bey ihnen gestanden am Tauffstein: Anna Eva, Bartholomæi Caphne Haußfrau, vnd H[err] Joh&lt;ann&gt; Gabriel Dörbeck, Chirurgus vnd Scultetus allhier</em></p>
<p style="text-align: justify;"><em> </em><strong><span style="font-size: 10pt;">Letzte Änderung: 27. April 2019</span></strong><br />
<strong><span style="font-size: 10pt;">Ralph Jackmuth</span></strong></p>

<p>Scheu, Johannes: ein „wohlberühmter“ Zimmermeister; hält sich 1696 auf dem Bad auf, ab 1698 in Ems; bg, 12.03.1706 Ems, 42 Jahre alt oo mit Elisabeth 1) Johann Nikolaus gt. 02.02.1696 Ems bg. 16.02.1701 Ems 2) Susanna Johanna gt. 25.01.1698 Ems bg. 16.02.1698 Ems 3) Anna Magdalena gt. 11.06.1699 Ems 4) Charlotta Katharina gt. 10.07.1701 Ems &hellip; <a href="https://www.ahnenforschung-jackmuth.de/?page_id=3700" class="more-link"><span class="screen-reader-text">„Ems (Bad) &#8211; Scheu“</span> weiterlesen</a></p>
