{"id":3697,"date":"2019-04-27T20:10:19","date_gmt":"2019-04-27T20:10:19","guid":{"rendered":"http:\/\/www.ahnenforschung-jackmuth.de\/?page_id=3697"},"modified":"2019-04-27T20:10:19","modified_gmt":"2019-04-27T20:10:19","slug":"ems-bad-schepp","status":"publish","type":"page","link":"https:\/\/www.ahnenforschung-jackmuth.de\/?page_id=3697","title":{"rendered":"Ems (Bad) &#8211; Schepp"},"content":{"rendered":"<p><span style=\"color: #ff0000;\"><strong><u>Schepp<\/u><\/strong><strong>, Barthel:<\/strong><\/span> ein B\u00e4cker und Schiffmann; wohnhaft jenseits der Lahn, dem Bad gegen\u00fcber<\/p>\n<p>oo I. mit <strong>Anna Sophia: <\/strong>bg. 23.09.1708 Ems, 66 Jahre alt<\/p>\n<table width=\"595\">\n<tbody>\n<tr>\n<td style=\"width: 172.217px;\">1) Johann Gottfried<\/td>\n<td style=\"width: 236.3px;\">konf. 03.06.1688 (Pfingsten)<\/td>\n<td style=\"width: 385.483px;\">oo 02.11.1700 mit Maria Magdalena Lauter<\/td>\n<\/tr>\n<tr>\n<td style=\"width: 172.217px;\">2) Anna Veronika<\/td>\n<td style=\"width: 236.3px;\">konf. 03.06.1688 (Pfingsten)<\/td>\n<td style=\"width: 385.483px;\">oo 25.01.1701 mit Johann Peter Berle<\/td>\n<\/tr>\n<tr>\n<td style=\"width: 172.217px;\">3) Maria Barbara<\/td>\n<td style=\"width: 236.3px;\"><\/td>\n<td style=\"width: 385.483px;\">oo 03.09.1695 mit Johann Anton Gro\u00df<\/td>\n<\/tr>\n<tr>\n<td style=\"width: 172.217px;\">4) Eliabetha Kath.<\/td>\n<td style=\"width: 236.3px;\">&nbsp;<\/td>\n<td style=\"width: 385.483px;\">Patin 28.12.1690 bei Johann Karl Ahler<br \/>\noo 01.11.1693 Ems mit Matth\u00e4us Georg Reiffer<\/td>\n<\/tr>\n<tr>\n<td style=\"width: 172.217px;\">5) Joh. Hermann<\/td>\n<td style=\"width: 236.3px;\"><\/td>\n<td style=\"width: 385.483px;\">bg. 25.03.1684 Ems<\/td>\n<\/tr>\n<tr>\n<td style=\"width: 172.217px;\">6) Anna Gertrud<\/td>\n<td style=\"width: 236.3px;\">gt. 12.08.1683 Ems<\/td>\n<td style=\"width: 385.483px;\"><\/td>\n<\/tr>\n<tr>\n<td style=\"width: 172.217px;\">7) Johann Thomas<\/td>\n<td style=\"width: 236.3px;\">gt. 29.03.1685 Ems<\/td>\n<td style=\"width: 385.483px;\">bg. 03.09.1689 Ems<\/td>\n<\/tr>\n<tr>\n<td style=\"width: 172.217px;\">8) Johann Karl<\/td>\n<td style=\"width: 236.3px;\">gt. 17.05.1687 Ems<\/td>\n<td style=\"width: 385.483px;\">bg. 05.10.1687 Ems<\/td>\n<\/tr>\n<\/tbody>\n<\/table>\n<p style=\"text-align: justify;\"><strong>Paten:<\/strong> <strong>zu 6)<\/strong> <em>Gevattern waren: 1) &#8230; &lt;Philip&gt;pina, Philips Winnen, des Schmids auf dem Baad, Tochter; 2) Hermann Kneidge, Einwohner zu Kemmenau; 3) Anna Gertraud, Philips Rosbachs nachgelassene Tochter <\/em>\u2014 <strong>zu 7) <\/strong><em>Gevattern waren: 1) Henrich Winn vom Baad; 2) Anna Apollonia, Gottfried Zapp Hau\u00dffrau; 3) Thomas Moseler, Hofmann vom Wintersberg <\/em>\u2014 <strong>zu 8) <\/strong><em>Gevattern waren: 1) H[err] Johann Hermann Oligmacher; 2) J[ung]f[e]r Louysa Promissa Archenholtzin; 3) Carle Ahler, Becker auff dem Baad<\/em><\/p>\n<p><em>\u00a0<\/em><strong>oo II. 16.04.1709<\/strong> <strong>Ems<\/strong> (3. Prokl. 14.04.)<\/p>\n<p style=\"text-align: justify;\">mit <strong><u>Lang<\/u>, Anna Maria:<\/strong> Tochter des verst. Johannes Lang, gewesener Zimmermann und Beisasse auf dem <em>Crunaischen<\/em> Hof an der Lahn genannt \u201ezum Haus\u201c; am 31.03.1709 zum ev.-luth. Glauben konvertiert (KB 1, pag. 784)<\/p>\n<table width=\"595\">\n<tbody>\n<tr>\n<td width=\"217\">Charlotta Christina Wilhelmina<\/td>\n<td width=\"161\">gt. 20.07.1710 Ems<\/td>\n<td width=\"217\"><\/td>\n<\/tr>\n<\/tbody>\n<\/table>\n<p style=\"text-align: justify;\"><strong>Paten:<\/strong> <em>Tauff-Goden sind: die wohledle Jungfer Anna Christina Clotzin au\u00df Butzbach vnd Elisabetha Charlotta Ernestina, des hessischen Herrn Vogts Hermann zu Baad Embs Jungfer Tochter. Der Path ist: Herr Wilhelm Lazarus Geme&lt;&#8230;&gt;, wohlbestellter Chirurgus vnd Kammerdiener bey &lt;seiner&gt; hochf\u00fcrst[lichen] Durch[laucht] zu Darmbstatt<\/em><\/p>\n<hr \/>\n<p><span style=\"color: #ff0000;\"><strong><u>Schepp<\/u><\/strong><strong>, Johann Gottfried:<\/strong><\/span> ein B\u00e4cker und Schiffmann \u00fcber die Lahn am Bad; Sohn des Barthel Schepp<\/p>\n<p><strong>oo 02.11.1700<\/strong> <strong>Ems<\/strong> (3. Prokl. 31.01.)<\/p>\n<p style=\"text-align: justify;\">mit <strong><u>Lauter<\/u>, Maria Magdalena:<\/strong> Tochter des verst. Paul Lauter, gewesener B\u00fcrger und Schiffmann in Koblenz<\/p>\n<table width=\"586\">\n<tbody>\n<tr>\n<td width=\"189\">1) Johann Tilmann<\/td>\n<td width=\"151\">gt. 30.08.1701 Ems<\/td>\n<td width=\"246\">bg. 14.05.1702 Ems<\/td>\n<\/tr>\n<tr>\n<td width=\"189\">2) Anna Kunigunde<\/td>\n<td width=\"151\">gt. 04.03.1703 Ems<\/td>\n<td width=\"246\">bg. 22.01.1780 Ems<\/td>\n<\/tr>\n<tr>\n<td width=\"189\">3) Jakobina Adelheid<\/td>\n<td width=\"151\">gt. 19.07.1705 Ems<\/td>\n<td width=\"246\"><\/td>\n<\/tr>\n<tr>\n<td width=\"189\">4) Johann Dietrich Jakob<\/td>\n<td width=\"151\">gt. 03.06.1708 Ems<\/td>\n<td width=\"246\"><\/td>\n<\/tr>\n<tr>\n<td width=\"189\">5) Maria Christina<\/td>\n<td width=\"151\">gt. 00.05.1711 Ems<\/td>\n<td width=\"246\"><\/td>\n<\/tr>\n<\/tbody>\n<\/table>\n<p style=\"text-align: justify;\"><strong>Paten: zu 1) <\/strong><em>Tauffpathen sind: Tilmannus Lauter, ein Schiffmann zu Coblentz, vnd Johann Barthol. Schepp, gegen dem Baad \u00fcber wohnender Becker v[nd] Schiffmann \/: dieser beyden Pathen Stelle, weilen sie nicht gegenw\u00e4rtig seyn konten, haben bey dem Tauffstein vertretten Johann Anthoni[us] Gro\u00df vnd Joh[ann] Carl Ahler. Die God ist: Anna, Meister Nicolaus Hoffmanns, eines B\u00fcrger- vnd W\u00fcllenwebers in Coblentz, Tochter <\/em>\u2014 <strong>zu 2) <\/strong><em>Tauff-Goden sind: Elisabetha Catharina, des Beckers Moritz Georg Reiffers Hau\u00dffrau, vnd Anna Kunigunda, H[err] Johannes Schneider, h[uius] t[empore] Organisten an der Castor-Kirch zu Coblentz, Ehefrau \/: vor welche, weilen sie p\u00e4pstischer Religion, am Tauffstein gestanden Anna Veronica, Joh[ann] Peter Berle Frau :\/ Der Path ist: Theodorus Reiffer am Baad <\/em>\u2014 <strong>zu 3) <\/strong><em>Tauff-Goden sind: Maria Jacobina, des chirurgi H[errn] Georg Wilhelm Ohlimachers am Baad Tochter, vnd Adelheit, p[ro] t[empore] zu Kerpen ohnweit C\u00f6lln, eines Feldscherers nahmens Ir&#8230; nachgelassene Wittib. Der Path ist: Joh[ann] Anthonius Gro\u00df, ein Krammer v[nd] Schiffmann auff dem Baad <\/em>\u2014 <strong>zu 4) <\/strong><em>Tauffzeugen sind: H[err] Johann Dieterich G\u00fcntz, ein am Baad p[ro] t[empore] sich auffhaltender Perruqvier, geb\u00fcrtig zu Cassel; Anna Veronica, Johann Peter Berlen, eines Beckers auff dem Baaderweg, Hau\u00dffrau; vnd Jacobus Henseler, ein h[uius] t[empore] sich am Baad auffhaltender Schreiner <\/em>\u2014 <strong>zu 5) <\/strong><em>Tauff-Goden sind: Anna Maria Judith, H[errn] Adam Jost Zieppen, Barbierers vnd Chirurgi an besagtem Weg, Eheweib, vnd Anna Christina, Meister Helme\u00dfen Lanio, eines Metzgers am Baad, Ehefrau. Der Path ist: Anthonius Lotz, ein Gemeins-Mann am Baad<\/em><\/p>\n<hr \/>\n<p style=\"text-align: justify;\"><strong><span style=\"font-size: 10pt;\">Letzte \u00c4nderung: 27. April 2019<\/span><\/strong><br \/>\n<strong><span style=\"font-size: 10pt;\">Ralph Jackmuth<\/span><\/strong><\/p>\n","protected":false},"excerpt":{"rendered":"<p>Schepp, Barthel: ein B\u00e4cker und Schiffmann; wohnhaft jenseits der Lahn, dem Bad gegen\u00fcber oo I. mit Anna Sophia: bg. 23.09.1708 Ems, 66 Jahre alt 1) Johann Gottfried konf. 03.06.1688 (Pfingsten) oo 02.11.1700 mit Maria Magdalena Lauter 2) Anna Veronika konf. 03.06.1688 (Pfingsten) oo 25.01.1701 mit Johann Peter Berle 3) Maria Barbara oo 03.09.1695 mit Johann &hellip; <a href=\"https:\/\/www.ahnenforschung-jackmuth.de\/?page_id=3697\" class=\"more-link\"><span class=\"screen-reader-text\">\u201eEms (Bad) &#8211; Schepp\u201c<\/span> weiterlesen<\/a><\/p>\n","protected":false},"author":1,"featured_media":0,"parent":0,"menu_order":0,"comment_status":"closed","ping_status":"closed","template":"","meta":{"footnotes":""},"class_list":["post-3697","page","type-page","status-publish","hentry"],"_links":{"self":[{"href":"https:\/\/www.ahnenforschung-jackmuth.de\/index.php?rest_route=\/wp\/v2\/pages\/3697","targetHints":{"allow":["GET"]}}],"collection":[{"href":"https:\/\/www.ahnenforschung-jackmuth.de\/index.php?rest_route=\/wp\/v2\/pages"}],"about":[{"href":"https:\/\/www.ahnenforschung-jackmuth.de\/index.php?rest_route=\/wp\/v2\/types\/page"}],"author":[{"embeddable":true,"href":"https:\/\/www.ahnenforschung-jackmuth.de\/index.php?rest_route=\/wp\/v2\/users\/1"}],"replies":[{"embeddable":true,"href":"https:\/\/www.ahnenforschung-jackmuth.de\/index.php?rest_route=%2Fwp%2Fv2%2Fcomments&post=3697"}],"version-history":[{"count":0,"href":"https:\/\/www.ahnenforschung-jackmuth.de\/index.php?rest_route=\/wp\/v2\/pages\/3697\/revisions"}],"wp:attachment":[{"href":"https:\/\/www.ahnenforschung-jackmuth.de\/index.php?rest_route=%2Fwp%2Fv2%2Fmedia&parent=3697"}],"curies":[{"name":"wp","href":"https:\/\/api.w.org\/{rel}","templated":true}]}}

<p><span style="color: #ff0000;"><strong><u>Schepp</u></strong><strong>, Barthel:</strong></span> ein Bäcker und Schiffmann; wohnhaft jenseits der Lahn, dem Bad gegenüber</p>
<p>oo I. mit <strong>Anna Sophia: </strong>bg. 23.09.1708 Ems, 66 Jahre alt</p>
<table width="595">
<tbody>
<tr>
<td style="width: 172.217px;">1) Johann Gottfried</td>
<td style="width: 236.3px;">konf. 03.06.1688 (Pfingsten)</td>
<td style="width: 385.483px;">oo 02.11.1700 mit Maria Magdalena Lauter</td>
</tr>
<tr>
<td style="width: 172.217px;">2) Anna Veronika</td>
<td style="width: 236.3px;">konf. 03.06.1688 (Pfingsten)</td>
<td style="width: 385.483px;">oo 25.01.1701 mit Johann Peter Berle</td>
</tr>
<tr>
<td style="width: 172.217px;">3) Maria Barbara</td>
<td style="width: 236.3px;"></td>
<td style="width: 385.483px;">oo 03.09.1695 mit Johann Anton Groß</td>
</tr>
<tr>
<td style="width: 172.217px;">4) Eliabetha Kath.</td>
<td style="width: 236.3px;">&nbsp;</td>
<td style="width: 385.483px;">Patin 28.12.1690 bei Johann Karl Ahler<br />
oo 01.11.1693 Ems mit Matthäus Georg Reiffer</td>
</tr>
<tr>
<td style="width: 172.217px;">5) Joh. Hermann</td>
<td style="width: 236.3px;"></td>
<td style="width: 385.483px;">bg. 25.03.1684 Ems</td>
</tr>
<tr>
<td style="width: 172.217px;">6) Anna Gertrud</td>
<td style="width: 236.3px;">gt. 12.08.1683 Ems</td>
<td style="width: 385.483px;"></td>
</tr>
<tr>
<td style="width: 172.217px;">7) Johann Thomas</td>
<td style="width: 236.3px;">gt. 29.03.1685 Ems</td>
<td style="width: 385.483px;">bg. 03.09.1689 Ems</td>
</tr>
<tr>
<td style="width: 172.217px;">8) Johann Karl</td>
<td style="width: 236.3px;">gt. 17.05.1687 Ems</td>
<td style="width: 385.483px;">bg. 05.10.1687 Ems</td>
</tr>
</tbody>
</table>
<p style="text-align: justify;"><strong>Paten:</strong> <strong>zu 6)</strong> <em>Gevattern waren: 1) &#8230; &lt;Philip&gt;pina, Philips Winnen, des Schmids auf dem Baad, Tochter; 2) Hermann Kneidge, Einwohner zu Kemmenau; 3) Anna Gertraud, Philips Rosbachs nachgelassene Tochter </em>— <strong>zu 7) </strong><em>Gevattern waren: 1) Henrich Winn vom Baad; 2) Anna Apollonia, Gottfried Zapp Haußfrau; 3) Thomas Moseler, Hofmann vom Wintersberg </em>— <strong>zu 8) </strong><em>Gevattern waren: 1) H[err] Johann Hermann Oligmacher; 2) J[ung]f[e]r Louysa Promissa Archenholtzin; 3) Carle Ahler, Becker auff dem Baad</em></p>
<p><em> </em><strong>oo II. 16.04.1709</strong> <strong>Ems</strong> (3. Prokl. 14.04.)</p>
<p style="text-align: justify;">mit <strong><u>Lang</u>, Anna Maria:</strong> Tochter des verst. Johannes Lang, gewesener Zimmermann und Beisasse auf dem <em>Crunaischen</em> Hof an der Lahn genannt „zum Haus“; am 31.03.1709 zum ev.-luth. Glauben konvertiert (KB 1, pag. 784)</p>
<table width="595">
<tbody>
<tr>
<td width="217">Charlotta Christina Wilhelmina</td>
<td width="161">gt. 20.07.1710 Ems</td>
<td width="217"></td>
</tr>
</tbody>
</table>
<p style="text-align: justify;"><strong>Paten:</strong> <em>Tauff-Goden sind: die wohledle Jungfer Anna Christina Clotzin auß Butzbach vnd Elisabetha Charlotta Ernestina, des hessischen Herrn Vogts Hermann zu Baad Embs Jungfer Tochter. Der Path ist: Herr Wilhelm Lazarus Geme&lt;&#8230;&gt;, wohlbestellter Chirurgus vnd Kammerdiener bey &lt;seiner&gt; hochfürst[lichen] Durch[laucht] zu Darmbstatt</em></p>
<hr />
<p><span style="color: #ff0000;"><strong><u>Schepp</u></strong><strong>, Johann Gottfried:</strong></span> ein Bäcker und Schiffmann über die Lahn am Bad; Sohn des Barthel Schepp</p>
<p><strong>oo 02.11.1700</strong> <strong>Ems</strong> (3. Prokl. 31.01.)</p>
<p style="text-align: justify;">mit <strong><u>Lauter</u>, Maria Magdalena:</strong> Tochter des verst. Paul Lauter, gewesener Bürger und Schiffmann in Koblenz</p>
<table width="586">
<tbody>
<tr>
<td width="189">1) Johann Tilmann</td>
<td width="151">gt. 30.08.1701 Ems</td>
<td width="246">bg. 14.05.1702 Ems</td>
</tr>
<tr>
<td width="189">2) Anna Kunigunde</td>
<td width="151">gt. 04.03.1703 Ems</td>
<td width="246">bg. 22.01.1780 Ems</td>
</tr>
<tr>
<td width="189">3) Jakobina Adelheid</td>
<td width="151">gt. 19.07.1705 Ems</td>
<td width="246"></td>
</tr>
<tr>
<td width="189">4) Johann Dietrich Jakob</td>
<td width="151">gt. 03.06.1708 Ems</td>
<td width="246"></td>
</tr>
<tr>
<td width="189">5) Maria Christina</td>
<td width="151">gt. 00.05.1711 Ems</td>
<td width="246"></td>
</tr>
</tbody>
</table>
<p style="text-align: justify;"><strong>Paten: zu 1) </strong><em>Tauffpathen sind: Tilmannus Lauter, ein Schiffmann zu Coblentz, vnd Johann Barthol. Schepp, gegen dem Baad über wohnender Becker v[nd] Schiffmann /: dieser beyden Pathen Stelle, weilen sie nicht gegenwärtig seyn konten, haben bey dem Tauffstein vertretten Johann Anthoni[us] Groß vnd Joh[ann] Carl Ahler. Die God ist: Anna, Meister Nicolaus Hoffmanns, eines Bürger- vnd Wüllenwebers in Coblentz, Tochter </em>— <strong>zu 2) </strong><em>Tauff-Goden sind: Elisabetha Catharina, des Beckers Moritz Georg Reiffers Haußfrau, vnd Anna Kunigunda, H[err] Johannes Schneider, h[uius] t[empore] Organisten an der Castor-Kirch zu Coblentz, Ehefrau /: vor welche, weilen sie päpstischer Religion, am Tauffstein gestanden Anna Veronica, Joh[ann] Peter Berle Frau :/ Der Path ist: Theodorus Reiffer am Baad </em>— <strong>zu 3) </strong><em>Tauff-Goden sind: Maria Jacobina, des chirurgi H[errn] Georg Wilhelm Ohlimachers am Baad Tochter, vnd Adelheit, p[ro] t[empore] zu Kerpen ohnweit Cölln, eines Feldscherers nahmens Ir&#8230; nachgelassene Wittib. Der Path ist: Joh[ann] Anthonius Groß, ein Krammer v[nd] Schiffmann auff dem Baad </em>— <strong>zu 4) </strong><em>Tauffzeugen sind: H[err] Johann Dieterich Güntz, ein am Baad p[ro] t[empore] sich auffhaltender Perruqvier, gebürtig zu Cassel; Anna Veronica, Johann Peter Berlen, eines Beckers auff dem Baaderweg, Haußfrau; vnd Jacobus Henseler, ein h[uius] t[empore] sich am Baad auffhaltender Schreiner </em>— <strong>zu 5) </strong><em>Tauff-Goden sind: Anna Maria Judith, H[errn] Adam Jost Zieppen, Barbierers vnd Chirurgi an besagtem Weg, Eheweib, vnd Anna Christina, Meister Helmeßen Lanio, eines Metzgers am Baad, Ehefrau. Der Path ist: Anthonius Lotz, ein Gemeins-Mann am Baad</em></p>
<hr />
<p style="text-align: justify;"><strong><span style="font-size: 10pt;">Letzte Änderung: 27. April 2019</span></strong><br />
<strong><span style="font-size: 10pt;">Ralph Jackmuth</span></strong></p>

<p>Schepp, Barthel: ein Bäcker und Schiffmann; wohnhaft jenseits der Lahn, dem Bad gegenüber oo I. mit Anna Sophia: bg. 23.09.1708 Ems, 66 Jahre alt 1) Johann Gottfried konf. 03.06.1688 (Pfingsten) oo 02.11.1700 mit Maria Magdalena Lauter 2) Anna Veronika konf. 03.06.1688 (Pfingsten) oo 25.01.1701 mit Johann Peter Berle 3) Maria Barbara oo 03.09.1695 mit Johann &hellip; <a href="https://www.ahnenforschung-jackmuth.de/?page_id=3697" class="more-link"><span class="screen-reader-text">„Ems (Bad) &#8211; Schepp“</span> weiterlesen</a></p>
