{"id":3694,"date":"2019-04-27T20:07:03","date_gmt":"2019-04-27T20:07:03","guid":{"rendered":"http:\/\/www.ahnenforschung-jackmuth.de\/?page_id=3694"},"modified":"2019-04-27T20:07:03","modified_gmt":"2019-04-27T20:07:03","slug":"ems-bad-sann","status":"publish","type":"page","link":"https:\/\/www.ahnenforschung-jackmuth.de\/?page_id=3694","title":{"rendered":"Ems (Bad) &#8211; Sann"},"content":{"rendered":"<p style=\"text-align: justify;\"><span style=\"color: #ff0000;\"><strong><em><u>Sann<\/u><\/em><\/strong><strong>, Johann Benedikt:<\/strong><\/span> ein hessen-darmst\u00e4dt. Soldat; bg. 02.09.1710 Ems, 26 Jahre alt (<em>Den 30ten Augusti, war Sambstag, ist abends zwischen 9 vnd 10 Vhr auff dem Weg am Baad ein hessen-darmbst\u00e4ttischer Soldat-Gefreyter, so Corporals-Dienste gethan, nahmens Johann Benedictus Sann, in Giessen geb\u00fcrtig, von einem Musqvetier, so eines Pfarrers Sohn von Gro\u00dfen Linden, vnd Nebel geheissen, t\u00f6dlich gestochen, de\u00dfen zeitliches Leben hierdurch andern als sonntags, gegen Abend, im 26 Jahr des Alters, christselig geendiget, vnd der Leichnamb, nachdem man diesen zuforderst montags auff dem Rathhau\u00df hatte exenterirt vnd visitiret, am 2ten Sept[embris] mit einer auff dem Kirchhoff gehaltenen Leich-Sermon \u00fcber die Wort des Predigers Salomo Cap. 9 v[ersus] 12 auff Soldaten-Manier ehr[lich] zur Erden bestattet, so dann auf den nechst darauff gefolgten XII Sontag nach Trinitatis, wegen dieser casus tragici inopinati, noch eine absonderliche Predigt \u00fcber die Wort Ionae Cap. 1 v[ersus] 14 elaborirt vnd morgends in der allhiesigen Kirch devote proponiret oder gehalten worden.<\/em>)<\/p>\n<hr \/>\n<p style=\"text-align: justify;\"><strong><span style=\"font-size: 10pt;\">Letzte \u00c4nderung: 27. April 2019<\/span><\/strong><br \/>\n<strong><span style=\"font-size: 10pt;\">Ralph Jackmuth<\/span><\/strong><\/p>\n","protected":false},"excerpt":{"rendered":"<p>Sann, Johann Benedikt: ein hessen-darmst\u00e4dt. Soldat; bg. 02.09.1710 Ems, 26 Jahre alt (Den 30ten Augusti, war Sambstag, ist abends zwischen 9 vnd 10 Vhr auff dem Weg am Baad ein hessen-darmbst\u00e4ttischer Soldat-Gefreyter, so Corporals-Dienste gethan, nahmens Johann Benedictus Sann, in Giessen geb\u00fcrtig, von einem Musqvetier, so eines Pfarrers Sohn von Gro\u00dfen Linden, vnd Nebel geheissen, &hellip; <a href=\"https:\/\/www.ahnenforschung-jackmuth.de\/?page_id=3694\" class=\"more-link\"><span class=\"screen-reader-text\">\u201eEms (Bad) &#8211; Sann\u201c<\/span> weiterlesen<\/a><\/p>\n","protected":false},"author":1,"featured_media":0,"parent":0,"menu_order":0,"comment_status":"closed","ping_status":"closed","template":"","meta":{"footnotes":""},"class_list":["post-3694","page","type-page","status-publish","hentry"],"_links":{"self":[{"href":"https:\/\/www.ahnenforschung-jackmuth.de\/index.php?rest_route=\/wp\/v2\/pages\/3694","targetHints":{"allow":["GET"]}}],"collection":[{"href":"https:\/\/www.ahnenforschung-jackmuth.de\/index.php?rest_route=\/wp\/v2\/pages"}],"about":[{"href":"https:\/\/www.ahnenforschung-jackmuth.de\/index.php?rest_route=\/wp\/v2\/types\/page"}],"author":[{"embeddable":true,"href":"https:\/\/www.ahnenforschung-jackmuth.de\/index.php?rest_route=\/wp\/v2\/users\/1"}],"replies":[{"embeddable":true,"href":"https:\/\/www.ahnenforschung-jackmuth.de\/index.php?rest_route=%2Fwp%2Fv2%2Fcomments&post=3694"}],"version-history":[{"count":0,"href":"https:\/\/www.ahnenforschung-jackmuth.de\/index.php?rest_route=\/wp\/v2\/pages\/3694\/revisions"}],"wp:attachment":[{"href":"https:\/\/www.ahnenforschung-jackmuth.de\/index.php?rest_route=%2Fwp%2Fv2%2Fmedia&parent=3694"}],"curies":[{"name":"wp","href":"https:\/\/api.w.org\/{rel}","templated":true}]}}

<p style="text-align: justify;"><span style="color: #ff0000;"><strong><em><u>Sann</u></em></strong><strong>, Johann Benedikt:</strong></span> ein hessen-darmstädt. Soldat; bg. 02.09.1710 Ems, 26 Jahre alt (<em>Den 30ten Augusti, war Sambstag, ist abends zwischen 9 vnd 10 Vhr auff dem Weg am Baad ein hessen-darmbstättischer Soldat-Gefreyter, so Corporals-Dienste gethan, nahmens Johann Benedictus Sann, in Giessen gebürtig, von einem Musqvetier, so eines Pfarrers Sohn von Großen Linden, vnd Nebel geheissen, tödlich gestochen, deßen zeitliches Leben hierdurch andern als sonntags, gegen Abend, im 26 Jahr des Alters, christselig geendiget, vnd der Leichnamb, nachdem man diesen zuforderst montags auff dem Rathhauß hatte exenterirt vnd visitiret, am 2ten Sept[embris] mit einer auff dem Kirchhoff gehaltenen Leich-Sermon über die Wort des Predigers Salomo Cap. 9 v[ersus] 12 auff Soldaten-Manier ehr[lich] zur Erden bestattet, so dann auf den nechst darauff gefolgten XII Sontag nach Trinitatis, wegen dieser casus tragici inopinati, noch eine absonderliche Predigt über die Wort Ionae Cap. 1 v[ersus] 14 elaborirt vnd morgends in der allhiesigen Kirch devote proponiret oder gehalten worden.</em>)</p>
<hr />
<p style="text-align: justify;"><strong><span style="font-size: 10pt;">Letzte Änderung: 27. April 2019</span></strong><br />
<strong><span style="font-size: 10pt;">Ralph Jackmuth</span></strong></p>

<p>Sann, Johann Benedikt: ein hessen-darmstädt. Soldat; bg. 02.09.1710 Ems, 26 Jahre alt (Den 30ten Augusti, war Sambstag, ist abends zwischen 9 vnd 10 Vhr auff dem Weg am Baad ein hessen-darmbstättischer Soldat-Gefreyter, so Corporals-Dienste gethan, nahmens Johann Benedictus Sann, in Giessen gebürtig, von einem Musqvetier, so eines Pfarrers Sohn von Großen Linden, vnd Nebel geheissen, &hellip; <a href="https://www.ahnenforschung-jackmuth.de/?page_id=3694" class="more-link"><span class="screen-reader-text">„Ems (Bad) &#8211; Sann“</span> weiterlesen</a></p>
