{"id":3688,"date":"2019-04-27T20:04:22","date_gmt":"2019-04-27T20:04:22","guid":{"rendered":"http:\/\/www.ahnenforschung-jackmuth.de\/?page_id=3688"},"modified":"2019-04-27T20:04:22","modified_gmt":"2019-04-27T20:04:22","slug":"ems-bad-reiffer","status":"publish","type":"page","link":"https:\/\/www.ahnenforschung-jackmuth.de\/?page_id=3688","title":{"rendered":"Ems (Bad) &#8211; Reiffer"},"content":{"rendered":"<p style=\"text-align: justify;\"><span style=\"color: #ff0000;\"><strong><u>Reiffer<\/u><\/strong><strong>, Gabriel: <\/strong><\/span>Brunnenmeister auf dem hessen-darmst\u00e4dt. Bad; bg. 19.06.1698 Ems, 61 Jahre und 10 Wochen alt<\/p>\n<p>oo mit <strong>N. N.<\/strong><\/p>\n<table width=\"595\">\n<tbody>\n<tr>\n<td width=\"151\">1) Theodor<\/td>\n<td width=\"189\">konf. 15.05.1692 (Pfingsten)<\/td>\n<td width=\"255\">oo 22.05.1703 mit Anna Judith Scheffer<\/td>\n<\/tr>\n<tr>\n<td width=\"151\">2) Konrad<\/td>\n<td width=\"189\">konf. 04.06.1693 (Pfingsten)<\/td>\n<td width=\"255\"><\/td>\n<\/tr>\n<tr>\n<td width=\"151\">3) Bernhard<\/td>\n<td width=\"189\">konf. 23.05.1697 (Pfingsten)<\/td>\n<td width=\"255\"><\/td>\n<\/tr>\n<tr>\n<td width=\"151\">4) Anna Maria Judith<\/td>\n<td width=\"189\"><\/td>\n<td width=\"255\">oo 04.10.1698 mit Adam Jost Zipp<\/td>\n<\/tr>\n<\/tbody>\n<\/table>\n<hr \/>\n<p style=\"text-align: justify;\"><span style=\"color: #ff0000;\"><strong><u>Reiffer<\/u><\/strong><strong>, Theodor:<\/strong> <\/span>ein B\u00e4cker und Brunnenbedienter am hess. Bad; Sohn des verstorbenen Gabriel Reiffer, Brunnenmeister auf dem Bad<\/p>\n<p><strong>oo 22.05.1703 Ems<\/strong> (3. Prokl. 20.05.)<\/p>\n<p>mit <strong><u>Scheffer<\/u>, Anna Judith:<\/strong> Tochter des Melchior Scheffer aus Singhofen (VG Bad Ems-Nassau)<\/p>\n<table width=\"595\">\n<tbody>\n<tr>\n<td width=\"170\">1) Johann Christoph<\/td>\n<td width=\"170\">gt. 25.02.1704 Ems<\/td>\n<td width=\"255\"><\/td>\n<\/tr>\n<tr>\n<td width=\"170\">2) Maria Magdalena<\/td>\n<td width=\"170\">gt. 06.04.1706 Ems<\/td>\n<td width=\"255\"><\/td>\n<\/tr>\n<tr>\n<td width=\"170\">3) Johann Dietrich<\/td>\n<td width=\"170\">gt. 08.01.1708 Ems<\/td>\n<td width=\"255\"><\/td>\n<\/tr>\n<tr>\n<td width=\"170\">4) Hedwig Carolina<\/td>\n<td width=\"170\">gt. 14.06.1711 Ems<\/td>\n<td width=\"255\"><\/td>\n<\/tr>\n<\/tbody>\n<\/table>\n<p style=\"text-align: justify;\"><strong>Paten:<\/strong> <strong>zu 1) <\/strong><em>Tauffzeugen sind: der wohlgeachte Johann Christoph Krau\u00df, Burger, Handels- vnd Schieffmann zu Franckfurt am Mayn, vnd Maria Christina, Joh[ann] Martin Clau\u00dfen zu Singhoffen Hau\u00dffrau \/: weilen aber diese beyde Personen nicht gegenwertig waren, so haben vor sie gestanden: Joh[ann] Anthonius Lotz vnd Anna Magdalena, de\u00dfen Schwester <\/em>\u2014 <strong>zu 2) <\/strong><em>Tauff-Goden sind: Anna Magdalena Lotzin vnd Anna Maria Judith, H[errn] Adam Jost Zieppen Eheweib. Der Path ist: Matth\u00e6us Georg Reiffer, ein Becker allhier <\/em>\u2014 <strong>zu 3) <\/strong><em>Tauffpathen sind: H[err] Johann Dieterich G\u00fcnst, ein am Baad h[uius] t[empore] sich auffhaltender Perruqvier, geb\u00fcrtig zu Cassel in Hessen, vnd Johann Gottfried Schepp, ein Becker vnd Schieffmann \u00fcber der Lohn gegen dem Baad \u00fcber. Die God ist: Anna Loyse, Joh[ann] Anthonij Lotzen am Baad Tochter <\/em>\u2014 <strong>zu 4) <\/strong><em>Erbetene Tauffzeugen sind: Hedwig Christina, Meister Carl Ahlers, eines gemeinen Vorstehers vnd Beckers am Baad, Tochter, vnd Johann Carl. Anthonij Lotzen, eines Gemein-Manns am Baad, Sohn<\/em><\/p>\n<hr \/>\n<p><span style=\"color: #ff0000;\"><strong><u>Reiffer<\/u><\/strong><strong>, Matth\u00e4us Georg:<\/strong><\/span> ein B\u00e4cker auf dem Weg\/an der Allee am Bad, <a href=\"http:\/\/www.ahnenforschung-jackmuth.de\/?page_id=3395\">vorher in Ems<\/a><\/p>\n<hr \/>\n<p style=\"text-align: justify;\"><strong><span style=\"font-size: 10pt;\">Letzte \u00c4nderung: 27. April 2019<\/span><\/strong><br \/>\n<strong><span style=\"font-size: 10pt;\">Ralph Jackmuth<\/span><\/strong><\/p>\n","protected":false},"excerpt":{"rendered":"<p>Reiffer, Gabriel: Brunnenmeister auf dem hessen-darmst\u00e4dt. Bad; bg. 19.06.1698 Ems, 61 Jahre und 10 Wochen alt oo mit N. N. 1) Theodor konf. 15.05.1692 (Pfingsten) oo 22.05.1703 mit Anna Judith Scheffer 2) Konrad konf. 04.06.1693 (Pfingsten) 3) Bernhard konf. 23.05.1697 (Pfingsten) 4) Anna Maria Judith oo 04.10.1698 mit Adam Jost Zipp Reiffer, Theodor: ein B\u00e4cker &hellip; <a href=\"https:\/\/www.ahnenforschung-jackmuth.de\/?page_id=3688\" class=\"more-link\"><span class=\"screen-reader-text\">\u201eEms (Bad) &#8211; Reiffer\u201c<\/span> weiterlesen<\/a><\/p>\n","protected":false},"author":1,"featured_media":0,"parent":0,"menu_order":0,"comment_status":"closed","ping_status":"closed","template":"","meta":{"footnotes":""},"class_list":["post-3688","page","type-page","status-publish","hentry"],"_links":{"self":[{"href":"https:\/\/www.ahnenforschung-jackmuth.de\/index.php?rest_route=\/wp\/v2\/pages\/3688","targetHints":{"allow":["GET"]}}],"collection":[{"href":"https:\/\/www.ahnenforschung-jackmuth.de\/index.php?rest_route=\/wp\/v2\/pages"}],"about":[{"href":"https:\/\/www.ahnenforschung-jackmuth.de\/index.php?rest_route=\/wp\/v2\/types\/page"}],"author":[{"embeddable":true,"href":"https:\/\/www.ahnenforschung-jackmuth.de\/index.php?rest_route=\/wp\/v2\/users\/1"}],"replies":[{"embeddable":true,"href":"https:\/\/www.ahnenforschung-jackmuth.de\/index.php?rest_route=%2Fwp%2Fv2%2Fcomments&post=3688"}],"version-history":[{"count":0,"href":"https:\/\/www.ahnenforschung-jackmuth.de\/index.php?rest_route=\/wp\/v2\/pages\/3688\/revisions"}],"wp:attachment":[{"href":"https:\/\/www.ahnenforschung-jackmuth.de\/index.php?rest_route=%2Fwp%2Fv2%2Fmedia&parent=3688"}],"curies":[{"name":"wp","href":"https:\/\/api.w.org\/{rel}","templated":true}]}}