{"id":3679,"date":"2019-04-27T19:59:36","date_gmt":"2019-04-27T19:59:36","guid":{"rendered":"http:\/\/www.ahnenforschung-jackmuth.de\/?page_id=3679"},"modified":"2019-04-27T19:59:36","modified_gmt":"2019-04-27T19:59:36","slug":"ems-bad-popp","status":"publish","type":"page","link":"https:\/\/www.ahnenforschung-jackmuth.de\/?page_id=3679","title":{"rendered":"Ems (Bad) &#8211; Popp"},"content":{"rendered":"<p style=\"text-align: justify;\"><span style=\"color: #ff0000;\"><strong><em><u>Popp<\/u><\/em><\/strong><strong><em>, <\/em><\/strong><strong>Katharina Elisabeth:<\/strong> <\/span>illeg. Tochter der Anna Margaretha <em>Poppin<\/em> aus Bensheim (Kreis Bergstra\u00dfe), K\u00f6chin des hess. Vogts Hermann auf dem Bad; der Vater soll nach Angabe der Mutter Anton <em>Tyri<\/em>, ein Franzose geb\u00fcrtig zu Namur (Belgien) sein; bg. 01.09.1708 Ems, 2 \u00bd Jahre alt<\/p>\n<hr \/>\n<p style=\"text-align: justify;\"><strong><span style=\"font-size: 10pt;\">Letzte \u00c4nderung: 27. April 2019<\/span><\/strong><br \/>\n<strong><span style=\"font-size: 10pt;\">Ralph Jackmuth<\/span><\/strong><\/p>\n","protected":false},"excerpt":{"rendered":"<p>Popp, Katharina Elisabeth: illeg. Tochter der Anna Margaretha Poppin aus Bensheim (Kreis Bergstra\u00dfe), K\u00f6chin des hess. Vogts Hermann auf dem Bad; der Vater soll nach Angabe der Mutter Anton Tyri, ein Franzose geb\u00fcrtig zu Namur (Belgien) sein; bg. 01.09.1708 Ems, 2 \u00bd Jahre alt Letzte \u00c4nderung: 27. April 2019 Ralph Jackmuth<\/p>\n","protected":false},"author":1,"featured_media":0,"parent":0,"menu_order":0,"comment_status":"closed","ping_status":"closed","template":"","meta":{"footnotes":""},"class_list":["post-3679","page","type-page","status-publish","hentry"],"_links":{"self":[{"href":"https:\/\/www.ahnenforschung-jackmuth.de\/index.php?rest_route=\/wp\/v2\/pages\/3679","targetHints":{"allow":["GET"]}}],"collection":[{"href":"https:\/\/www.ahnenforschung-jackmuth.de\/index.php?rest_route=\/wp\/v2\/pages"}],"about":[{"href":"https:\/\/www.ahnenforschung-jackmuth.de\/index.php?rest_route=\/wp\/v2\/types\/page"}],"author":[{"embeddable":true,"href":"https:\/\/www.ahnenforschung-jackmuth.de\/index.php?rest_route=\/wp\/v2\/users\/1"}],"replies":[{"embeddable":true,"href":"https:\/\/www.ahnenforschung-jackmuth.de\/index.php?rest_route=%2Fwp%2Fv2%2Fcomments&post=3679"}],"version-history":[{"count":0,"href":"https:\/\/www.ahnenforschung-jackmuth.de\/index.php?rest_route=\/wp\/v2\/pages\/3679\/revisions"}],"wp:attachment":[{"href":"https:\/\/www.ahnenforschung-jackmuth.de\/index.php?rest_route=%2Fwp%2Fv2%2Fmedia&parent=3679"}],"curies":[{"name":"wp","href":"https:\/\/api.w.org\/{rel}","templated":true}]}}

<p style="text-align: justify;"><span style="color: #ff0000;"><strong><em><u>Popp</u></em></strong><strong><em>, </em></strong><strong>Katharina Elisabeth:</strong> </span>illeg. Tochter der Anna Margaretha <em>Poppin</em> aus Bensheim (Kreis Bergstraße), Köchin des hess. Vogts Hermann auf dem Bad; der Vater soll nach Angabe der Mutter Anton <em>Tyri</em>, ein Franzose gebürtig zu Namur (Belgien) sein; bg. 01.09.1708 Ems, 2 ½ Jahre alt</p>
<hr />
<p style="text-align: justify;"><strong><span style="font-size: 10pt;">Letzte Änderung: 27. April 2019</span></strong><br />
<strong><span style="font-size: 10pt;">Ralph Jackmuth</span></strong></p>

<p>Popp, Katharina Elisabeth: illeg. Tochter der Anna Margaretha Poppin aus Bensheim (Kreis Bergstraße), Köchin des hess. Vogts Hermann auf dem Bad; der Vater soll nach Angabe der Mutter Anton Tyri, ein Franzose gebürtig zu Namur (Belgien) sein; bg. 01.09.1708 Ems, 2 ½ Jahre alt Letzte Änderung: 27. April 2019 Ralph Jackmuth</p>
