{"id":3659,"date":"2019-04-27T19:48:31","date_gmt":"2019-04-27T19:48:31","guid":{"rendered":"http:\/\/www.ahnenforschung-jackmuth.de\/?page_id=3659"},"modified":"2019-04-27T19:49:26","modified_gmt":"2019-04-27T19:49:26","slug":"ems-bad-lotz","status":"publish","type":"page","link":"https:\/\/www.ahnenforschung-jackmuth.de\/?page_id=3659","title":{"rendered":"Ems (Bad) &#8211; Lotz"},"content":{"rendered":"<p><span style=\"color: #ff0000;\"><strong><u>Lotz<\/u><\/strong><strong>, Johann Anton:<\/strong><\/span> Ferger (Tr\u00f6dler) auf dem Bad<\/p>\n<p>oo mit <strong>Anna Christina<\/strong><\/p>\n<table style=\"height: 293px;\" width=\"595\">\n<tbody>\n<tr style=\"height: 97px;\">\n<td style=\"height: 97px; width: 202.267px;\">1) Johann Karl<\/td>\n<td style=\"height: 97px; width: 239.3px;\">gt. 27.12.1687 Ems<br \/>\nkonf. 30.05.1700 (Pfingsten)<\/td>\n<td style=\"height: 97px; width: 352.433px;\">\n<p style=\"text-align: justify;\">bg. 10.02.1767 Ems<br \/>\noo um 1719 mit Anna Marg. Dommermuth<\/p>\n<\/td>\n<\/tr>\n<tr style=\"height: 84px;\">\n<td style=\"height: 84px; width: 202.267px;\">2) Johann Eberhard<\/td>\n<td style=\"text-align: justify; height: 84px; width: 239.3px;\">gt. 01.07.1689 im Haus <span style=\"font-size: 10pt;\">\u201ein h\u00f6chster Eile;\u00a0ein \u00fcbel gestaltetes und sehr schwaches S\u00f6hnlein\u201c)<\/span><\/td>\n<td style=\"height: 84px; width: 352.433px;\">bg. 03.07.1689 Ems<\/td>\n<\/tr>\n<tr style=\"height: 56px;\">\n<td style=\"height: 56px; width: 202.267px;\">3) Anna Louise<\/td>\n<td style=\"height: 56px; width: 239.3px;\">gt. 10.05.1691 Ems<br \/>\nkonf. 11.05.1704 (Pfingsten)<\/td>\n<td style=\"height: 56px; width: 352.433px;\">bg. xx.04.1763 Ems<\/td>\n<\/tr>\n<tr style=\"height: 28px;\">\n<td style=\"height: 28px; width: 202.267px;\">4) Johann Martin<\/td>\n<td style=\"height: 28px; width: 239.3px;\">gt. 15.01.1693 Ems<\/td>\n<td style=\"height: 28px; width: 352.433px;\">bg. 23.03.1695 Ems<\/td>\n<\/tr>\n<tr style=\"height: 28px;\">\n<td style=\"height: 28px; width: 202.267px;\">5) Adam Anton Jost<\/td>\n<td style=\"height: 28px; width: 239.3px;\">gt. 14.01.1703 Ems<\/td>\n<td style=\"height: 28px; width: 352.433px;\">bg. 29.01.1703 Ems<\/td>\n<\/tr>\n<\/tbody>\n<\/table>\n<p style=\"text-align: justify;\"><strong>Paten:<\/strong> <strong>zu 1) <\/strong><em>Gevattern sind gewesen: 1) Hans Carl Ahler; 2) Peter Lotz zu H\u00fcmberg bey Nassau vnd 3) Johannis Ahlers Hau\u00dffr[au] Elisabetha <\/em>\u2014 <strong>zu 2) <\/strong><em>Erbetene Tauffzeugen waren: Johann Eberhard Fuchs, ein Beckergesell, geb\u00fcrtig zu Nassau, vnd Maria Margaretha B\u00e4rin, der nassauischen Frau V\u00f6gtin Magd, geb\u00fcrtig zu Catzenelnbogen <\/em>\u2014 <strong>zu 3) <\/strong><em>Tauff-Goden sind: J[ung]f[e]r Louyse Promissa Archenholtzin vnd Anna Christina, Moritz Bellers auff dem Baad Hau\u00dffrau. Der Path ist: Simon W\u00f6lffling, Einwohner allhier <\/em>\u2014 <strong>zu 4) <\/strong><em>Tauffpathen sind: Johann Martin Adam zu H\u00fcnnberg vnd Johann Georg Lemler, Schuhmacher dahier. Die God ist: Anna Sophia, Wilhelm Lotzen Tochter zu H\u00fcnnberg <\/em>\u2014 <strong>zu 5) <\/strong><em>Tauffzeugen sind: H[err] Adam Jost Ziepp, ein Barbierer vnd Chirurgus am Baad, vnd Anthoni[us] de Crom, ein Tuch-Kr\u00e4mer auff dem Weg am Baad \/: vor diese beyde p\u00e4pstische M\u00e4nner haben am Tauffstein gestanden: Carl Ahler vnd Theodor[us] Reiffer, beyde luth: evofische Beckere auff dem Baad :\/ Die God ist: Anna Magdalena Lotzin, des Vatters vom Kind Schwester<\/em><\/p>\n<hr \/>\n<p style=\"text-align: justify;\"><span style=\"color: #ff0000;\"><strong><u>Lotz<\/u><\/strong><strong>, (Johann) Karl:<\/strong> <\/span>Kirchsenior auf dem Bad; Sohn von Johann Anton Lotz; gt. 27.12.1687 Ems;<br \/>\nbg. 10.02.1767 Ems<\/p>\n<p>oo mit <strong><u>Dommermuth<\/u>, Anna Margaretha<\/strong><\/p>\n<table width=\"595\">\n<tbody>\n<tr>\n<td width=\"161\">1) Johann Karl<\/td>\n<td width=\"161\">gt. 18.09.1719 Ems<\/td>\n<td width=\"274\"><\/td>\n<\/tr>\n<tr>\n<td width=\"161\">2) Maria Magdalena<\/td>\n<td width=\"161\">gt. 21.01.1722 Ems<\/td>\n<td width=\"274\">bg. 29.01.1790 Ems<\/td>\n<\/tr>\n<tr>\n<td width=\"161\">3) Johann Wilhelm<\/td>\n<td width=\"161\">gt. 15.10.1724 Ems<\/td>\n<td width=\"274\"><\/td>\n<\/tr>\n<\/tbody>\n<\/table>\n<p style=\"text-align: justify;\"><strong>Paten:<\/strong> <strong>zu 1) <\/strong><em>Carle Dommermuth; Johannes Jahn; Susanna, Philipps Rehmanns Frau <\/em>\u2014 <strong>zu 2) <\/strong><em>Gevattern sind gewesen: 1) Maria Magdalena, Peter Caphines Frau; 2) Anna Maria Heym\u00e4nnin; 3) Philipps Ahler <\/em>\u2014 <strong>zu 3) <\/strong><em>Gevattern sind gewesen: 1) Wilhelm Lechleiter; 2) Bartholom\u00e6us Schupp; 3) Anna Magdalena Lotzin<\/em><\/p>\n<hr \/>\n<p style=\"text-align: justify;\"><strong><span style=\"font-size: 10pt;\">Letzte \u00c4nderung: 27. April 2019<\/span><\/strong><br \/>\n<strong><span style=\"font-size: 10pt;\">Ralph Jackmuth<\/span><\/strong><\/p>\n","protected":false},"excerpt":{"rendered":"<p>Lotz, Johann Anton: Ferger (Tr\u00f6dler) auf dem Bad oo mit Anna Christina 1) Johann Karl gt. 27.12.1687 Ems konf. 30.05.1700 (Pfingsten) bg. 10.02.1767 Ems oo um 1719 mit Anna Marg. Dommermuth 2) Johann Eberhard gt. 01.07.1689 im Haus \u201ein h\u00f6chster Eile;\u00a0ein \u00fcbel gestaltetes und sehr schwaches S\u00f6hnlein\u201c) bg. 03.07.1689 Ems 3) Anna Louise gt. 10.05.1691 &hellip; <a href=\"https:\/\/www.ahnenforschung-jackmuth.de\/?page_id=3659\" class=\"more-link\"><span class=\"screen-reader-text\">\u201eEms (Bad) &#8211; Lotz\u201c<\/span> weiterlesen<\/a><\/p>\n","protected":false},"author":1,"featured_media":0,"parent":0,"menu_order":0,"comment_status":"closed","ping_status":"closed","template":"","meta":{"footnotes":""},"class_list":["post-3659","page","type-page","status-publish","hentry"],"_links":{"self":[{"href":"https:\/\/www.ahnenforschung-jackmuth.de\/index.php?rest_route=\/wp\/v2\/pages\/3659","targetHints":{"allow":["GET"]}}],"collection":[{"href":"https:\/\/www.ahnenforschung-jackmuth.de\/index.php?rest_route=\/wp\/v2\/pages"}],"about":[{"href":"https:\/\/www.ahnenforschung-jackmuth.de\/index.php?rest_route=\/wp\/v2\/types\/page"}],"author":[{"embeddable":true,"href":"https:\/\/www.ahnenforschung-jackmuth.de\/index.php?rest_route=\/wp\/v2\/users\/1"}],"replies":[{"embeddable":true,"href":"https:\/\/www.ahnenforschung-jackmuth.de\/index.php?rest_route=%2Fwp%2Fv2%2Fcomments&post=3659"}],"version-history":[{"count":0,"href":"https:\/\/www.ahnenforschung-jackmuth.de\/index.php?rest_route=\/wp\/v2\/pages\/3659\/revisions"}],"wp:attachment":[{"href":"https:\/\/www.ahnenforschung-jackmuth.de\/index.php?rest_route=%2Fwp%2Fv2%2Fmedia&parent=3659"}],"curies":[{"name":"wp","href":"https:\/\/api.w.org\/{rel}","templated":true}]}}

<p><span style="color: #ff0000;"><strong><u>Lotz</u></strong><strong>, Johann Anton:</strong></span> Ferger (Trödler) auf dem Bad</p>
<p>oo mit <strong>Anna Christina</strong></p>
<table style="height: 293px;" width="595">
<tbody>
<tr style="height: 97px;">
<td style="height: 97px; width: 202.267px;">1) Johann Karl</td>
<td style="height: 97px; width: 239.3px;">gt. 27.12.1687 Ems<br />
konf. 30.05.1700 (Pfingsten)</td>
<td style="height: 97px; width: 352.433px;">
<p style="text-align: justify;">bg. 10.02.1767 Ems<br />
oo um 1719 mit Anna Marg. Dommermuth</p>
</td>
</tr>
<tr style="height: 84px;">
<td style="height: 84px; width: 202.267px;">2) Johann Eberhard</td>
<td style="text-align: justify; height: 84px; width: 239.3px;">gt. 01.07.1689 im Haus <span style="font-size: 10pt;">„in höchster Eile; ein übel gestaltetes und sehr schwaches Söhnlein“)</span></td>
<td style="height: 84px; width: 352.433px;">bg. 03.07.1689 Ems</td>
</tr>
<tr style="height: 56px;">
<td style="height: 56px; width: 202.267px;">3) Anna Louise</td>
<td style="height: 56px; width: 239.3px;">gt. 10.05.1691 Ems<br />
konf. 11.05.1704 (Pfingsten)</td>
<td style="height: 56px; width: 352.433px;">bg. xx.04.1763 Ems</td>
</tr>
<tr style="height: 28px;">
<td style="height: 28px; width: 202.267px;">4) Johann Martin</td>
<td style="height: 28px; width: 239.3px;">gt. 15.01.1693 Ems</td>
<td style="height: 28px; width: 352.433px;">bg. 23.03.1695 Ems</td>
</tr>
<tr style="height: 28px;">
<td style="height: 28px; width: 202.267px;">5) Adam Anton Jost</td>
<td style="height: 28px; width: 239.3px;">gt. 14.01.1703 Ems</td>
<td style="height: 28px; width: 352.433px;">bg. 29.01.1703 Ems</td>
</tr>
</tbody>
</table>
<p style="text-align: justify;"><strong>Paten:</strong> <strong>zu 1) </strong><em>Gevattern sind gewesen: 1) Hans Carl Ahler; 2) Peter Lotz zu Hümberg bey Nassau vnd 3) Johannis Ahlers Haußfr[au] Elisabetha </em>— <strong>zu 2) </strong><em>Erbetene Tauffzeugen waren: Johann Eberhard Fuchs, ein Beckergesell, gebürtig zu Nassau, vnd Maria Margaretha Bärin, der nassauischen Frau Vögtin Magd, gebürtig zu Catzenelnbogen </em>— <strong>zu 3) </strong><em>Tauff-Goden sind: J[ung]f[e]r Louyse Promissa Archenholtzin vnd Anna Christina, Moritz Bellers auff dem Baad Haußfrau. Der Path ist: Simon Wölffling, Einwohner allhier </em>— <strong>zu 4) </strong><em>Tauffpathen sind: Johann Martin Adam zu Hünnberg vnd Johann Georg Lemler, Schuhmacher dahier. Die God ist: Anna Sophia, Wilhelm Lotzen Tochter zu Hünnberg </em>— <strong>zu 5) </strong><em>Tauffzeugen sind: H[err] Adam Jost Ziepp, ein Barbierer vnd Chirurgus am Baad, vnd Anthoni[us] de Crom, ein Tuch-Krämer auff dem Weg am Baad /: vor diese beyde päpstische Männer haben am Tauffstein gestanden: Carl Ahler vnd Theodor[us] Reiffer, beyde luth: evofische Beckere auff dem Baad :/ Die God ist: Anna Magdalena Lotzin, des Vatters vom Kind Schwester</em></p>
<hr />
<p style="text-align: justify;"><span style="color: #ff0000;"><strong><u>Lotz</u></strong><strong>, (Johann) Karl:</strong> </span>Kirchsenior auf dem Bad; Sohn von Johann Anton Lotz; gt. 27.12.1687 Ems;<br />
bg. 10.02.1767 Ems</p>
<p>oo mit <strong><u>Dommermuth</u>, Anna Margaretha</strong></p>
<table width="595">
<tbody>
<tr>
<td width="161">1) Johann Karl</td>
<td width="161">gt. 18.09.1719 Ems</td>
<td width="274"></td>
</tr>
<tr>
<td width="161">2) Maria Magdalena</td>
<td width="161">gt. 21.01.1722 Ems</td>
<td width="274">bg. 29.01.1790 Ems</td>
</tr>
<tr>
<td width="161">3) Johann Wilhelm</td>
<td width="161">gt. 15.10.1724 Ems</td>
<td width="274"></td>
</tr>
</tbody>
</table>
<p style="text-align: justify;"><strong>Paten:</strong> <strong>zu 1) </strong><em>Carle Dommermuth; Johannes Jahn; Susanna, Philipps Rehmanns Frau </em>— <strong>zu 2) </strong><em>Gevattern sind gewesen: 1) Maria Magdalena, Peter Caphines Frau; 2) Anna Maria Heymännin; 3) Philipps Ahler </em>— <strong>zu 3) </strong><em>Gevattern sind gewesen: 1) Wilhelm Lechleiter; 2) Bartholomæus Schupp; 3) Anna Magdalena Lotzin</em></p>
<hr />
<p style="text-align: justify;"><strong><span style="font-size: 10pt;">Letzte Änderung: 27. April 2019</span></strong><br />
<strong><span style="font-size: 10pt;">Ralph Jackmuth</span></strong></p>

<p>Lotz, Johann Anton: Ferger (Trödler) auf dem Bad oo mit Anna Christina 1) Johann Karl gt. 27.12.1687 Ems konf. 30.05.1700 (Pfingsten) bg. 10.02.1767 Ems oo um 1719 mit Anna Marg. Dommermuth 2) Johann Eberhard gt. 01.07.1689 im Haus „in höchster Eile; ein übel gestaltetes und sehr schwaches Söhnlein“) bg. 03.07.1689 Ems 3) Anna Louise gt. 10.05.1691 &hellip; <a href="https://www.ahnenforschung-jackmuth.de/?page_id=3659" class="more-link"><span class="screen-reader-text">„Ems (Bad) &#8211; Lotz“</span> weiterlesen</a></p>
