{"id":3636,"date":"2019-04-27T19:28:37","date_gmt":"2019-04-27T19:28:37","guid":{"rendered":"http:\/\/www.ahnenforschung-jackmuth.de\/?page_id=3636"},"modified":"2019-04-27T19:29:17","modified_gmt":"2019-04-27T19:29:17","slug":"ems-bad-jonas","status":"publish","type":"page","link":"https:\/\/www.ahnenforschung-jackmuth.de\/?page_id=3636","title":{"rendered":"Ems (Bad) &#8211; Jonas"},"content":{"rendered":"<p style=\"text-align: justify;\"><span style=\"color: #ff0000;\"><strong><u>Jonas<\/u><\/strong><strong>, Andreas:<\/strong> <\/span>Fr\u00f6hner auf dem Bad; Sohn des Johannes Jonas aus <em>Hecx<\/em> im L\u00fctticher (<em>L\u00fccker<\/em>) Land im Amt <em>Burchl\u00f6hn <\/em>(bisher nicht lokalisiert); bg. 10.06.1699 Ems<\/p>\n<p><strong>oo 02.09.1690 Ems<\/strong> (3. Prokl. 31.08.)<\/p>\n<p>mit <strong><u>Remagen<\/u>, Anna:<\/strong> Tochter des verst. Martin Remagen aus Neuwied-Segendorf<\/p>\n<table width=\"595\">\n<tbody>\n<tr>\n<td width=\"180\">1) Johann Hermann<\/td>\n<td width=\"161\">gt. 05.04.1691 Ems<\/td>\n<td width=\"255\">bg. 13.07.1692 Ems<\/td>\n<\/tr>\n<tr>\n<td width=\"180\">2) Louise Maria<\/td>\n<td width=\"161\">gt. 08.05.1692 Ems<\/td>\n<td width=\"255\">bg. 17.07.1692 Ems<\/td>\n<\/tr>\n<tr>\n<td width=\"180\">3) Johannes Friedrich<\/td>\n<td width=\"161\">gt. 11.06.1693 Ems<\/td>\n<td width=\"255\">bg. 18.07.1693 Ems<\/td>\n<\/tr>\n<tr>\n<td width=\"180\">4) Georg Adam<\/td>\n<td width=\"161\">gt. 12.10.1694 Ems<\/td>\n<td width=\"255\"><\/td>\n<\/tr>\n<tr>\n<td width=\"180\">5) Georg Philipp<\/td>\n<td width=\"161\">gt. 01.04.1696 Ems<\/td>\n<td width=\"255\">bg. 23.08.1697 Ems<\/td>\n<\/tr>\n<tr>\n<td width=\"180\">6) Maria Jakobina<\/td>\n<td width=\"161\">gt. 18.03.1698 Ems<\/td>\n<td width=\"255\">bg. 05.05.1698 Ems<\/td>\n<\/tr>\n<\/tbody>\n<\/table>\n<p style=\"text-align: justify;\"><strong>Paten: zu 1) <\/strong><em>Tauffpathen sind:<\/em> <em>Herr Johann Nicolaus Hermann, f\u00fcrst[lich] hessen-d[a]r[m]bst\u00e4ttischer Vogt, vnd H[err] Johann Hermann Ohlimacher, f\u00fcrst[lich] nassau-dietzischer Vogt auff dem Baad Embs. Die God aber ist: Frau Maria Catharina Friartia, H[errn] Ambtmanns Georg Daniel Crucigers zu Nassau Eheliebste <\/em>\u2014 <strong>zu 2) <\/strong><em>Tauffzeugen sind: J[ung]f[e]r Louyse Promissa Archenholtzin vnd die alte naussau-dietzische V\u00f6gtin Fr[au] Maria Jacob[ina] Ohlimacher. Der Path: Carl Ahler, Vorsteher vnd Becker auff dem Baad<\/em> \u2014 <strong>zu 3) <\/strong><em>Tauffpathen sind: Johannes Leporinus, Joh. Leporini, p[ro] t[empore] pastoris Embsani, filius, vnd Mons: Friederich Ludwig Archenholtz, vor welchen der vitricus <\/em>[Stiefvater]<em>, H[err] Vogt Joh[an] Nicolaus Hermann gestanden. Die God ist: Frau Vogtin Christina Maria Ohlimacherin <\/em>\u2014 <strong>zu 4) <\/strong><em>Tauffpathen sind: Georg Ludwig, H[errn] Joh[ann] Hermann Ohlimachers, f\u00fcrst[lich] nassau-dietzischen Vogts auff dem Baad, Sohn, vnd Johann Adam Dommermuth, ein Schreiner allhier. Die God aber ist: Jungfer Christiana Elisabetha Archenholtzin <\/em>\u2014 <strong>zu 5) <\/strong><em>Tauffpathen sind: Philips Ludwig, Joh[ann] Carl Ahlers, Beckers auff dem Baad, S\u00f6hnlein \/: bey welchem der Vatter gestanden :\/ vnd H[err] Georg Wilhelm Ohlimacher, Barbierer vnd Chirurgus auff dem Baad. Die God ist: Anna Catharina, Andreas Fischers, eines Sattlers allhier, ehe[liche] Tochter <\/em>\u2014 <strong>zu 6) <\/strong><em>Tauffgoden sind: Anna Jacobina, H[errn] Georg Wilhelm Ohlimachers, eines chirurgi auff dem Baad, Tochter, vnd Maria Barbara, Johannis Anthonij Gro\u00dfen Frau. Der Path ist: Theodorus Reiffer, ein allhiesiger Beckergesell auff dem Baad<\/em><\/p>\n<hr \/>\n<p style=\"text-align: justify;\"><strong><span style=\"font-size: 10pt;\">Letzte \u00c4nderung: 27. April 2019<\/span><\/strong><br \/>\n<strong><span style=\"font-size: 10pt;\">Ralph Jackmuth<\/span><\/strong><\/p>\n","protected":false},"excerpt":{"rendered":"<p>Jonas, Andreas: Fr\u00f6hner auf dem Bad; Sohn des Johannes Jonas aus Hecx im L\u00fctticher (L\u00fccker) Land im Amt Burchl\u00f6hn (bisher nicht lokalisiert); bg. 10.06.1699 Ems oo 02.09.1690 Ems (3. Prokl. 31.08.) mit Remagen, Anna: Tochter des verst. Martin Remagen aus Neuwied-Segendorf 1) Johann Hermann gt. 05.04.1691 Ems bg. 13.07.1692 Ems 2) Louise Maria gt. 08.05.1692 &hellip; <a href=\"https:\/\/www.ahnenforschung-jackmuth.de\/?page_id=3636\" class=\"more-link\"><span class=\"screen-reader-text\">\u201eEms (Bad) &#8211; Jonas\u201c<\/span> weiterlesen<\/a><\/p>\n","protected":false},"author":1,"featured_media":0,"parent":0,"menu_order":0,"comment_status":"closed","ping_status":"closed","template":"","meta":{"footnotes":""},"class_list":["post-3636","page","type-page","status-publish","hentry"],"_links":{"self":[{"href":"https:\/\/www.ahnenforschung-jackmuth.de\/index.php?rest_route=\/wp\/v2\/pages\/3636","targetHints":{"allow":["GET"]}}],"collection":[{"href":"https:\/\/www.ahnenforschung-jackmuth.de\/index.php?rest_route=\/wp\/v2\/pages"}],"about":[{"href":"https:\/\/www.ahnenforschung-jackmuth.de\/index.php?rest_route=\/wp\/v2\/types\/page"}],"author":[{"embeddable":true,"href":"https:\/\/www.ahnenforschung-jackmuth.de\/index.php?rest_route=\/wp\/v2\/users\/1"}],"replies":[{"embeddable":true,"href":"https:\/\/www.ahnenforschung-jackmuth.de\/index.php?rest_route=%2Fwp%2Fv2%2Fcomments&post=3636"}],"version-history":[{"count":0,"href":"https:\/\/www.ahnenforschung-jackmuth.de\/index.php?rest_route=\/wp\/v2\/pages\/3636\/revisions"}],"wp:attachment":[{"href":"https:\/\/www.ahnenforschung-jackmuth.de\/index.php?rest_route=%2Fwp%2Fv2%2Fmedia&parent=3636"}],"curies":[{"name":"wp","href":"https:\/\/api.w.org\/{rel}","templated":true}]}}

<p style="text-align: justify;"><span style="color: #ff0000;"><strong><u>Jonas</u></strong><strong>, Andreas:</strong> </span>Fröhner auf dem Bad; Sohn des Johannes Jonas aus <em>Hecx</em> im Lütticher (<em>Lücker</em>) Land im Amt <em>Burchlöhn </em>(bisher nicht lokalisiert); bg. 10.06.1699 Ems</p>
<p><strong>oo 02.09.1690 Ems</strong> (3. Prokl. 31.08.)</p>
<p>mit <strong><u>Remagen</u>, Anna:</strong> Tochter des verst. Martin Remagen aus Neuwied-Segendorf</p>
<table width="595">
<tbody>
<tr>
<td width="180">1) Johann Hermann</td>
<td width="161">gt. 05.04.1691 Ems</td>
<td width="255">bg. 13.07.1692 Ems</td>
</tr>
<tr>
<td width="180">2) Louise Maria</td>
<td width="161">gt. 08.05.1692 Ems</td>
<td width="255">bg. 17.07.1692 Ems</td>
</tr>
<tr>
<td width="180">3) Johannes Friedrich</td>
<td width="161">gt. 11.06.1693 Ems</td>
<td width="255">bg. 18.07.1693 Ems</td>
</tr>
<tr>
<td width="180">4) Georg Adam</td>
<td width="161">gt. 12.10.1694 Ems</td>
<td width="255"></td>
</tr>
<tr>
<td width="180">5) Georg Philipp</td>
<td width="161">gt. 01.04.1696 Ems</td>
<td width="255">bg. 23.08.1697 Ems</td>
</tr>
<tr>
<td width="180">6) Maria Jakobina</td>
<td width="161">gt. 18.03.1698 Ems</td>
<td width="255">bg. 05.05.1698 Ems</td>
</tr>
</tbody>
</table>
<p style="text-align: justify;"><strong>Paten: zu 1) </strong><em>Tauffpathen sind:</em> <em>Herr Johann Nicolaus Hermann, fürst[lich] hessen-d[a]r[m]bstättischer Vogt, vnd H[err] Johann Hermann Ohlimacher, fürst[lich] nassau-dietzischer Vogt auff dem Baad Embs. Die God aber ist: Frau Maria Catharina Friartia, H[errn] Ambtmanns Georg Daniel Crucigers zu Nassau Eheliebste </em>— <strong>zu 2) </strong><em>Tauffzeugen sind: J[ung]f[e]r Louyse Promissa Archenholtzin vnd die alte naussau-dietzische Vögtin Fr[au] Maria Jacob[ina] Ohlimacher. Der Path: Carl Ahler, Vorsteher vnd Becker auff dem Baad</em> — <strong>zu 3) </strong><em>Tauffpathen sind: Johannes Leporinus, Joh. Leporini, p[ro] t[empore] pastoris Embsani, filius, vnd Mons: Friederich Ludwig Archenholtz, vor welchen der vitricus </em>[Stiefvater]<em>, H[err] Vogt Joh[an] Nicolaus Hermann gestanden. Die God ist: Frau Vogtin Christina Maria Ohlimacherin </em>— <strong>zu 4) </strong><em>Tauffpathen sind: Georg Ludwig, H[errn] Joh[ann] Hermann Ohlimachers, fürst[lich] nassau-dietzischen Vogts auff dem Baad, Sohn, vnd Johann Adam Dommermuth, ein Schreiner allhier. Die God aber ist: Jungfer Christiana Elisabetha Archenholtzin </em>— <strong>zu 5) </strong><em>Tauffpathen sind: Philips Ludwig, Joh[ann] Carl Ahlers, Beckers auff dem Baad, Söhnlein /: bey welchem der Vatter gestanden :/ vnd H[err] Georg Wilhelm Ohlimacher, Barbierer vnd Chirurgus auff dem Baad. Die God ist: Anna Catharina, Andreas Fischers, eines Sattlers allhier, ehe[liche] Tochter </em>— <strong>zu 6) </strong><em>Tauffgoden sind: Anna Jacobina, H[errn] Georg Wilhelm Ohlimachers, eines chirurgi auff dem Baad, Tochter, vnd Maria Barbara, Johannis Anthonij Großen Frau. Der Path ist: Theodorus Reiffer, ein allhiesiger Beckergesell auff dem Baad</em></p>
<hr />
<p style="text-align: justify;"><strong><span style="font-size: 10pt;">Letzte Änderung: 27. April 2019</span></strong><br />
<strong><span style="font-size: 10pt;">Ralph Jackmuth</span></strong></p>

<p>Jonas, Andreas: Fröhner auf dem Bad; Sohn des Johannes Jonas aus Hecx im Lütticher (Lücker) Land im Amt Burchlöhn (bisher nicht lokalisiert); bg. 10.06.1699 Ems oo 02.09.1690 Ems (3. Prokl. 31.08.) mit Remagen, Anna: Tochter des verst. Martin Remagen aus Neuwied-Segendorf 1) Johann Hermann gt. 05.04.1691 Ems bg. 13.07.1692 Ems 2) Louise Maria gt. 08.05.1692 &hellip; <a href="https://www.ahnenforschung-jackmuth.de/?page_id=3636" class="more-link"><span class="screen-reader-text">„Ems (Bad) &#8211; Jonas“</span> weiterlesen</a></p>
