{"id":3585,"date":"2019-04-27T19:03:07","date_gmt":"2019-04-27T19:03:07","guid":{"rendered":"http:\/\/www.ahnenforschung-jackmuth.de\/?page_id=3585"},"modified":"2019-04-27T21:23:25","modified_gmt":"2019-04-27T21:23:25","slug":"ems-bad-brueck","status":"publish","type":"page","link":"https:\/\/www.ahnenforschung-jackmuth.de\/?page_id=3585","title":{"rendered":"Ems (Bad) &#8211; Br\u00fcck"},"content":{"rendered":"<p style=\"text-align: justify;\"><span style=\"color: #ff0000;\"><strong><u>Br\u00fcck<\/u><\/strong><strong>, Johann Georg:<\/strong><\/span> Fr\u00f6hner (Amtsdiener, B\u00fcttel) auf dem Bad; Grenadier der hessen-darmst\u00e4dt. Kompanie unter Hauptmann Plato (1696)<\/p>\n<p><strong>oo 07.07.1696 Ems<\/strong><\/p>\n<p>mit <strong><u>Fischer<\/u>, Anna Katharina:<\/strong> Tochter des Sattlers <a href=\"http:\/\/www.ahnenforschung-jackmuth.de\/?page_id=3225\">Andreas Fischer<\/a> aus Ems<\/p>\n<table width=\"595\">\n<tbody>\n<tr>\n<td width=\"151\">1) Johann Karl<\/td>\n<td width=\"189\">gt. 25.10.1696 Ems<\/td>\n<td width=\"255\">bg. 02.07.1704 Ems<\/td>\n<\/tr>\n<tr>\n<td width=\"151\">2) Johann Georg<\/td>\n<td width=\"189\">gt. 24.08.1700 Ems<\/td>\n<td width=\"255\">bg. 28.08.1700 Ems<\/td>\n<\/tr>\n<tr>\n<td width=\"151\">3) Magdalena Maria<\/td>\n<td width=\"189\">gt. 16.04.1702 Ems<br \/>\nkonf. 04.06.1713 (Pfingsten)<\/td>\n<td width=\"255\"><\/td>\n<\/tr>\n<tr>\n<td width=\"151\">4) Maria Barbara<\/td>\n<td width=\"189\">gt. 18.01.1705 Ems<\/td>\n<td width=\"255\"><\/td>\n<\/tr>\n<tr>\n<td width=\"151\">5) Anna Margaretha<\/td>\n<td width=\"189\">gt. 06.11.1707 Ems<\/td>\n<td width=\"255\">bg. 13.11.1707 Ems<\/td>\n<\/tr>\n<tr>\n<td width=\"151\">6) Sibylla Elisabeth<\/td>\n<td width=\"189\">gt. 13.03.1710 Ems<\/td>\n<td width=\"255\"><\/td>\n<\/tr>\n<\/tbody>\n<\/table>\n<p style=\"text-align: justify;\"><strong>Paten: zu 1) <\/strong><em>Tauffpathen sind: Johann Jacob Eichholtz, Einwohner vnd Schmitt allhier, vnd Joh[ann] Carl Ahler, gemeiner Vorsteher vnd Becker auff dem Baad. Die God ist Anna Gerdraut, Johann Wilhelm M\u00fcllers Hau\u00dffrau <\/em>\u2014 <strong>zu 2) <\/strong><em>Pathen sind &lt;Hans&gt; Georg Caphne vnd Johann Jacob Br\u00fc&lt;ck&gt;. Die God ist: Anna Elisabetha, Johann David Werners uxor <\/em>\u2014 <strong>zu 3) <\/strong><em>Tauff-Goden sind: Anna Magdalena Hegmannin geb. Malchin vnd Fr[au] Anna Maria Reifferin, bestellte Brunnenmeisterin auff dem hessen-d&lt;armb&gt;st\u00e4ttischen Baad. Der Path ist: H[err] Ge&lt;org&gt; Wilhelm Ohlimacher, Chirurgus vnd Barbierer auff dem Baad Embs <\/em>\u2014 <strong>zu 4) <\/strong><em>Tauff-Goden sind: Barbara, Hans Jacob Werners Eheweib, vnd &lt;Maria&gt; Barbara, Joh[ann] Anthonij Gro\u00dfen &lt;auf&gt; dem Baad Hau\u00dffrau. Der Path ist: Johann Gottfried Dre\u00df <\/em>\u2014 <strong>zu 5) <\/strong><em>Tauff-Goden sind: Anna Margretha, Servatij Scheffers Hau\u00dffrau, vnd A&lt;nna&gt; Elisabetha, Philips Martin Schupps Eheweib. Der Path ist Georg Philips Hegmann, ein B&lt;\u00fcr&gt;ger vnd L\u00f6hr in Daussenau <\/em>\u2014 <strong>zu 6) <\/strong><em>Tauff-Goden sind: Jungfer Sibylla Elisbetha R\u00fchelin au\u00df Schwalbach, dermahlen da&lt;hier&gt; zu Baad Embs sich auffhaltend, vnd Anna Elisabetha, wei[land] Meister Peter Gerhards, eines hier gewesenen Schmitts, hinterlassene Tochter. Der &lt;Path&gt; ist: Christian O\u00dfwald Linckenbach, ein &lt;&#8230;&gt;knecht oben am Baad, Daussenauer Seite<\/em><\/p>\n<p style=\"text-align: justify;\"><em>\u00a0<\/em>Im P\u00f6nitentenregister wegen Ehe kurz vor der Geburt (KB 1, pag. 829): \u00a0<em>Anno 1696, den 20ten Septembris, war Dom[inica] XV post Trin[itatis], hat Anna Catharina, des Beysa\u00dfen v[nd] Sattlers Andre\u00e6 Fischers Tochter allhier, wegen begangener Hurerey vnd Vnzucht, in dem sie sich zur Vngeb\u00fchr mit Johann Georg Br\u00fccken, einem Grenadier vnter dem hessen-d[a]r[m]bst\u00e4ttischen H[errn] Hauptmann Plato, fleischlichen vermischet hatte, ihre offent[liche] Kirchen-Poenitentz gethan.<\/em><\/p>\n<hr \/>\n<p style=\"text-align: justify;\"><strong><span style=\"font-size: 10pt;\">Letzte \u00c4nderung: 27. April 2019<\/span><\/strong><br \/>\n<strong><span style=\"font-size: 10pt;\">Ralph Jackmuth<\/span><\/strong><\/p>\n","protected":false},"excerpt":{"rendered":"<p>Br\u00fcck, Johann Georg: Fr\u00f6hner (Amtsdiener, B\u00fcttel) auf dem Bad; Grenadier der hessen-darmst\u00e4dt. Kompanie unter Hauptmann Plato (1696) oo 07.07.1696 Ems mit Fischer, Anna Katharina: Tochter des Sattlers Andreas Fischer aus Ems 1) Johann Karl gt. 25.10.1696 Ems bg. 02.07.1704 Ems 2) Johann Georg gt. 24.08.1700 Ems bg. 28.08.1700 Ems 3) Magdalena Maria gt. 16.04.1702 Ems &hellip; <a href=\"https:\/\/www.ahnenforschung-jackmuth.de\/?page_id=3585\" class=\"more-link\"><span class=\"screen-reader-text\">\u201eEms (Bad) &#8211; Br\u00fcck\u201c<\/span> weiterlesen<\/a><\/p>\n","protected":false},"author":1,"featured_media":0,"parent":0,"menu_order":0,"comment_status":"closed","ping_status":"closed","template":"","meta":{"footnotes":""},"class_list":["post-3585","page","type-page","status-publish","hentry"],"_links":{"self":[{"href":"https:\/\/www.ahnenforschung-jackmuth.de\/index.php?rest_route=\/wp\/v2\/pages\/3585","targetHints":{"allow":["GET"]}}],"collection":[{"href":"https:\/\/www.ahnenforschung-jackmuth.de\/index.php?rest_route=\/wp\/v2\/pages"}],"about":[{"href":"https:\/\/www.ahnenforschung-jackmuth.de\/index.php?rest_route=\/wp\/v2\/types\/page"}],"author":[{"embeddable":true,"href":"https:\/\/www.ahnenforschung-jackmuth.de\/index.php?rest_route=\/wp\/v2\/users\/1"}],"replies":[{"embeddable":true,"href":"https:\/\/www.ahnenforschung-jackmuth.de\/index.php?rest_route=%2Fwp%2Fv2%2Fcomments&post=3585"}],"version-history":[{"count":0,"href":"https:\/\/www.ahnenforschung-jackmuth.de\/index.php?rest_route=\/wp\/v2\/pages\/3585\/revisions"}],"wp:attachment":[{"href":"https:\/\/www.ahnenforschung-jackmuth.de\/index.php?rest_route=%2Fwp%2Fv2%2Fmedia&parent=3585"}],"curies":[{"name":"wp","href":"https:\/\/api.w.org\/{rel}","templated":true}]}}

Ems (Bad) &#8211; Brück

<p style="text-align: justify;"><span style="color: #ff0000;"><strong><u>Brück</u></strong><strong>, Johann Georg:</strong></span> Fröhner (Amtsdiener, Büttel) auf dem Bad; Grenadier der hessen-darmstädt. Kompanie unter Hauptmann Plato (1696)</p>
<p><strong>oo 07.07.1696 Ems</strong></p>
<p>mit <strong><u>Fischer</u>, Anna Katharina:</strong> Tochter des Sattlers <a href="http://www.ahnenforschung-jackmuth.de/?page_id=3225">Andreas Fischer</a> aus Ems</p>
<table width="595">
<tbody>
<tr>
<td width="151">1) Johann Karl</td>
<td width="189">gt. 25.10.1696 Ems</td>
<td width="255">bg. 02.07.1704 Ems</td>
</tr>
<tr>
<td width="151">2) Johann Georg</td>
<td width="189">gt. 24.08.1700 Ems</td>
<td width="255">bg. 28.08.1700 Ems</td>
</tr>
<tr>
<td width="151">3) Magdalena Maria</td>
<td width="189">gt. 16.04.1702 Ems<br />
konf. 04.06.1713 (Pfingsten)</td>
<td width="255"></td>
</tr>
<tr>
<td width="151">4) Maria Barbara</td>
<td width="189">gt. 18.01.1705 Ems</td>
<td width="255"></td>
</tr>
<tr>
<td width="151">5) Anna Margaretha</td>
<td width="189">gt. 06.11.1707 Ems</td>
<td width="255">bg. 13.11.1707 Ems</td>
</tr>
<tr>
<td width="151">6) Sibylla Elisabeth</td>
<td width="189">gt. 13.03.1710 Ems</td>
<td width="255"></td>
</tr>
</tbody>
</table>
<p style="text-align: justify;"><strong>Paten: zu 1) </strong><em>Tauffpathen sind: Johann Jacob Eichholtz, Einwohner vnd Schmitt allhier, vnd Joh[ann] Carl Ahler, gemeiner Vorsteher vnd Becker auff dem Baad. Die God ist Anna Gerdraut, Johann Wilhelm Müllers Haußfrau </em>— <strong>zu 2) </strong><em>Pathen sind &lt;Hans&gt; Georg Caphne vnd Johann Jacob Brü&lt;ck&gt;. Die God ist: Anna Elisabetha, Johann David Werners uxor </em>— <strong>zu 3) </strong><em>Tauff-Goden sind: Anna Magdalena Hegmannin geb. Malchin vnd Fr[au] Anna Maria Reifferin, bestellte Brunnenmeisterin auff dem hessen-d&lt;armb&gt;stättischen Baad. Der Path ist: H[err] Ge&lt;org&gt; Wilhelm Ohlimacher, Chirurgus vnd Barbierer auff dem Baad Embs </em>— <strong>zu 4) </strong><em>Tauff-Goden sind: Barbara, Hans Jacob Werners Eheweib, vnd &lt;Maria&gt; Barbara, Joh[ann] Anthonij Großen &lt;auf&gt; dem Baad Haußfrau. Der Path ist: Johann Gottfried Dreß </em>— <strong>zu 5) </strong><em>Tauff-Goden sind: Anna Margretha, Servatij Scheffers Haußfrau, vnd A&lt;nna&gt; Elisabetha, Philips Martin Schupps Eheweib. Der Path ist Georg Philips Hegmann, ein B&lt;ür&gt;ger vnd Löhr in Daussenau </em>— <strong>zu 6) </strong><em>Tauff-Goden sind: Jungfer Sibylla Elisbetha Rühelin auß Schwalbach, dermahlen da&lt;hier&gt; zu Baad Embs sich auffhaltend, vnd Anna Elisabetha, wei[land] Meister Peter Gerhards, eines hier gewesenen Schmitts, hinterlassene Tochter. Der &lt;Path&gt; ist: Christian Oßwald Linckenbach, ein &lt;&#8230;&gt;knecht oben am Baad, Daussenauer Seite</em></p>
<p style="text-align: justify;"><em> </em>Im Pönitentenregister wegen Ehe kurz vor der Geburt (KB 1, pag. 829):  <em>Anno 1696, den 20ten Septembris, war Dom[inica] XV post Trin[itatis], hat Anna Catharina, des Beysaßen v[nd] Sattlers Andreæ Fischers Tochter allhier, wegen begangener Hurerey vnd Vnzucht, in dem sie sich zur Vngebühr mit Johann Georg Brücken, einem Grenadier vnter dem hessen-d[a]r[m]bstättischen H[errn] Hauptmann Plato, fleischlichen vermischet hatte, ihre offent[liche] Kirchen-Poenitentz gethan.</em></p>
<hr />
<p style="text-align: justify;"><strong><span style="font-size: 10pt;">Letzte Änderung: 27. April 2019</span></strong><br />
<strong><span style="font-size: 10pt;">Ralph Jackmuth</span></strong></p>

<p>Brück, Johann Georg: Fröhner (Amtsdiener, Büttel) auf dem Bad; Grenadier der hessen-darmstädt. Kompanie unter Hauptmann Plato (1696) oo 07.07.1696 Ems mit Fischer, Anna Katharina: Tochter des Sattlers Andreas Fischer aus Ems 1) Johann Karl gt. 25.10.1696 Ems bg. 02.07.1704 Ems 2) Johann Georg gt. 24.08.1700 Ems bg. 28.08.1700 Ems 3) Magdalena Maria gt. 16.04.1702 Ems &hellip; <a href="https://www.ahnenforschung-jackmuth.de/?page_id=3585" class="more-link"><span class="screen-reader-text">„Ems (Bad) &#8211; Brück“</span> weiterlesen</a></p>
