{"id":3540,"date":"2019-04-27T17:48:26","date_gmt":"2019-04-27T17:48:26","guid":{"rendered":"http:\/\/www.ahnenforschung-jackmuth.de\/?page_id=3540"},"modified":"2023-04-26T18:58:07","modified_gmt":"2023-04-26T18:58:07","slug":"ems-1683-1726","status":"publish","type":"page","link":"https:\/\/www.ahnenforschung-jackmuth.de\/?page_id=3540","title":{"rendered":"Ems 1683-1726"},"content":{"rendered":"<p><strong>Die Familien und Einwohner von Ems 1683-1726 <\/strong>(nach dem 1. KB)<strong><br \/>\n<\/strong><\/p>\n<hr \/>\n<p><strong>Familiennamen<\/strong><\/p>\n<table style=\"width: 100%;\">\n<tbody>\n<tr>\n<td style=\"width: 18.8095%;\"><a href=\"http:\/\/www.ahnenforschung-jackmuth.de\/?page_id=3147\">Ambrosius<\/a><br \/>\n<a href=\"http:\/\/www.ahnenforschung-jackmuth.de\/?page_id=3156\">A (Diverse)<\/a><br \/>\n<a href=\"http:\/\/www.ahnenforschung-jackmuth.de\/?page_id=3158\">Bonsfeld<\/a><br \/>\n<a href=\"http:\/\/www.ahnenforschung-jackmuth.de\/?page_id=3160\">Braun<\/a><br \/>\n<a href=\"http:\/\/www.ahnenforschung-jackmuth.de\/?page_id=3162\">Bretz<\/a><br \/>\n<a href=\"http:\/\/www.ahnenforschung-jackmuth.de\/?page_id=3150\">Br\u00fcck<\/a><br \/>\n<a href=\"http:\/\/www.ahnenforschung-jackmuth.de\/?page_id=3166\">Buting<\/a><br \/>\n<a href=\"http:\/\/www.ahnenforschung-jackmuth.de\/?page_id=3168\">B (Diverse)<\/a><br \/>\nC siehe K<br \/>\n<a href=\"http:\/\/www.ahnenforschung-jackmuth.de\/?page_id=3170\">Dennem\u00e4rker<\/a><br \/>\n<a href=\"http:\/\/www.ahnenforschung-jackmuth.de\/?page_id=3174\">Dietz<\/a><br \/>\n<a href=\"http:\/\/www.ahnenforschung-jackmuth.de\/?page_id=3177\">Dill<\/a><br \/>\n<a href=\"http:\/\/www.ahnenforschung-jackmuth.de\/?page_id=3179\">Dommermuth<\/a><br \/>\n<a href=\"http:\/\/www.ahnenforschung-jackmuth.de\/?page_id=3182\">D\u00f6rbeck<\/a><br \/>\n<a href=\"http:\/\/www.ahnenforschung-jackmuth.de\/?page_id=3184\">D (Diverse)<\/a><br \/>\n<a href=\"http:\/\/www.ahnenforschung-jackmuth.de\/?page_id=3201\">Eberhahn<\/a><br \/>\n<a href=\"http:\/\/www.ahnenforschung-jackmuth.de\/?page_id=3204\">Eichholz<\/a><br \/>\n<a href=\"http:\/\/www.ahnenforschung-jackmuth.de\/?page_id=3208\">Elberskirch<\/a><br \/>\n<a href=\"http:\/\/www.ahnenforschung-jackmuth.de\/?page_id=3212\">Euler<\/a><br \/>\n<a href=\"http:\/\/www.ahnenforschung-jackmuth.de\/?page_id=3215\">Ewald<\/a><br \/>\n<a href=\"http:\/\/www.ahnenforschung-jackmuth.de\/?page_id=3217\">E (Diverse)<\/a><br \/>\n<a href=\"http:\/\/www.ahnenforschung-jackmuth.de\/?page_id=3219\">Friedgen<\/a><br \/>\n<a href=\"http:\/\/www.ahnenforschung-jackmuth.de\/?page_id=3222\">Fuchs<\/a><br \/>\n<a href=\"http:\/\/www.ahnenforschung-jackmuth.de\/?page_id=3225\">F (Diverse)<\/a><br \/>\n<a href=\"http:\/\/www.ahnenforschung-jackmuth.de\/?page_id=3229\">Gackenbach<\/a><br \/>\n<a href=\"http:\/\/www.ahnenforschung-jackmuth.de\/?page_id=3233\">Gerhard<\/a><br \/>\n<a href=\"http:\/\/www.ahnenforschung-jackmuth.de\/?page_id=3237\">G (Diverse)<\/a><\/td>\n<td style=\"width: 19.7619%;\"><a href=\"http:\/\/www.ahnenforschung-jackmuth.de\/?page_id=3240\">Heimbach<\/a><br \/>\n<a href=\"http:\/\/www.ahnenforschung-jackmuth.de\/?page_id=3244\">Herd<\/a><br \/>\n<a href=\"http:\/\/www.ahnenforschung-jackmuth.de\/?page_id=3247\">Heumann<\/a><br \/>\n<a href=\"http:\/\/www.ahnenforschung-jackmuth.de\/?page_id=3252\">Hoffmann<\/a><br \/>\n<a href=\"http:\/\/www.ahnenforschung-jackmuth.de\/?page_id=3256\">H (Diverse)<\/a><br \/>\n<a href=\"http:\/\/www.ahnenforschung-jackmuth.de\/?page_id=3260\">I (Diverse)<\/a><br \/>\n<a href=\"http:\/\/www.ahnenforschung-jackmuth.de\/?page_id=3263\">J\u00e4ger<\/a><br \/>\n<a href=\"http:\/\/www.ahnenforschung-jackmuth.de\/?page_id=3266\">Jakob<\/a><br \/>\n<a href=\"http:\/\/www.ahnenforschung-jackmuth.de\/?page_id=3269\">Jean<\/a><br \/>\n<a href=\"http:\/\/www.ahnenforschung-jackmuth.de\/?page_id=3272\">Jost<\/a><br \/>\n<a href=\"http:\/\/www.ahnenforschung-jackmuth.de\/?page_id=3280\">J (Diverse)<\/a><br \/>\n<a href=\"http:\/\/www.ahnenforschung-jackmuth.de\/?page_id=3286\">Kaffine<\/a><br \/>\n<a href=\"http:\/\/www.ahnenforschung-jackmuth.de\/?page_id=3301\">Kasdorf<\/a><br \/>\n<a href=\"http:\/\/www.ahnenforschung-jackmuth.de\/?page_id=3304\">Kern<\/a><br \/>\n<a href=\"http:\/\/www.ahnenforschung-jackmuth.de\/?page_id=3307\">Kleber<\/a><br \/>\n<a href=\"http:\/\/www.ahnenforschung-jackmuth.de\/?page_id=3310\">Koch<\/a><br \/>\n<a href=\"http:\/\/www.ahnenforschung-jackmuth.de\/?page_id=3313\">Kremper<\/a><br \/>\n<a href=\"http:\/\/www.ahnenforschung-jackmuth.de\/?page_id=3316\">Kreyer<\/a><br \/>\n<a href=\"http:\/\/www.ahnenforschung-jackmuth.de\/?page_id=3319\">Kunz<\/a><br \/>\n<a href=\"http:\/\/www.ahnenforschung-jackmuth.de\/?page_id=3322\">K (Diverse)<\/a><br \/>\n<a href=\"http:\/\/www.ahnenforschung-jackmuth.de\/?page_id=3325\">Lehmler<\/a><br \/>\n<a href=\"http:\/\/www.ahnenforschung-jackmuth.de\/?page_id=3329\">Leporinus<\/a><br \/>\n<a href=\"http:\/\/www.ahnenforschung-jackmuth.de\/?page_id=3339\">Leyendecker<\/a><br \/>\n<a href=\"http:\/\/www.ahnenforschung-jackmuth.de\/?page_id=3336\">L (Diverse)<\/a><br \/>\n<a href=\"http:\/\/www.ahnenforschung-jackmuth.de\/?page_id=3342\">Mahl<\/a><br \/>\n<a href=\"http:\/\/www.ahnenforschung-jackmuth.de\/?page_id=3345\">Mertens<\/a><br \/>\n<a href=\"http:\/\/www.ahnenforschung-jackmuth.de\/?page_id=3348\">Metzler<\/a><\/td>\n<td style=\"width: 19.7619%;\"><a href=\"http:\/\/www.ahnenforschung-jackmuth.de\/?page_id=3352\">M\u00f6seler\/Moseler<\/a><br \/>\n<a href=\"http:\/\/www.ahnenforschung-jackmuth.de\/?page_id=3356\">M\u00fcller<\/a><br \/>\n<a href=\"http:\/\/www.ahnenforschung-jackmuth.de\/?page_id=3359\">M (Diverse)<\/a><br \/>\n<a href=\"http:\/\/www.ahnenforschung-jackmuth.de\/?page_id=3362\">N (Diverse)<\/a><br \/>\n<a href=\"http:\/\/www.ahnenforschung-jackmuth.de\/?page_id=3365\">O (Diverse)<\/a><br \/>\n<a href=\"http:\/\/www.ahnenforschung-jackmuth.de\/?page_id=3370\">Pa(h)le<\/a><br \/>\n<a href=\"http:\/\/www.ahnenforschung-jackmuth.de\/?page_id=3373\">Peffart<\/a><br \/>\n<a href=\"http:\/\/www.ahnenforschung-jackmuth.de\/?page_id=3376\">P (Diverse)<\/a><br \/>\n<a href=\"http:\/\/www.ahnenforschung-jackmuth.de\/?page_id=3379\">Q (Diverse)<\/a><br \/>\n<a href=\"http:\/\/www.ahnenforschung-jackmuth.de\/?page_id=10251\">Rasbach<\/a><br \/>\n<a href=\"http:\/\/www.ahnenforschung-jackmuth.de\/?page_id=3382\">Rauch<\/a><br \/>\n<a href=\"http:\/\/www.ahnenforschung-jackmuth.de\/?page_id=3387\">Rausch<\/a><br \/>\n<a href=\"http:\/\/www.ahnenforschung-jackmuth.de\/?page_id=3391\">Rehemann<\/a><br \/>\n<a href=\"http:\/\/www.ahnenforschung-jackmuth.de\/?page_id=3395\">Reiffer<\/a><br \/>\n<a href=\"http:\/\/www.ahnenforschung-jackmuth.de\/?page_id=3399\">Reinhard<\/a><br \/>\n<a href=\"http:\/\/www.ahnenforschung-jackmuth.de\/?page_id=3403\">Reinighausen<\/a><br \/>\n<a href=\"http:\/\/www.ahnenforschung-jackmuth.de\/?page_id=3405\">Rosenbach<\/a><br \/>\n<a href=\"http:\/\/www.ahnenforschung-jackmuth.de\/?page_id=3410\">R (Diverse)<\/a><br \/>\n<a href=\"http:\/\/www.ahnenforschung-jackmuth.de\/?page_id=4108\">Scharding<\/a><br \/>\n<a href=\"http:\/\/www.ahnenforschung-jackmuth.de\/?page_id=3414\">Scheffer<\/a><br \/>\n<a href=\"http:\/\/www.ahnenforschung-jackmuth.de\/?page_id=3417\">Schepp<\/a><br \/>\n<a href=\"http:\/\/www.ahnenforschung-jackmuth.de\/?page_id=3422\">Schlimge<\/a><br \/>\n<a href=\"http:\/\/www.ahnenforschung-jackmuth.de\/?page_id=3426\">Schmitt<\/a><br \/>\n<a href=\"http:\/\/www.ahnenforschung-jackmuth.de\/?page_id=3430\">Schneider<\/a><br \/>\n<a href=\"http:\/\/www.ahnenforschung-jackmuth.de\/?page_id=3433\">Sch\u00f6ri<\/a><br \/>\n<a href=\"http:\/\/www.ahnenforschung-jackmuth.de\/?page_id=3436\">Schorr<\/a><br \/>\n<a href=\"http:\/\/www.ahnenforschung-jackmuth.de\/?page_id=3439\">Schupp<\/a><br \/>\n<a href=\"http:\/\/www.ahnenforschung-jackmuth.de\/?page_id=3444\">Sebel<\/a><\/td>\n<td style=\"width: 41.4286%;\"><a href=\"http:\/\/www.ahnenforschung-jackmuth.de\/?page_id=3447\">Sent<\/a><br \/>\n<a href=\"http:\/\/www.ahnenforschung-jackmuth.de\/?page_id=3455\">Simon<\/a><br \/>\n<a href=\"http:\/\/www.ahnenforschung-jackmuth.de\/?page_id=3460\">Stein<\/a><br \/>\n<a href=\"http:\/\/www.ahnenforschung-jackmuth.de\/?page_id=3463\">Stierle<\/a><br \/>\n<a href=\"http:\/\/www.ahnenforschung-jackmuth.de\/?page_id=3466\">S (Diverse)<\/a><br \/>\n<a href=\"http:\/\/www.ahnenforschung-jackmuth.de\/?page_id=3471\">Thorn<\/a><br \/>\n<a href=\"http:\/\/www.ahnenforschung-jackmuth.de\/?page_id=3474\">Traut<\/a><br \/>\n<a href=\"http:\/\/www.ahnenforschung-jackmuth.de\/?page_id=3478\">Trom<\/a><br \/>\n<a href=\"http:\/\/www.ahnenforschung-jackmuth.de\/?page_id=3481\">T (Diverse)<\/a><br \/>\n<a href=\"http:\/\/www.ahnenforschung-jackmuth.de\/?page_id=3484\">Ulefix<\/a><br \/>\n<a href=\"http:\/\/www.ahnenforschung-jackmuth.de\/?page_id=3488\">U (Diverse)<\/a><br \/>\n<a href=\"http:\/\/www.ahnenforschung-jackmuth.de\/?page_id=3491\">V (Diverse)<\/a><br \/>\n<a href=\"http:\/\/www.ahnenforschung-jackmuth.de\/?page_id=3494\">Wagner<\/a><br \/>\n<a href=\"http:\/\/www.ahnenforschung-jackmuth.de\/?page_id=3497\">Werner<\/a><br \/>\n<a href=\"http:\/\/www.ahnenforschung-jackmuth.de\/?page_id=3502\">Winter<\/a><br \/>\n<a href=\"http:\/\/www.ahnenforschung-jackmuth.de\/?page_id=3509\">Wittmann<\/a><br \/>\n<a href=\"http:\/\/www.ahnenforschung-jackmuth.de\/?page_id=3506\">Wittmar<\/a><br \/>\n<a href=\"http:\/\/www.ahnenforschung-jackmuth.de\/?page_id=3513\">W\u00f6lfling<\/a><br \/>\n<a href=\"http:\/\/www.ahnenforschung-jackmuth.de\/?page_id=3517\">W\u00fcrtz<\/a><br \/>\n<a href=\"http:\/\/www.ahnenforschung-jackmuth.de\/?page_id=3520\">W (Diverse)<\/a><br \/>\n<a href=\"http:\/\/www.ahnenforschung-jackmuth.de\/?page_id=3525\">Zimmerschied<\/a><br \/>\n<a href=\"http:\/\/www.ahnenforschung-jackmuth.de\/?page_id=3529\">Z (Diverse)<\/a><br \/>\n<a href=\"http:\/\/www.ahnenforschung-jackmuth.de\/?page_id=3532\">Familienname unbekannt<\/a><br \/>\n<a href=\"http:\/\/www.ahnenforschung-jackmuth.de\/?page_id=3536\">Ausw\u00e4rtige Uneheliche<\/a><\/td>\n<\/tr>\n<\/tbody>\n<\/table>\n<hr \/>\n<p><strong>Abk\u00fcrzungen<\/strong><\/p>\n<p>gt. \u2013 getauft<br \/>\nbg. \u2013 begraben<br \/>\nkonf. \u2013 konfirmiert<br \/>\nprokl. \u2013 proklamiert<br \/>\nilleg. \u2013 illegitim (unehelich)<br \/>\nDom. \u2013 Dominica (Sonntag)<br \/>\npost Epiph. \u2013 nach Epiphanias (06.01.)<br \/>\npost Trin. \u2013 nach Trinitatis (Sonntag nach Pfingsten)<br \/>\nPfr. \u2013 Pfarrer<br \/>\nLkr. \u2013 Landkreis<br \/>\nVG \u2013 Verbandsgemeinde<br \/>\nGem. \u2013 Gemeinde<br \/>\nKB \u2013 Kirchenbuch<\/p>\n<hr \/>\n<p><strong>Letzte \u00c4nderung: 26. April 2023<\/strong><br \/>\n<strong>Ralph Jackmuth<\/strong><\/p>\n","protected":false},"excerpt":{"rendered":"<p>Die Familien und Einwohner von Ems 1683-1726 (nach dem 1. KB) Familiennamen Ambrosius A (Diverse) Bonsfeld Braun Bretz Br\u00fcck Buting B (Diverse) C siehe K Dennem\u00e4rker Dietz Dill Dommermuth D\u00f6rbeck D (Diverse) Eberhahn Eichholz Elberskirch Euler Ewald E (Diverse) Friedgen Fuchs F (Diverse) Gackenbach Gerhard G (Diverse) Heimbach Herd Heumann Hoffmann H (Diverse) I (Diverse) &hellip; <a href=\"https:\/\/www.ahnenforschung-jackmuth.de\/?page_id=3540\" class=\"more-link\"><span class=\"screen-reader-text\">\u201eEms 1683-1726\u201c<\/span> weiterlesen<\/a><\/p>\n","protected":false},"author":1,"featured_media":0,"parent":0,"menu_order":0,"comment_status":"closed","ping_status":"closed","template":"","meta":{"footnotes":""},"class_list":["post-3540","page","type-page","status-publish","hentry"],"_links":{"self":[{"href":"https:\/\/www.ahnenforschung-jackmuth.de\/index.php?rest_route=\/wp\/v2\/pages\/3540","targetHints":{"allow":["GET"]}}],"collection":[{"href":"https:\/\/www.ahnenforschung-jackmuth.de\/index.php?rest_route=\/wp\/v2\/pages"}],"about":[{"href":"https:\/\/www.ahnenforschung-jackmuth.de\/index.php?rest_route=\/wp\/v2\/types\/page"}],"author":[{"embeddable":true,"href":"https:\/\/www.ahnenforschung-jackmuth.de\/index.php?rest_route=\/wp\/v2\/users\/1"}],"replies":[{"embeddable":true,"href":"https:\/\/www.ahnenforschung-jackmuth.de\/index.php?rest_route=%2Fwp%2Fv2%2Fcomments&post=3540"}],"version-history":[{"count":0,"href":"https:\/\/www.ahnenforschung-jackmuth.de\/index.php?rest_route=\/wp\/v2\/pages\/3540\/revisions"}],"wp:attachment":[{"href":"https:\/\/www.ahnenforschung-jackmuth.de\/index.php?rest_route=%2Fwp%2Fv2%2Fmedia&parent=3540"}],"curies":[{"name":"wp","href":"https:\/\/api.w.org\/{rel}","templated":true}]}}