{"id":3536,"date":"2019-04-27T17:20:07","date_gmt":"2019-04-27T17:20:07","guid":{"rendered":"http:\/\/www.ahnenforschung-jackmuth.de\/?page_id=3536"},"modified":"2019-04-28T12:52:48","modified_gmt":"2019-04-28T12:52:48","slug":"ems-auswaertige-uneheliche","status":"publish","type":"page","link":"https:\/\/www.ahnenforschung-jackmuth.de\/?page_id=3536","title":{"rendered":"Ems &#8211; Ausw\u00e4rtige Uneheliche"},"content":{"rendered":"<p style=\"text-align: justify;\"><span style=\"color: #ff0000;\"><strong><em><u>Dreydoppel<\/u><\/em><\/strong><strong>, Katharina:<\/strong><\/span> \u201eeine fremde p\u00e4pstische Weibsperson\u201c; Tochter des verst. Bernhard <em>Dreydoppel<\/em>, gewesener Zimmermann und M\u00fcller in Heimbach-Weis (Neuwied), zuletzt wohnhaft \u201ezu <em>Eisenburg im&#8230;<\/em>, ungef\u00e4hr 1 Stunde von Sayn\u201c<\/p>\n<p style=\"text-align: justify;\">o-o mit <strong><u>Daniel<\/u>, Philipp:<\/strong> ein kurtr. Soldat in Koblenz; Sohn des Georg Daniel zu <em>Roo\u00dfbach<\/em><\/p>\n<table width=\"605\">\n<tbody>\n<tr>\n<td width=\"178\">Johann Peter (illeg.)<\/td>\n<td width=\"153\">gt. 19.03.1699 Ems<\/td>\n<td width=\"274\"><\/td>\n<\/tr>\n<\/tbody>\n<\/table>\n<p style=\"text-align: justify;\"><strong>Paten:<\/strong><em> Tauffzeugen sind: Johann Peter Just vnd Anna Barbara, hiesigen M\u00fcllers Johannis Heimbachs Weib<\/em><\/p>\n<hr \/>\n<p style=\"text-align: justify;\"><span style=\"color: #ff0000;\"><strong><em><u>Hoffmayer<\/u><\/em><\/strong><strong>, Anna Sophia:<\/strong><\/span> Tochter des verst. Johann Daniel Hoffmayer, gewesener B\u00fcrger zu Rhens; dient 1708 bei Johann Jakob M\u00fcller in Kemmenau als Magd<\/p>\n<p style=\"text-align: justify;\">o-o mit <strong>N. N.<\/strong><\/p>\n<table width=\"605\">\n<tbody>\n<tr>\n<td width=\"198\">Johann Georg (illeg.)<\/td>\n<td width=\"161\">gt. 27.11.1698 Ems<\/td>\n<td width=\"246\"><\/td>\n<\/tr>\n<\/tbody>\n<\/table>\n<p style=\"text-align: justify;\"><strong>Paten:<\/strong> <em>Tauffpathen sind: Johann Georg, Hans Peter Trauten allhier Sohn, vnd Hans Georg Fischer, ein Knecht von Daussenau. Die God ist: Anna Margretha, Gottfried Reinhards, des Sch\u00e4fers allhier Eheweib<\/em><\/p>\n<p style=\"text-align: justify;\">o-o mit <strong><u>Zimmerschied<\/u>, Johann Jakob:<\/strong> zur Zeit hessen-darmst. Musketier; Sohn des verst. <a href=\"http:\/\/www.ahnenforschung-jackmuth.de\/?page_id=3853\">Johannes Zimmerschied<\/a> aus Kemmenau<\/p>\n<table width=\"605\">\n<tbody>\n<tr>\n<td width=\"198\">Maria Margaretha (illeg.)<\/td>\n<td width=\"161\">gt. 11.03.1708 Ems<\/td>\n<td width=\"246\"><\/td>\n<\/tr>\n<\/tbody>\n<\/table>\n<p style=\"text-align: justify;\"><strong>Paten: <\/strong><em>Tauff-Goden sind: Maria Sophia, Joh[ann] Jacob Zimmerschieds zu Kemmenau Tochter, vnd Elisabetha Margretha, Johannes Mohren, eines Einwohners in Embs, Tochter. Der Path ist: Johann Peter Neu\u00df, ein allhiesiger Einwohner<\/em><\/p>\n<hr \/>\n<p style=\"text-align: justify;\"><span style=\"color: #ff0000;\"><strong><u>Kr\u00e4mer<\/u><\/strong><strong>, Johannes:<\/strong> <\/span>gewesener Kuhhirte zu H\u00f6mberg (VG Bad Ems-Nassau)<\/p>\n<p style=\"text-align: justify;\">o-o mit <strong>N. N.<\/strong><\/p>\n<table width=\"605\">\n<tbody>\n<tr>\n<td width=\"236\">Anna Elisabeth Margaretha (illeg.)<\/td>\n<td width=\"151\">gt. 17.04.1687 Ems<\/td>\n<td width=\"217\"><\/td>\n<\/tr>\n<\/tbody>\n<\/table>\n<p style=\"text-align: justify;\"><strong>Paten:<\/strong><em> Gevattern waren: 1) Anna Elisabeth, Adam Ilgesen Magd; 2) Johann Jacob Werner; 3) Anna Sibylla, Jost Reinhards Tochter<\/em><\/p>\n<hr \/>\n<p style=\"text-align: justify;\"><span style=\"color: #ff0000;\"><strong><u>Leyendecker<\/u><\/strong><strong>, Maria Katharina:<\/strong><\/span> Tochter des verst. Philipp Adam Leyendecker aus Dausenau; hatte bei dem Stifts&#8230; Bartholom\u00e4us Jost in Ems als Magd gedient; ihre Mutter oo II. 28.02.1702 Ems mit Bartholom\u00e4us Jost<\/p>\n<p style=\"text-align: justify;\">o-o mit <strong><em><u>Bay<\/u><\/em>, Hans Georg<\/strong> aus Kadenbach; s. a. in <a href=\"http:\/\/www.ahnenforschung-jackmuth.de\/?page_id=3771\">Kemmenau<\/a><\/p>\n<table width=\"605\">\n<tbody>\n<tr>\n<td width=\"178\">Johann David (illeg.)<\/td>\n<td width=\"153\">gt. 12.12.1706 Ems<\/td>\n<td width=\"274\"><\/td>\n<\/tr>\n<\/tbody>\n<\/table>\n<p style=\"text-align: justify;\"><strong>Paten:<\/strong> <em>&lt;Tauff&gt;zeugen sind Meister Joh[ann] David Schneider, Schlo\u00dfer allhier, Joh[ann] Velten D\u00f6rnheff&lt;er&gt;, ein hiesiger Einwohner, vnd Elisabetha Catharina, wei[land] Hans Carl Zimmerschieden, gewesenen Schieffmanns hier in Embs, hinterlassene Tochter. Vnd hei\u00dft das &lt;Kind&gt; Johann David<\/em><\/p>\n<p style=\"text-align: justify;\">Im P\u00f6nitentenregister wegen illeg. Kind (KB 1, pag. 834): \u00a0<em>Anno Christi 1705, den 19ten Julij, war Dom[inica] VI p[ost] Trinit[atis], hat Maria Catharina, weiland Philips Adam Leyendeckers, gewesenen Burgers zu Daussenau, hinterlassene Tochter, h[ujus] t[emporis] hie in Embs dienende Magd, wegen ver\u00fcbter Vnzucht vnd Hurerey, in dem sie sich zur Vngeb\u00fchr mit Hans Georg Beyen, einem p\u00e4pstischen Buben in der Augst, in vnserer Nachbarschafft, fleischlichen vermischet, vnd nachgehends ein Kind zur Welt gebohren, ihre Kirchen-Poenitentz offent[lich] abgeleget.<\/em><\/p>\n<hr \/>\n<p style=\"text-align: justify;\"><span style=\"color: #ff0000;\"><strong><em><u>Sporen<\/u><\/em><\/strong><strong>, Margaretha:<\/strong><\/span> Tochter des Anton <em>Sporen<\/em>, Einwohner <em>im Dorff Vffeler H\u00fctten genant, in der &#8230;<\/em><\/p>\n<p style=\"text-align: justify;\">o-o mit <strong><u>Uhl<\/u>, Hans Georg:<\/strong> ein Soldat unter den Kaiserlichen, der bisher in Koblenz gelegen sein soll<\/p>\n<table width=\"605\">\n<tbody>\n<tr>\n<td width=\"178\">Johann Anton (illeg.)<\/td>\n<td width=\"153\">gt. 12.03.1698 Ems<\/td>\n<td width=\"274\"><\/td>\n<\/tr>\n<\/tbody>\n<\/table>\n<p style=\"text-align: justify;\"><strong>Paten:<\/strong> <em>Tauffpathen sind: Johannes Anthoni[us] Gro\u00df vnd Andreas Lotz, der Daussenauer Becker auff dem Baad. Die God ist: Christina, Gottfried Zapffs auff dem Baad Tochter<\/em><\/p>\n<hr \/>\n<p style=\"text-align: justify;\"><span style=\"color: #ff0000;\"><strong><em><u>Winckel<\/u><\/em><\/strong><strong>, Anna Elisabeth:<\/strong><\/span> Tochter des verst. Hermann <em>Winckel<\/em> aus Urbach (VG Puderbach, Lkr. Neuwied)<\/p>\n<p style=\"text-align: justify;\">o-o mit <strong><u>Schmitt<\/u>, Johannes:<\/strong> ein kurtrier. Soldat und Schmied; evtl. oo 16.01.1698 Ems mit Maria Johannetta Elisabeth Koch in Ems<\/p>\n<p style=\"text-align: justify;\">Im P\u00f6nitentenregister wegen illeg. Kind (KB 1, pag. 829): <em>Anno 1697, den 20ten Junij, war Dom[inica] 3 p[ost] Trin[itatis], hat Anna Elisabetha, weiland Hermann Winckels zu Vhrbach, gelegen in dem Ambt Dierdorff, hinterlassene Tochter, wegen ver\u00fcbter Vnzucht v[nd] Hurerey, in dem sie sich zur Vngeb\u00fchr mit Johannes Schmitten, einem churtrierischen Soldaten v[nd] Schmitten, fleischlichen vermischet vnd ein Kind zur Welt gebohren, ihre Kirchen Poenitentz freywillig v[nd] offent[lich] verrichtet.<\/em><\/p>\n<hr \/>\n<p style=\"text-align: justify;\"><span style=\"color: #ff0000;\"><strong>Maria Barbara:<\/strong><\/span> Tochter von Johannes, eines verstorbenen Schneiders zu <em>Rehnsburg<\/em> an der Mosel, und Enkelin des Johannes Dehrn, Zehntheber und Hofmann (in Ems) der Stiftsherren zu St. Kastor in Koblenz<\/p>\n<p style=\"text-align: justify;\">o-o mit <strong>N. N.:<\/strong> zur Zeit Pastor zu <em>K\u00e4ste<\/em> an der Mosel<\/p>\n<table width=\"605\">\n<tbody>\n<tr>\n<td width=\"198\">Anna Margaretha (illeg.)<\/td>\n<td width=\"161\">gt. 14.07.1689 Ems<\/td>\n<td width=\"246\">bg. 30.07.1689 Ems<\/td>\n<\/tr>\n<\/tbody>\n<\/table>\n<p style=\"text-align: justify;\"><strong>Paten:<\/strong><em> Tauff-Go&lt;den&gt; waren: Anna Margretha, Johannis Ulrich Jans, vulgo Schweitzers, des Zimmermanns Tochter, vnd Anna Keth, Johannis Mohren, eines Soldaten auff der Vestung Ehrenbreitstein Hau\u00dffr[au]. Der Path ist Johann Carl Kaphne, Hans Peter Kaphne, des gewesenen Beckers allhier Sohn<\/em><\/p>\n<hr \/>\n<p style=\"text-align: justify;\"><strong><span style=\"font-size: 10pt;\">Letzte \u00c4nderung: 27. April 2019<\/span><\/strong><br \/>\n<strong><span style=\"font-size: 10pt;\">Ralph Jackmuth<\/span><\/strong><\/p>\n","protected":false},"excerpt":{"rendered":"<p>Dreydoppel, Katharina: \u201eeine fremde p\u00e4pstische Weibsperson\u201c; Tochter des verst. Bernhard Dreydoppel, gewesener Zimmermann und M\u00fcller in Heimbach-Weis (Neuwied), zuletzt wohnhaft \u201ezu Eisenburg im&#8230;, ungef\u00e4hr 1 Stunde von Sayn\u201c o-o mit Daniel, Philipp: ein kurtr. Soldat in Koblenz; Sohn des Georg Daniel zu Roo\u00dfbach Johann Peter (illeg.) gt. 19.03.1699 Ems Paten: Tauffzeugen sind: Johann Peter Just &hellip; <a href=\"https:\/\/www.ahnenforschung-jackmuth.de\/?page_id=3536\" class=\"more-link\"><span class=\"screen-reader-text\">\u201eEms &#8211; Ausw\u00e4rtige Uneheliche\u201c<\/span> weiterlesen<\/a><\/p>\n","protected":false},"author":1,"featured_media":0,"parent":0,"menu_order":0,"comment_status":"closed","ping_status":"closed","template":"","meta":{"footnotes":""},"class_list":["post-3536","page","type-page","status-publish","hentry"],"_links":{"self":[{"href":"https:\/\/www.ahnenforschung-jackmuth.de\/index.php?rest_route=\/wp\/v2\/pages\/3536","targetHints":{"allow":["GET"]}}],"collection":[{"href":"https:\/\/www.ahnenforschung-jackmuth.de\/index.php?rest_route=\/wp\/v2\/pages"}],"about":[{"href":"https:\/\/www.ahnenforschung-jackmuth.de\/index.php?rest_route=\/wp\/v2\/types\/page"}],"author":[{"embeddable":true,"href":"https:\/\/www.ahnenforschung-jackmuth.de\/index.php?rest_route=\/wp\/v2\/users\/1"}],"replies":[{"embeddable":true,"href":"https:\/\/www.ahnenforschung-jackmuth.de\/index.php?rest_route=%2Fwp%2Fv2%2Fcomments&post=3536"}],"version-history":[{"count":0,"href":"https:\/\/www.ahnenforschung-jackmuth.de\/index.php?rest_route=\/wp\/v2\/pages\/3536\/revisions"}],"wp:attachment":[{"href":"https:\/\/www.ahnenforschung-jackmuth.de\/index.php?rest_route=%2Fwp%2Fv2%2Fmedia&parent=3536"}],"curies":[{"name":"wp","href":"https:\/\/api.w.org\/{rel}","templated":true}]}}