{"id":3517,"date":"2019-04-27T16:50:35","date_gmt":"2019-04-27T16:50:35","guid":{"rendered":"http:\/\/www.ahnenforschung-jackmuth.de\/?page_id=3517"},"modified":"2019-09-09T18:41:37","modified_gmt":"2019-09-09T18:41:37","slug":"ems-wuertz","status":"publish","type":"page","link":"https:\/\/www.ahnenforschung-jackmuth.de\/?page_id=3517","title":{"rendered":"Ems &#8211; W\u00fcrtz"},"content":{"rendered":"<p><span style=\"color: #ff0000;\"><strong><u>W\u00fcrtz<\/u><\/strong><strong>, Henrich<\/strong><\/span><\/p>\n<p>oo mit <strong>Katharina: <\/strong>bg. 28.05.1691 Ems, 50 Jahre alt<\/p>\n<table width=\"614\">\n<tbody>\n<tr>\n<td width=\"151\">1) Johann Peter<\/td>\n<td width=\"189\">konf. 31.05.1691 (Pfingsten)<\/td>\n<td style=\"text-align: justify;\" width=\"274\">oo 01.11.1701 Ems mit Maria Elisabeth Kaffine aus Ems<\/td>\n<\/tr>\n<tr>\n<td width=\"151\">2) Anna Philippina<\/td>\n<td width=\"189\">gt. 04.11.1683 Ems<br \/>\nkonf. 31.05.1696 (Pfingsten)<\/td>\n<td width=\"274\"><\/td>\n<\/tr>\n<\/tbody>\n<\/table>\n<hr \/>\n<p><span style=\"color: #ff0000;\"><strong><u>W\u00fcrtz<\/u><\/strong><strong>, Johann Peter:<\/strong><\/span> B\u00e4cker in Ems; Sohn des verst. Henrich W\u00fcrtz aus Ems<\/p>\n<p><strong>oo 01.11.1701 Ems<\/strong> (3. Prokl. 30.10.)<\/p>\n<p>mit <strong><u>Kaffine<\/u>, Maria Elisabeth:<\/strong> Tochter des verst. <a href=\"http:\/\/www.ahnenforschung-jackmuth.de\/?page_id=3286\">Hans Karl Kaffine<\/a>, gewesener B\u00e4cker in Ems<\/p>\n<table width=\"614\">\n<tbody>\n<tr>\n<td width=\"180\">1) Johann Jakob Henrich<\/td>\n<td width=\"151\">gt. 19.11.1702 Ems<\/td>\n<td width=\"283\">bg. 24.02.1705 Ems<\/td>\n<\/tr>\n<tr>\n<td width=\"180\">2) Hedwig Margaretha<\/td>\n<td width=\"151\">gt. 24.03.1704 Ems<\/td>\n<td width=\"283\"><\/td>\n<\/tr>\n<tr>\n<td width=\"180\">3) Johann David<\/td>\n<td width=\"151\">gt. 14.02.1706 Ems<\/td>\n<td width=\"283\"><\/td>\n<\/tr>\n<tr>\n<td width=\"180\">4) Johann Engel<\/td>\n<td width=\"151\">gt. 23.10.1707 Ems<\/td>\n<td width=\"283\"><\/td>\n<\/tr>\n<tr>\n<td width=\"180\">5) Johann Georg<\/td>\n<td width=\"151\">gt. 09.03.1710 Ems<\/td>\n<td width=\"283\">lt. Gegenvermerk + 1765<\/td>\n<\/tr>\n<tr>\n<td width=\"180\">6) Johann Anton<\/td>\n<td width=\"151\">gt. 15.11.1711 Ems<\/td>\n<td width=\"283\"><\/td>\n<\/tr>\n<\/tbody>\n<\/table>\n<hr \/>\n<p style=\"text-align: justify;\"><strong><span style=\"font-size: 10pt;\">Letzte \u00c4nderung: 9. September 2019<\/span><\/strong><br \/>\n<strong><span style=\"font-size: 10pt;\">Ralph Jackmuth<\/span><\/strong><\/p>\n","protected":false},"excerpt":{"rendered":"<p>W\u00fcrtz, Henrich oo mit Katharina: bg. 28.05.1691 Ems, 50 Jahre alt 1) Johann Peter konf. 31.05.1691 (Pfingsten) oo 01.11.1701 Ems mit Maria Elisabeth Kaffine aus Ems 2) Anna Philippina gt. 04.11.1683 Ems konf. 31.05.1696 (Pfingsten) W\u00fcrtz, Johann Peter: B\u00e4cker in Ems; Sohn des verst. Henrich W\u00fcrtz aus Ems oo 01.11.1701 Ems (3. Prokl. 30.10.) mit &hellip; <a href=\"https:\/\/www.ahnenforschung-jackmuth.de\/?page_id=3517\" class=\"more-link\"><span class=\"screen-reader-text\">\u201eEms &#8211; W\u00fcrtz\u201c<\/span> weiterlesen<\/a><\/p>\n","protected":false},"author":1,"featured_media":0,"parent":0,"menu_order":0,"comment_status":"closed","ping_status":"closed","template":"","meta":{"footnotes":""},"class_list":["post-3517","page","type-page","status-publish","hentry"],"_links":{"self":[{"href":"https:\/\/www.ahnenforschung-jackmuth.de\/index.php?rest_route=\/wp\/v2\/pages\/3517","targetHints":{"allow":["GET"]}}],"collection":[{"href":"https:\/\/www.ahnenforschung-jackmuth.de\/index.php?rest_route=\/wp\/v2\/pages"}],"about":[{"href":"https:\/\/www.ahnenforschung-jackmuth.de\/index.php?rest_route=\/wp\/v2\/types\/page"}],"author":[{"embeddable":true,"href":"https:\/\/www.ahnenforschung-jackmuth.de\/index.php?rest_route=\/wp\/v2\/users\/1"}],"replies":[{"embeddable":true,"href":"https:\/\/www.ahnenforschung-jackmuth.de\/index.php?rest_route=%2Fwp%2Fv2%2Fcomments&post=3517"}],"version-history":[{"count":0,"href":"https:\/\/www.ahnenforschung-jackmuth.de\/index.php?rest_route=\/wp\/v2\/pages\/3517\/revisions"}],"wp:attachment":[{"href":"https:\/\/www.ahnenforschung-jackmuth.de\/index.php?rest_route=%2Fwp%2Fv2%2Fmedia&parent=3517"}],"curies":[{"name":"wp","href":"https:\/\/api.w.org\/{rel}","templated":true}]}}

Ems &#8211; Würtz

<p><span style="color: #ff0000;"><strong><u>Würtz</u></strong><strong>, Henrich</strong></span></p>
<p>oo mit <strong>Katharina: </strong>bg. 28.05.1691 Ems, 50 Jahre alt</p>
<table width="614">
<tbody>
<tr>
<td width="151">1) Johann Peter</td>
<td width="189">konf. 31.05.1691 (Pfingsten)</td>
<td style="text-align: justify;" width="274">oo 01.11.1701 Ems mit Maria Elisabeth Kaffine aus Ems</td>
</tr>
<tr>
<td width="151">2) Anna Philippina</td>
<td width="189">gt. 04.11.1683 Ems<br />
konf. 31.05.1696 (Pfingsten)</td>
<td width="274"></td>
</tr>
</tbody>
</table>
<hr />
<p><span style="color: #ff0000;"><strong><u>Würtz</u></strong><strong>, Johann Peter:</strong></span> Bäcker in Ems; Sohn des verst. Henrich Würtz aus Ems</p>
<p><strong>oo 01.11.1701 Ems</strong> (3. Prokl. 30.10.)</p>
<p>mit <strong><u>Kaffine</u>, Maria Elisabeth:</strong> Tochter des verst. <a href="http://www.ahnenforschung-jackmuth.de/?page_id=3286">Hans Karl Kaffine</a>, gewesener Bäcker in Ems</p>
<table width="614">
<tbody>
<tr>
<td width="180">1) Johann Jakob Henrich</td>
<td width="151">gt. 19.11.1702 Ems</td>
<td width="283">bg. 24.02.1705 Ems</td>
</tr>
<tr>
<td width="180">2) Hedwig Margaretha</td>
<td width="151">gt. 24.03.1704 Ems</td>
<td width="283"></td>
</tr>
<tr>
<td width="180">3) Johann David</td>
<td width="151">gt. 14.02.1706 Ems</td>
<td width="283"></td>
</tr>
<tr>
<td width="180">4) Johann Engel</td>
<td width="151">gt. 23.10.1707 Ems</td>
<td width="283"></td>
</tr>
<tr>
<td width="180">5) Johann Georg</td>
<td width="151">gt. 09.03.1710 Ems</td>
<td width="283">lt. Gegenvermerk + 1765</td>
</tr>
<tr>
<td width="180">6) Johann Anton</td>
<td width="151">gt. 15.11.1711 Ems</td>
<td width="283"></td>
</tr>
</tbody>
</table>
<hr />
<p style="text-align: justify;"><strong><span style="font-size: 10pt;">Letzte Änderung: 9. September 2019</span></strong><br />
<strong><span style="font-size: 10pt;">Ralph Jackmuth</span></strong></p>

<p>Würtz, Henrich oo mit Katharina: bg. 28.05.1691 Ems, 50 Jahre alt 1) Johann Peter konf. 31.05.1691 (Pfingsten) oo 01.11.1701 Ems mit Maria Elisabeth Kaffine aus Ems 2) Anna Philippina gt. 04.11.1683 Ems konf. 31.05.1696 (Pfingsten) Würtz, Johann Peter: Bäcker in Ems; Sohn des verst. Henrich Würtz aus Ems oo 01.11.1701 Ems (3. Prokl. 30.10.) mit &hellip; <a href="https://www.ahnenforschung-jackmuth.de/?page_id=3517" class="more-link"><span class="screen-reader-text">„Ems &#8211; Würtz“</span> weiterlesen</a></p>
