{"id":3502,"date":"2019-04-27T16:40:57","date_gmt":"2019-04-27T16:40:57","guid":{"rendered":"http:\/\/www.ahnenforschung-jackmuth.de\/?page_id=3502"},"modified":"2019-04-28T12:45:36","modified_gmt":"2019-04-28T12:45:36","slug":"ems-winter","status":"publish","type":"page","link":"https:\/\/www.ahnenforschung-jackmuth.de\/?page_id=3502","title":{"rendered":"Ems &#8211; Winter"},"content":{"rendered":"<p><span style=\"color: #ff0000;\"><strong><u>Winter<\/u><\/strong><strong>, Matth\u00e4us:<\/strong><\/span> ein Soldat in Koblenz; Sohn des verst. Peter Winter zu Weilburg auf der H\u00fctte<\/p>\n<p style=\"text-align: justify;\"><strong>oo 02.08.1688 Ems <\/strong>mit <strong><u>Arnold<\/u>, Elisabeth:<\/strong> Tochter des verst. Andreas Arnold, gewesener Wollweber zu Mayen<\/p>\n<hr \/>\n<p style=\"text-align: justify;\"><span style=\"color: #ff0000;\"><strong><u>Winter<\/u><\/strong><strong>, Johannes:<\/strong><\/span> M\u00fcller in Ems (1686 Herrenm\u00fcller); Sohn des Meister Simon Winter, M\u00fcller in Miellen (<em>M\u00fchlen<\/em>)<\/p>\n<p><strong>oo 04.08.1685 Ems <\/strong>mit <strong><u>Peffart<\/u>, Maria Gertrud:<\/strong> Tochter des <a href=\"http:\/\/www.ahnenforschung-jackmuth.de\/?page_id=3373\">Henrich Peffart<\/a>, M\u00fcller in Ems<\/p>\n<table width=\"614\">\n<tbody>\n<tr>\n<td width=\"170\">Johann Nikolaus<\/td>\n<td width=\"142\">gt. 26.09.1686 Ems<\/td>\n<td width=\"302\"><\/td>\n<\/tr>\n<\/tbody>\n<\/table>\n<p style=\"text-align: justify;\"><strong>Paten:<\/strong> <em>Gevattern waren: 1) Maria Elisabeth, Michel Schuppen Hausfrau; 2) des Kindes Vatter Bruder von M\u00fchlen; 3) Catharina N., eines c\u00f6llischen Kr\u00e4mers Tochter, welche bey Peter Frittgen gedienet<\/em><\/p>\n<hr \/>\n<p style=\"text-align: justify;\"><strong><span style=\"font-size: 10pt;\">Letzte \u00c4nderung: 27. April 2019<\/span><\/strong><br \/>\n<strong><span style=\"font-size: 10pt;\">Ralph Jackmuth<\/span><\/strong><\/p>\n","protected":false},"excerpt":{"rendered":"<p>Winter, Matth\u00e4us: ein Soldat in Koblenz; Sohn des verst. Peter Winter zu Weilburg auf der H\u00fctte oo 02.08.1688 Ems mit Arnold, Elisabeth: Tochter des verst. Andreas Arnold, gewesener Wollweber zu Mayen Winter, Johannes: M\u00fcller in Ems (1686 Herrenm\u00fcller); Sohn des Meister Simon Winter, M\u00fcller in Miellen (M\u00fchlen) oo 04.08.1685 Ems mit Peffart, Maria Gertrud: Tochter &hellip; <a href=\"https:\/\/www.ahnenforschung-jackmuth.de\/?page_id=3502\" class=\"more-link\"><span class=\"screen-reader-text\">\u201eEms &#8211; Winter\u201c<\/span> weiterlesen<\/a><\/p>\n","protected":false},"author":1,"featured_media":0,"parent":0,"menu_order":0,"comment_status":"closed","ping_status":"closed","template":"","meta":{"footnotes":""},"class_list":["post-3502","page","type-page","status-publish","hentry"],"_links":{"self":[{"href":"https:\/\/www.ahnenforschung-jackmuth.de\/index.php?rest_route=\/wp\/v2\/pages\/3502","targetHints":{"allow":["GET"]}}],"collection":[{"href":"https:\/\/www.ahnenforschung-jackmuth.de\/index.php?rest_route=\/wp\/v2\/pages"}],"about":[{"href":"https:\/\/www.ahnenforschung-jackmuth.de\/index.php?rest_route=\/wp\/v2\/types\/page"}],"author":[{"embeddable":true,"href":"https:\/\/www.ahnenforschung-jackmuth.de\/index.php?rest_route=\/wp\/v2\/users\/1"}],"replies":[{"embeddable":true,"href":"https:\/\/www.ahnenforschung-jackmuth.de\/index.php?rest_route=%2Fwp%2Fv2%2Fcomments&post=3502"}],"version-history":[{"count":0,"href":"https:\/\/www.ahnenforschung-jackmuth.de\/index.php?rest_route=\/wp\/v2\/pages\/3502\/revisions"}],"wp:attachment":[{"href":"https:\/\/www.ahnenforschung-jackmuth.de\/index.php?rest_route=%2Fwp%2Fv2%2Fmedia&parent=3502"}],"curies":[{"name":"wp","href":"https:\/\/api.w.org\/{rel}","templated":true}]}}

<p><span style="color: #ff0000;"><strong><u>Winter</u></strong><strong>, Matthäus:</strong></span> ein Soldat in Koblenz; Sohn des verst. Peter Winter zu Weilburg auf der Hütte</p>
<p style="text-align: justify;"><strong>oo 02.08.1688 Ems </strong>mit <strong><u>Arnold</u>, Elisabeth:</strong> Tochter des verst. Andreas Arnold, gewesener Wollweber zu Mayen</p>
<hr />
<p style="text-align: justify;"><span style="color: #ff0000;"><strong><u>Winter</u></strong><strong>, Johannes:</strong></span> Müller in Ems (1686 Herrenmüller); Sohn des Meister Simon Winter, Müller in Miellen (<em>Mühlen</em>)</p>
<p><strong>oo 04.08.1685 Ems </strong>mit <strong><u>Peffart</u>, Maria Gertrud:</strong> Tochter des <a href="http://www.ahnenforschung-jackmuth.de/?page_id=3373">Henrich Peffart</a>, Müller in Ems</p>
<table width="614">
<tbody>
<tr>
<td width="170">Johann Nikolaus</td>
<td width="142">gt. 26.09.1686 Ems</td>
<td width="302"></td>
</tr>
</tbody>
</table>
<p style="text-align: justify;"><strong>Paten:</strong> <em>Gevattern waren: 1) Maria Elisabeth, Michel Schuppen Hausfrau; 2) des Kindes Vatter Bruder von Mühlen; 3) Catharina N., eines cöllischen Krämers Tochter, welche bey Peter Frittgen gedienet</em></p>
<hr />
<p style="text-align: justify;"><strong><span style="font-size: 10pt;">Letzte Änderung: 27. April 2019</span></strong><br />
<strong><span style="font-size: 10pt;">Ralph Jackmuth</span></strong></p>

<p>Winter, Matthäus: ein Soldat in Koblenz; Sohn des verst. Peter Winter zu Weilburg auf der Hütte oo 02.08.1688 Ems mit Arnold, Elisabeth: Tochter des verst. Andreas Arnold, gewesener Wollweber zu Mayen Winter, Johannes: Müller in Ems (1686 Herrenmüller); Sohn des Meister Simon Winter, Müller in Miellen (Mühlen) oo 04.08.1685 Ems mit Peffart, Maria Gertrud: Tochter &hellip; <a href="https://www.ahnenforschung-jackmuth.de/?page_id=3502" class="more-link"><span class="screen-reader-text">„Ems &#8211; Winter“</span> weiterlesen</a></p>
