{"id":3455,"date":"2019-04-27T15:20:24","date_gmt":"2019-04-27T15:20:24","guid":{"rendered":"http:\/\/www.ahnenforschung-jackmuth.de\/?page_id=3455"},"modified":"2019-04-28T12:38:06","modified_gmt":"2019-04-28T12:38:06","slug":"ems-simon","status":"publish","type":"page","link":"https:\/\/www.ahnenforschung-jackmuth.de\/?page_id=3455","title":{"rendered":"Ems &#8211; Simon"},"content":{"rendered":"<p><span style=\"color: #ff0000;\"><strong><u>Simon<\/u><\/strong><strong>, Klaus: <\/strong><\/span>J\u00e4ger; bg. 08.09.1689 Ems, 50 Jahre alt<\/p>\n<p>oo mit <strong>Maria Katharina:<\/strong> oo II. 01.07.1690 Ems mit Johann Velten D\u00f6rnh\u00f6ffer aus Nassau<\/p>\n<hr \/>\n<p><span style=\"color: #ff0000;\"><strong><u>Simon<\/u><\/strong><\/span><strong><span style=\"color: #ff0000;\">, Jakob:<\/span> <\/strong>gemeiner Vorsteher in Ems; bg. 06.09.1708 Ems, 68 Jahre und 6 Monate alt<\/p>\n<p>oo mit <strong>Anna Maria<\/strong><\/p>\n<table width=\"605\">\n<tbody>\n<tr>\n<td style=\"width: 185.233px;\">1) Hans Henrich<\/td>\n<td style=\"width: 279.35px;\"><\/td>\n<td style=\"width: 329.417px; text-align: justify;\">oo 24.11.1691 Nassau mit Elisabeth Katharina M\u00e4urer aus H\u00f6mberg<\/td>\n<\/tr>\n<tr>\n<td style=\"width: 185.233px;\">2) Johann Peter<\/td>\n<td style=\"width: 279.35px;\"><\/td>\n<td style=\"width: 329.417px; text-align: justify;\">oo 13.01.1695 Ems mit Maria Dorothea B\u00e4r aus Katzenelnbogen<\/td>\n<\/tr>\n<tr>\n<td style=\"width: 185.233px;\">3) Johann Jakob<\/td>\n<td style=\"width: 279.35px;\">konf. 31.05.1691 (Pfingsten)<\/td>\n<td style=\"width: 329.417px; text-align: justify;\">oo 08.02.1702 Ems mit Maria Katharina Rosenbach aus Ems<\/td>\n<\/tr>\n<tr>\n<td style=\"width: 185.233px;\">4) Anna Margaretha<\/td>\n<td style=\"width: 279.35px;\"><\/td>\n<td style=\"width: 329.417px; text-align: justify;\">hat 1692 illeg. Kind<\/td>\n<\/tr>\n<tr>\n<td style=\"width: 185.233px;\">5) Anna Gertrud<\/td>\n<td style=\"width: 279.35px;\">konf. 18.05.1689 (Pfingstsamstag)<\/td>\n<td style=\"width: 329.417px; text-align: justify;\">oo 12.08.1710 Ems mit Johann Velten <em>D\u00f6rnheffer<\/em><\/td>\n<\/tr>\n<tr>\n<td style=\"width: 185.233px;\">6) Johann Gottfried<\/td>\n<td style=\"width: 279.35px;\">gt. 09.01.1687 Ems<\/td>\n<td style=\"width: 329.417px;\">bg. 22.04.1688<\/td>\n<\/tr>\n<\/tbody>\n<\/table>\n<p style=\"text-align: justify;\"><strong>Paten:<\/strong> <strong>zu 6)<\/strong> <em>Gevattern waren: 1) Johann Gottfried, Wilhelm Eulers Sohn; 2) Anna Sibylla, Jost Reinhards Tochter; 3) Johannes Ahler, Becker auf dem Baad<\/em><\/p>\n<hr \/>\n<p><span style=\"color: #ff0000;\"><strong><u>Simon<\/u><\/strong><strong>, Anna Margaretha:<\/strong> <\/span>Tochter des Jakob Simon, Vorsteher in Ems<\/p>\n<p>o-o mit <strong><u>Fuchs<\/u>, Johann Eberhard:<\/strong> ein B\u00e4ckergeselle, geb\u00fcrtig aus Nassau<\/p>\n<table width=\"605\">\n<tbody>\n<tr>\n<td width=\"180\">Johann Gottfried (illeg.)<\/td>\n<td width=\"142\">gt. 04.03.1692 Ems<\/td>\n<td width=\"283\">konf. 31.05.1705 (Pfingsten)<\/td>\n<\/tr>\n<\/tbody>\n<\/table>\n<p><strong>Paten:<\/strong> <em>Tauffzeugen sind: Johann Gottfried Reinhard, ein Schuhknecht allhier, vnd Anna Lie\u00df Schefferin, vidua<\/em><\/p>\n<p style=\"text-align: justify;\">Im P\u00f6nitentenregister wegen illeg. Kind (KB 1, pag. 826): <em>A[nn]o 1692, den 1ten Maji, war Dom[inica] Rogate, hat Anna Margaretha, Jacob Simons Tochter allhier, wegen begangener Vnzucht vnd Hurerey, in dem sie sich mit Johann Eberhard Fuch\u00dfen, einem Ackergesellen zu Nassau b\u00fcrtig, so sich absentirt, zur Vngeb\u00fchr fleischlichen vermischt vnd ein Kind zur Welt gebohren, ihre offent[liche] Kirchen-Poenitentz gethan, vnd gehorsamb[lichen] abgelegt.<\/em><\/p>\n<hr \/>\n<p><span style=\"color: #ff0000;\"><strong><u>Simon<\/u><\/strong><strong>, Johann (Hans) Henrich:<\/strong> <\/span>Sohn des Jakob Simon, Vorsteher in Ems; bg. 11.08.1709 Ems, 47 Jahre alt<\/p>\n<p><strong>oo 24.11.1691 Nassau<\/strong> (3. Prokl. 15.11.1691 Ems)<\/p>\n<p style=\"text-align: justify;\">mit <strong><u>M\u00e4urer<\/u>, Elisabeth Katharina:<\/strong> Tochter des Konrad M\u00e4urer aus H\u00f6mberg (VG Bad Ems-Nassau); der Familienname lautet im KB Ems <em>Mauerer<\/em>, im KB Nassau <em>Mewrerin<\/em>; bg. 24.02.1709 Ems, 46 Jahre alt<\/p>\n<table style=\"height: 196px;\" width=\"605\">\n<tbody>\n<tr style=\"height: 56px;\">\n<td style=\"height: 56px; width: 199.6px;\">1) Maria Katharina<\/td>\n<td style=\"height: 56px; width: 260.35px;\">gt. 04.09.1692 Ems<br \/>\nkonf. 31.05.1705 (Pfingsten)<\/td>\n<td style=\"text-align: justify; height: 56px; width: 334.05px;\">oo 20.01.1713 Nassau mit Johann Adam Gro\u00df aus H\u00f6mberg<\/td>\n<\/tr>\n<tr style=\"height: 28px;\">\n<td style=\"height: 28px; width: 199.6px;\">2) Johann Peter<\/td>\n<td style=\"height: 28px; width: 260.35px;\">gt. 14.07.1695 Ems<\/td>\n<td style=\"height: 28px; width: 334.05px;\">bg. 30.11.1697 Ems<\/td>\n<\/tr>\n<tr style=\"height: 28px;\">\n<td style=\"height: 28px; width: 199.6px;\">3) Johann Peter<\/td>\n<td style=\"height: 28px; width: 260.35px;\">gt. 18.09.1698 Ems<\/td>\n<td style=\"height: 28px; width: 334.05px;\"><\/td>\n<\/tr>\n<tr style=\"height: 28px;\">\n<td style=\"height: 28px; width: 199.6px;\">4) Johann Martin<\/td>\n<td style=\"height: 28px; width: 260.35px;\">gt. 08.01.1702 Ems<\/td>\n<td style=\"height: 28px; width: 334.05px;\">bg. 01.03.1705 Ems<\/td>\n<\/tr>\n<tr style=\"height: 28px;\">\n<td style=\"height: 28px; width: 199.6px;\">5) Johann Georg<\/td>\n<td style=\"height: 28px; width: 260.35px;\">gt. 08.01.1702 Ems<\/td>\n<td style=\"height: 28px; width: 334.05px;\"><\/td>\n<\/tr>\n<tr style=\"height: 28px;\">\n<td style=\"height: 28px; width: 199.6px;\">6) Johann Jakob<\/td>\n<td style=\"height: 28px; width: 260.35px;\">gt. 11.04.1706 Ems<\/td>\n<td style=\"height: 28px; width: 334.05px;\"><\/td>\n<\/tr>\n<\/tbody>\n<\/table>\n<hr \/>\n<p><span style=\"color: #ff0000;\"><strong><u>Simon<\/u><\/strong><strong>, Johann Peter:<\/strong> <\/span>Sohn des Jakob Simon, gemeiner Vorsteher in Ems<\/p>\n<p><strong>oo 13.01.1695 Ems<\/strong><\/p>\n<p>mit <strong><u>B\u00e4r<\/u>, Maria Dorothea:<\/strong> Tochter des Nikolaus B\u00e4r, Schneider zu Katzenelnbogen<\/p>\n<table width=\"614\">\n<tbody>\n<tr>\n<td width=\"151\">1) Anna Christina<\/td>\n<td width=\"198\">gt. 31.03.1695 Ems<\/td>\n<td width=\"265\">bg. 09.08.1695 Ems<\/td>\n<\/tr>\n<tr>\n<td width=\"151\">2) Maria Katharina<\/td>\n<td width=\"198\">gt. 24.06.1696 Ems<br \/>\nkonf. 27.05.1708 (Pfingsten)<\/td>\n<td width=\"265\"><\/td>\n<\/tr>\n<tr>\n<td width=\"151\">3) Anna Elisabetha<\/td>\n<td width=\"198\">gt. 18.06.1699 Ems<\/td>\n<td width=\"265\">bg. 04.03.1705 Ems<\/td>\n<\/tr>\n<tr>\n<td width=\"151\">4) Johann Gottfried<\/td>\n<td width=\"198\">gt. 17.01.1705 Ems<\/td>\n<td width=\"265\">bg. 04.03.1705 Ems<\/td>\n<\/tr>\n<tr>\n<td width=\"151\">5) Johann Gottfried<\/td>\n<td width=\"198\">gt. 09.05.1708 Ems<\/td>\n<td width=\"265\">bg. 09.09.1708 Ems<\/td>\n<\/tr>\n<tr>\n<td width=\"151\">6) Anna Sophia<\/td>\n<td width=\"198\">gt. 09.05.1708 Ems<\/td>\n<td width=\"265\"><\/td>\n<\/tr>\n<\/tbody>\n<\/table>\n<p style=\"text-align: justify;\">Im P\u00f6nitentenregister wegen Ehe kurz vor der Geburt (KB 1, pag. 828): <em>Den 13ten Januarij, war Dom[inica] 1 p[ost] Epiphan[ias] 1695, haben Servatius Scheffer, wie auch Joh[ann] Peter Simon, Jacob Simons Sohn, vnd Maria Dorothea, Nicolai B\u00e4ren zu Catzenelnbogen Tochter, wegen begangener Hurerey vnd Vnzucht ihre offent[liche] Kirchen-Poenitentz dem\u00fctig verrichtet<\/em><\/p>\n<hr \/>\n<p><span style=\"color: #ff0000;\"><strong><u>Simon<\/u><\/strong><strong>, Johann Jakob: <\/strong><\/span>Sohn des Jakob Simon, gemeiner Vorsteher in Ems<\/p>\n<p><strong>oo 08.02.1702 Ems<\/strong> (3. Prokl. 05.02.)<\/p>\n<p>mit <strong><u>Rosenbach<\/u>, Maria Katharina:<\/strong> Tochter des verst. <a href=\"http:\/\/www.ahnenforschung-jackmuth.de\/?page_id=3405\">Philipp Rosenbach<\/a> (<em>Raa\u00dfbach<\/em>), gewesener Wagner in Ems<\/p>\n<table width=\"614\">\n<tbody>\n<tr>\n<td width=\"170\">1) Johann Valentin<\/td>\n<td width=\"161\">gt. 26.11.1702 Ems<\/td>\n<td width=\"283\">bg. 06.02.1705 Ems<\/td>\n<\/tr>\n<tr>\n<td width=\"170\">2) Johann Georg<\/td>\n<td width=\"161\">gt. 20.09.1705 Ems<\/td>\n<td width=\"283\">bg. 27.08.1709 Ems<\/td>\n<\/tr>\n<tr>\n<td width=\"170\">3) Maria Dorothea<\/td>\n<td width=\"161\">gt. 29.04.1708 Ems<\/td>\n<td width=\"283\">bg. xx.02.1766 Ems<\/td>\n<\/tr>\n<tr>\n<td width=\"170\">4) Johann Philipp<\/td>\n<td width=\"161\">gt. 12.10.1710 Ems<\/td>\n<td width=\"283\"><\/td>\n<\/tr>\n<\/tbody>\n<\/table>\n<hr \/>\n<p><span style=\"color: #ff0000;\"><strong><u>Simon<\/u><\/strong><strong>, Johann Wilhelm:<\/strong><\/span> ein Maurer in Ems<\/p>\n<p>oo mit <strong>Anna Magdalena<\/strong><\/p>\n<table width=\"614\">\n<tbody>\n<tr>\n<td width=\"151\">Johann Jakob<\/td>\n<td width=\"180\">gt. Ende Jan. 1722 Ems<\/td>\n<td width=\"283\"><\/td>\n<\/tr>\n<\/tbody>\n<\/table>\n<p style=\"text-align: justify;\"><strong>Paten:<\/strong> <em>Tauffzeugen sind gewesen: 1) Peter Eichholtz, Burger und Einwohner dahier; 2) Johann Jacob Merlemahle <\/em>[?]<em>, ein Zimmermann, 3) Helena, Georg Gottfried &#8230;, Beckermeisters und Bierbrauers dahier, ehe[liche] \u00e4lteste Tochter<\/em><\/p>\n<hr \/>\n<p><span style=\"color: #ff0000;\"><strong><u>Simon<\/u><\/strong><strong>, Johann Peter<\/strong><\/span><\/p>\n<p>oo mit <strong>Anna Gertrud<\/strong><\/p>\n<table width=\"614\">\n<tbody>\n<tr>\n<td width=\"151\">Maria Katharina<\/td>\n<td width=\"180\">gt. 21.09.1723 Ems<\/td>\n<td width=\"283\">bg. xx.04.1786 Ems<\/td>\n<\/tr>\n<\/tbody>\n<\/table>\n<p style=\"text-align: justify;\"><strong>Paten:<\/strong><em> Gevattern sind gewesen: 1) Maria Catharina, Carle Caffine, Einwohners allhier, ehe[liche] Tochter; 2) Anna Catharina, Jacob Simons, Einwohners allhiers, ehe[liche] Hausfrau; 3) Henrich Peter Eichholtz, Burger u[nd] Einwohner allhier<\/em><\/p>\n<hr \/>\n<p style=\"text-align: justify;\"><strong><span style=\"font-size: 10pt;\">Letzte \u00c4nderung: 27. April 2019<\/span><\/strong><br \/>\n<strong><span style=\"font-size: 10pt;\">Ralph Jackmuth<\/span><\/strong><\/p>\n","protected":false},"excerpt":{"rendered":"<p>Simon, Klaus: J\u00e4ger; bg. 08.09.1689 Ems, 50 Jahre alt oo mit Maria Katharina: oo II. 01.07.1690 Ems mit Johann Velten D\u00f6rnh\u00f6ffer aus Nassau Simon, Jakob: gemeiner Vorsteher in Ems; bg. 06.09.1708 Ems, 68 Jahre und 6 Monate alt oo mit Anna Maria 1) Hans Henrich oo 24.11.1691 Nassau mit Elisabeth Katharina M\u00e4urer aus H\u00f6mberg 2) &hellip; <a href=\"https:\/\/www.ahnenforschung-jackmuth.de\/?page_id=3455\" class=\"more-link\"><span class=\"screen-reader-text\">\u201eEms &#8211; Simon\u201c<\/span> weiterlesen<\/a><\/p>\n","protected":false},"author":1,"featured_media":0,"parent":0,"menu_order":0,"comment_status":"closed","ping_status":"closed","template":"","meta":{"footnotes":""},"class_list":["post-3455","page","type-page","status-publish","hentry"],"_links":{"self":[{"href":"https:\/\/www.ahnenforschung-jackmuth.de\/index.php?rest_route=\/wp\/v2\/pages\/3455","targetHints":{"allow":["GET"]}}],"collection":[{"href":"https:\/\/www.ahnenforschung-jackmuth.de\/index.php?rest_route=\/wp\/v2\/pages"}],"about":[{"href":"https:\/\/www.ahnenforschung-jackmuth.de\/index.php?rest_route=\/wp\/v2\/types\/page"}],"author":[{"embeddable":true,"href":"https:\/\/www.ahnenforschung-jackmuth.de\/index.php?rest_route=\/wp\/v2\/users\/1"}],"replies":[{"embeddable":true,"href":"https:\/\/www.ahnenforschung-jackmuth.de\/index.php?rest_route=%2Fwp%2Fv2%2Fcomments&post=3455"}],"version-history":[{"count":0,"href":"https:\/\/www.ahnenforschung-jackmuth.de\/index.php?rest_route=\/wp\/v2\/pages\/3455\/revisions"}],"wp:attachment":[{"href":"https:\/\/www.ahnenforschung-jackmuth.de\/index.php?rest_route=%2Fwp%2Fv2%2Fmedia&parent=3455"}],"curies":[{"name":"wp","href":"https:\/\/api.w.org\/{rel}","templated":true}]}}

<p><span style="color: #ff0000;"><strong><u>Simon</u></strong><strong>, Klaus: </strong></span>Jäger; bg. 08.09.1689 Ems, 50 Jahre alt</p>
<p>oo mit <strong>Maria Katharina:</strong> oo II. 01.07.1690 Ems mit Johann Velten Dörnhöffer aus Nassau</p>
<hr />
<p><span style="color: #ff0000;"><strong><u>Simon</u></strong></span><strong><span style="color: #ff0000;">, Jakob:</span> </strong>gemeiner Vorsteher in Ems; bg. 06.09.1708 Ems, 68 Jahre und 6 Monate alt</p>
<p>oo mit <strong>Anna Maria</strong></p>
<table width="605">
<tbody>
<tr>
<td style="width: 185.233px;">1) Hans Henrich</td>
<td style="width: 279.35px;"></td>
<td style="width: 329.417px; text-align: justify;">oo 24.11.1691 Nassau mit Elisabeth Katharina Mäurer aus Hömberg</td>
</tr>
<tr>
<td style="width: 185.233px;">2) Johann Peter</td>
<td style="width: 279.35px;"></td>
<td style="width: 329.417px; text-align: justify;">oo 13.01.1695 Ems mit Maria Dorothea Bär aus Katzenelnbogen</td>
</tr>
<tr>
<td style="width: 185.233px;">3) Johann Jakob</td>
<td style="width: 279.35px;">konf. 31.05.1691 (Pfingsten)</td>
<td style="width: 329.417px; text-align: justify;">oo 08.02.1702 Ems mit Maria Katharina Rosenbach aus Ems</td>
</tr>
<tr>
<td style="width: 185.233px;">4) Anna Margaretha</td>
<td style="width: 279.35px;"></td>
<td style="width: 329.417px; text-align: justify;">hat 1692 illeg. Kind</td>
</tr>
<tr>
<td style="width: 185.233px;">5) Anna Gertrud</td>
<td style="width: 279.35px;">konf. 18.05.1689 (Pfingstsamstag)</td>
<td style="width: 329.417px; text-align: justify;">oo 12.08.1710 Ems mit Johann Velten <em>Dörnheffer</em></td>
</tr>
<tr>
<td style="width: 185.233px;">6) Johann Gottfried</td>
<td style="width: 279.35px;">gt. 09.01.1687 Ems</td>
<td style="width: 329.417px;">bg. 22.04.1688</td>
</tr>
</tbody>
</table>
<p style="text-align: justify;"><strong>Paten:</strong> <strong>zu 6)</strong> <em>Gevattern waren: 1) Johann Gottfried, Wilhelm Eulers Sohn; 2) Anna Sibylla, Jost Reinhards Tochter; 3) Johannes Ahler, Becker auf dem Baad</em></p>
<hr />
<p><span style="color: #ff0000;"><strong><u>Simon</u></strong><strong>, Anna Margaretha:</strong> </span>Tochter des Jakob Simon, Vorsteher in Ems</p>
<p>o-o mit <strong><u>Fuchs</u>, Johann Eberhard:</strong> ein Bäckergeselle, gebürtig aus Nassau</p>
<table width="605">
<tbody>
<tr>
<td width="180">Johann Gottfried (illeg.)</td>
<td width="142">gt. 04.03.1692 Ems</td>
<td width="283">konf. 31.05.1705 (Pfingsten)</td>
</tr>
</tbody>
</table>
<p><strong>Paten:</strong> <em>Tauffzeugen sind: Johann Gottfried Reinhard, ein Schuhknecht allhier, vnd Anna Ließ Schefferin, vidua</em></p>
<p style="text-align: justify;">Im Pönitentenregister wegen illeg. Kind (KB 1, pag. 826): <em>A[nn]o 1692, den 1ten Maji, war Dom[inica] Rogate, hat Anna Margaretha, Jacob Simons Tochter allhier, wegen begangener Vnzucht vnd Hurerey, in dem sie sich mit Johann Eberhard Fuchßen, einem Ackergesellen zu Nassau bürtig, so sich absentirt, zur Vngebühr fleischlichen vermischt vnd ein Kind zur Welt gebohren, ihre offent[liche] Kirchen-Poenitentz gethan, vnd gehorsamb[lichen] abgelegt.</em></p>
<hr />
<p><span style="color: #ff0000;"><strong><u>Simon</u></strong><strong>, Johann (Hans) Henrich:</strong> </span>Sohn des Jakob Simon, Vorsteher in Ems; bg. 11.08.1709 Ems, 47 Jahre alt</p>
<p><strong>oo 24.11.1691 Nassau</strong> (3. Prokl. 15.11.1691 Ems)</p>
<p style="text-align: justify;">mit <strong><u>Mäurer</u>, Elisabeth Katharina:</strong> Tochter des Konrad Mäurer aus Hömberg (VG Bad Ems-Nassau); der Familienname lautet im KB Ems <em>Mauerer</em>, im KB Nassau <em>Mewrerin</em>; bg. 24.02.1709 Ems, 46 Jahre alt</p>
<table style="height: 196px;" width="605">
<tbody>
<tr style="height: 56px;">
<td style="height: 56px; width: 199.6px;">1) Maria Katharina</td>
<td style="height: 56px; width: 260.35px;">gt. 04.09.1692 Ems<br />
konf. 31.05.1705 (Pfingsten)</td>
<td style="text-align: justify; height: 56px; width: 334.05px;">oo 20.01.1713 Nassau mit Johann Adam Groß aus Hömberg</td>
</tr>
<tr style="height: 28px;">
<td style="height: 28px; width: 199.6px;">2) Johann Peter</td>
<td style="height: 28px; width: 260.35px;">gt. 14.07.1695 Ems</td>
<td style="height: 28px; width: 334.05px;">bg. 30.11.1697 Ems</td>
</tr>
<tr style="height: 28px;">
<td style="height: 28px; width: 199.6px;">3) Johann Peter</td>
<td style="height: 28px; width: 260.35px;">gt. 18.09.1698 Ems</td>
<td style="height: 28px; width: 334.05px;"></td>
</tr>
<tr style="height: 28px;">
<td style="height: 28px; width: 199.6px;">4) Johann Martin</td>
<td style="height: 28px; width: 260.35px;">gt. 08.01.1702 Ems</td>
<td style="height: 28px; width: 334.05px;">bg. 01.03.1705 Ems</td>
</tr>
<tr style="height: 28px;">
<td style="height: 28px; width: 199.6px;">5) Johann Georg</td>
<td style="height: 28px; width: 260.35px;">gt. 08.01.1702 Ems</td>
<td style="height: 28px; width: 334.05px;"></td>
</tr>
<tr style="height: 28px;">
<td style="height: 28px; width: 199.6px;">6) Johann Jakob</td>
<td style="height: 28px; width: 260.35px;">gt. 11.04.1706 Ems</td>
<td style="height: 28px; width: 334.05px;"></td>
</tr>
</tbody>
</table>
<hr />
<p><span style="color: #ff0000;"><strong><u>Simon</u></strong><strong>, Johann Peter:</strong> </span>Sohn des Jakob Simon, gemeiner Vorsteher in Ems</p>
<p><strong>oo 13.01.1695 Ems</strong></p>
<p>mit <strong><u>Bär</u>, Maria Dorothea:</strong> Tochter des Nikolaus Bär, Schneider zu Katzenelnbogen</p>
<table width="614">
<tbody>
<tr>
<td width="151">1) Anna Christina</td>
<td width="198">gt. 31.03.1695 Ems</td>
<td width="265">bg. 09.08.1695 Ems</td>
</tr>
<tr>
<td width="151">2) Maria Katharina</td>
<td width="198">gt. 24.06.1696 Ems<br />
konf. 27.05.1708 (Pfingsten)</td>
<td width="265"></td>
</tr>
<tr>
<td width="151">3) Anna Elisabetha</td>
<td width="198">gt. 18.06.1699 Ems</td>
<td width="265">bg. 04.03.1705 Ems</td>
</tr>
<tr>
<td width="151">4) Johann Gottfried</td>
<td width="198">gt. 17.01.1705 Ems</td>
<td width="265">bg. 04.03.1705 Ems</td>
</tr>
<tr>
<td width="151">5) Johann Gottfried</td>
<td width="198">gt. 09.05.1708 Ems</td>
<td width="265">bg. 09.09.1708 Ems</td>
</tr>
<tr>
<td width="151">6) Anna Sophia</td>
<td width="198">gt. 09.05.1708 Ems</td>
<td width="265"></td>
</tr>
</tbody>
</table>
<p style="text-align: justify;">Im Pönitentenregister wegen Ehe kurz vor der Geburt (KB 1, pag. 828): <em>Den 13ten Januarij, war Dom[inica] 1 p[ost] Epiphan[ias] 1695, haben Servatius Scheffer, wie auch Joh[ann] Peter Simon, Jacob Simons Sohn, vnd Maria Dorothea, Nicolai Bären zu Catzenelnbogen Tochter, wegen begangener Hurerey vnd Vnzucht ihre offent[liche] Kirchen-Poenitentz demütig verrichtet</em></p>
<hr />
<p><span style="color: #ff0000;"><strong><u>Simon</u></strong><strong>, Johann Jakob: </strong></span>Sohn des Jakob Simon, gemeiner Vorsteher in Ems</p>
<p><strong>oo 08.02.1702 Ems</strong> (3. Prokl. 05.02.)</p>
<p>mit <strong><u>Rosenbach</u>, Maria Katharina:</strong> Tochter des verst. <a href="http://www.ahnenforschung-jackmuth.de/?page_id=3405">Philipp Rosenbach</a> (<em>Raaßbach</em>), gewesener Wagner in Ems</p>
<table width="614">
<tbody>
<tr>
<td width="170">1) Johann Valentin</td>
<td width="161">gt. 26.11.1702 Ems</td>
<td width="283">bg. 06.02.1705 Ems</td>
</tr>
<tr>
<td width="170">2) Johann Georg</td>
<td width="161">gt. 20.09.1705 Ems</td>
<td width="283">bg. 27.08.1709 Ems</td>
</tr>
<tr>
<td width="170">3) Maria Dorothea</td>
<td width="161">gt. 29.04.1708 Ems</td>
<td width="283">bg. xx.02.1766 Ems</td>
</tr>
<tr>
<td width="170">4) Johann Philipp</td>
<td width="161">gt. 12.10.1710 Ems</td>
<td width="283"></td>
</tr>
</tbody>
</table>
<hr />
<p><span style="color: #ff0000;"><strong><u>Simon</u></strong><strong>, Johann Wilhelm:</strong></span> ein Maurer in Ems</p>
<p>oo mit <strong>Anna Magdalena</strong></p>
<table width="614">
<tbody>
<tr>
<td width="151">Johann Jakob</td>
<td width="180">gt. Ende Jan. 1722 Ems</td>
<td width="283"></td>
</tr>
</tbody>
</table>
<p style="text-align: justify;"><strong>Paten:</strong> <em>Tauffzeugen sind gewesen: 1) Peter Eichholtz, Burger und Einwohner dahier; 2) Johann Jacob Merlemahle </em>[?]<em>, ein Zimmermann, 3) Helena, Georg Gottfried &#8230;, Beckermeisters und Bierbrauers dahier, ehe[liche] älteste Tochter</em></p>
<hr />
<p><span style="color: #ff0000;"><strong><u>Simon</u></strong><strong>, Johann Peter</strong></span></p>
<p>oo mit <strong>Anna Gertrud</strong></p>
<table width="614">
<tbody>
<tr>
<td width="151">Maria Katharina</td>
<td width="180">gt. 21.09.1723 Ems</td>
<td width="283">bg. xx.04.1786 Ems</td>
</tr>
</tbody>
</table>
<p style="text-align: justify;"><strong>Paten:</strong><em> Gevattern sind gewesen: 1) Maria Catharina, Carle Caffine, Einwohners allhier, ehe[liche] Tochter; 2) Anna Catharina, Jacob Simons, Einwohners allhiers, ehe[liche] Hausfrau; 3) Henrich Peter Eichholtz, Burger u[nd] Einwohner allhier</em></p>
<hr />
<p style="text-align: justify;"><strong><span style="font-size: 10pt;">Letzte Änderung: 27. April 2019</span></strong><br />
<strong><span style="font-size: 10pt;">Ralph Jackmuth</span></strong></p>

<p>Simon, Klaus: Jäger; bg. 08.09.1689 Ems, 50 Jahre alt oo mit Maria Katharina: oo II. 01.07.1690 Ems mit Johann Velten Dörnhöffer aus Nassau Simon, Jakob: gemeiner Vorsteher in Ems; bg. 06.09.1708 Ems, 68 Jahre und 6 Monate alt oo mit Anna Maria 1) Hans Henrich oo 24.11.1691 Nassau mit Elisabeth Katharina Mäurer aus Hömberg 2) &hellip; <a href="https://www.ahnenforschung-jackmuth.de/?page_id=3455" class="more-link"><span class="screen-reader-text">„Ems &#8211; Simon“</span> weiterlesen</a></p>
