{"id":3447,"date":"2019-04-27T15:13:05","date_gmt":"2019-04-27T15:13:05","guid":{"rendered":"http:\/\/www.ahnenforschung-jackmuth.de\/?page_id=3447"},"modified":"2019-08-30T16:15:17","modified_gmt":"2019-08-30T16:15:17","slug":"ems-sent","status":"publish","type":"page","link":"https:\/\/www.ahnenforschung-jackmuth.de\/?page_id=3447","title":{"rendered":"Ems &#8211; Sent"},"content":{"rendered":"<p style=\"text-align: justify;\"><span style=\"color: #ff0000;\"><strong><u>Sent<\/u><\/strong><strong>, Gregor:<\/strong> <\/span>Wirt im \u201eAnker\u201c; vermutlich aus<a href=\"https:\/\/www.cardamina.net\/artikeldetails.php?aid=672\"> Sart-lez-Spa (Belgien)<\/a>; Nachfolger ist der Gasthalter <a href=\"http:\/\/www.ahnenforschung-jackmuth.de\/?page_id=3182\">Johann Gabriel D\u00f6rbeck<\/a>; <a href=\"http:\/\/www.ahnenforschung-jackmuth.de\/?page_id=3266\">Leonhard Jakob<\/a>, ein Welscher, h\u00e4lt sich 1683 im \u201eAnker\u201c auf<\/p>\n<p>oo mit <strong>N. N.<\/strong><\/p>\n<table width=\"605\">\n<tbody>\n<tr>\n<td width=\"161\">1) Johann Daniel<\/td>\n<td width=\"142\"><\/td>\n<td width=\"302\">bg. 31.01.1686 Ems<\/td>\n<\/tr>\n<tr>\n<td width=\"161\">? (Anna) Elisabeth<\/td>\n<td width=\"142\"><\/td>\n<td width=\"302\">oo mit Johann Gabriel D\u00f6rbeck<\/td>\n<\/tr>\n<\/tbody>\n<\/table>\n<hr \/>\n<p>Weitere Belege f\u00fcr Gregor Sent im \u00a0HHStAW, Abt. 3036, <a href=\"https:\/\/arcinsys.hessen.de\/arcinsys\/detailAction.action?detailid=v5713928&amp;icomefrom=search\">Nachweis 5180<\/a><\/p>\n<ul>\n<li>01.05.1672 wird er von der F\u00fcrstin Albertine Agnes von Nassau-Diez zum Kellner in Gnadenthal bestallt (Abt. 171 Nr. A 193)<\/li>\n<li>01.09.1674 erh\u00e4lt er Personalfreiheit (Abt. 171 Nr. A 193)<\/li>\n<li>26.10.1675 wird ihm die Verwaltung der Eisenh\u00fctte in L\u00f6hnberg von der F\u00fcrstin Albertine Agnes von Nassau-Diez \u00fcbertragen (Abt. 171 Nr. A 193 und <a href=\"http:\/\/dfg-viewer.de\/show\/cache.off?tx_dlf%5Bpage%5D=28&amp;tx_dlf%5Bid%5D=http%3A%2F%2Fdigitalisate-he.arcinsys.de%2Fhhstaw%2F171%2Fz_4190.xml&amp;tx_dlf%5Bdouble%5D=0&amp;cHash=7ed01a6bee99038d80b51cace7d9394c\">Z 4190, fol. 28r- 30r<\/a>)<\/li>\n<li>1675 Stiftung in der Kirche zu Ems (Abt. 355 Nr. 302)<\/li>\n<li>10.\/20.03.1685 H\u00fcttenverwaltung zu L\u00f6hnberg (Abt. 171 Nr. <a href=\"http:\/\/dfg-viewer.de\/show\/cache.off?id=8071&amp;tx_dlf%5Bid%5D=http%3A%2F%2Fdigitalisate-he.arcinsys.de%2Fhhstaw%2F171%2Fz_2469.xml&amp;tx_dlf%5Bpage%5D=1\">Z 2469<\/a>)<\/li>\n<li>11.06.1689 Erben des H\u00fcttenadministrators zu L\u00f6hnberg genannt (Abt. 171 <a href=\"http:\/\/dfg-viewer.de\/show\/cache.off?tx_dlf%5Bpage%5D=1&amp;tx_dlf%5Bid%5D=http%3A%2F%2Fdigitalisate-he.arcinsys.de%2Fhhstaw%2F171%2Fz_3426.xml&amp;tx_dlf%5Bdouble%5D=0&amp;cHash=0a76973bf1b27b53f8f113186729bec7\">Nr. Z 3426<\/a>), u. a. Leonhard Masson in Ems (Abt. 171 Nr. Z 3426)<\/li>\n<li>\n<hr \/>\n<\/li>\n<\/ul>\n<p style=\"text-align: justify;\"><strong><span style=\"font-size: 10pt;\">Letzte \u00c4nderung: 30. August 2019<\/span><\/strong><br \/>\n<strong><span style=\"font-size: 10pt;\">Ralph Jackmuth<\/span><\/strong><\/p>\n","protected":false},"excerpt":{"rendered":"<p>Sent, Gregor: Wirt im \u201eAnker\u201c; vermutlich aus Sart-lez-Spa (Belgien); Nachfolger ist der Gasthalter Johann Gabriel D\u00f6rbeck; Leonhard Jakob, ein Welscher, h\u00e4lt sich 1683 im \u201eAnker\u201c auf oo mit N. N. 1) Johann Daniel bg. 31.01.1686 Ems ? (Anna) Elisabeth oo mit Johann Gabriel D\u00f6rbeck Weitere Belege f\u00fcr Gregor Sent im \u00a0HHStAW, Abt. 3036, Nachweis 5180 &hellip; <a href=\"https:\/\/www.ahnenforschung-jackmuth.de\/?page_id=3447\" class=\"more-link\"><span class=\"screen-reader-text\">\u201eEms &#8211; Sent\u201c<\/span> weiterlesen<\/a><\/p>\n","protected":false},"author":1,"featured_media":0,"parent":0,"menu_order":0,"comment_status":"closed","ping_status":"closed","template":"","meta":{"footnotes":""},"class_list":["post-3447","page","type-page","status-publish","hentry"],"_links":{"self":[{"href":"https:\/\/www.ahnenforschung-jackmuth.de\/index.php?rest_route=\/wp\/v2\/pages\/3447","targetHints":{"allow":["GET"]}}],"collection":[{"href":"https:\/\/www.ahnenforschung-jackmuth.de\/index.php?rest_route=\/wp\/v2\/pages"}],"about":[{"href":"https:\/\/www.ahnenforschung-jackmuth.de\/index.php?rest_route=\/wp\/v2\/types\/page"}],"author":[{"embeddable":true,"href":"https:\/\/www.ahnenforschung-jackmuth.de\/index.php?rest_route=\/wp\/v2\/users\/1"}],"replies":[{"embeddable":true,"href":"https:\/\/www.ahnenforschung-jackmuth.de\/index.php?rest_route=%2Fwp%2Fv2%2Fcomments&post=3447"}],"version-history":[{"count":0,"href":"https:\/\/www.ahnenforschung-jackmuth.de\/index.php?rest_route=\/wp\/v2\/pages\/3447\/revisions"}],"wp:attachment":[{"href":"https:\/\/www.ahnenforschung-jackmuth.de\/index.php?rest_route=%2Fwp%2Fv2%2Fmedia&parent=3447"}],"curies":[{"name":"wp","href":"https:\/\/api.w.org\/{rel}","templated":true}]}}

<p style="text-align: justify;"><span style="color: #ff0000;"><strong><u>Sent</u></strong><strong>, Gregor:</strong> </span>Wirt im „Anker“; vermutlich aus<a href="https://www.cardamina.net/artikeldetails.php?aid=672"> Sart-lez-Spa (Belgien)</a>; Nachfolger ist der Gasthalter <a href="http://www.ahnenforschung-jackmuth.de/?page_id=3182">Johann Gabriel Dörbeck</a>; <a href="http://www.ahnenforschung-jackmuth.de/?page_id=3266">Leonhard Jakob</a>, ein Welscher, hält sich 1683 im „Anker“ auf</p>
<p>oo mit <strong>N. N.</strong></p>
<table width="605">
<tbody>
<tr>
<td width="161">1) Johann Daniel</td>
<td width="142"></td>
<td width="302">bg. 31.01.1686 Ems</td>
</tr>
<tr>
<td width="161">? (Anna) Elisabeth</td>
<td width="142"></td>
<td width="302">oo mit Johann Gabriel Dörbeck</td>
</tr>
</tbody>
</table>
<hr />
<p>Weitere Belege für Gregor Sent im  HHStAW, Abt. 3036, <a href="https://arcinsys.hessen.de/arcinsys/detailAction.action?detailid=v5713928&amp;icomefrom=search">Nachweis 5180</a></p>
<ul>
<li>01.05.1672 wird er von der Fürstin Albertine Agnes von Nassau-Diez zum Kellner in Gnadenthal bestallt (Abt. 171 Nr. A 193)</li>
<li>01.09.1674 erhält er Personalfreiheit (Abt. 171 Nr. A 193)</li>
<li>26.10.1675 wird ihm die Verwaltung der Eisenhütte in Löhnberg von der Fürstin Albertine Agnes von Nassau-Diez übertragen (Abt. 171 Nr. A 193 und <a href="http://dfg-viewer.de/show/cache.off?tx_dlf%5Bpage%5D=28&amp;tx_dlf%5Bid%5D=http%3A%2F%2Fdigitalisate-he.arcinsys.de%2Fhhstaw%2F171%2Fz_4190.xml&amp;tx_dlf%5Bdouble%5D=0&amp;cHash=7ed01a6bee99038d80b51cace7d9394c">Z 4190, fol. 28r- 30r</a>)</li>
<li>1675 Stiftung in der Kirche zu Ems (Abt. 355 Nr. 302)</li>
<li>10./20.03.1685 Hüttenverwaltung zu Löhnberg (Abt. 171 Nr. <a href="http://dfg-viewer.de/show/cache.off?id=8071&amp;tx_dlf%5Bid%5D=http%3A%2F%2Fdigitalisate-he.arcinsys.de%2Fhhstaw%2F171%2Fz_2469.xml&amp;tx_dlf%5Bpage%5D=1">Z 2469</a>)</li>
<li>11.06.1689 Erben des Hüttenadministrators zu Löhnberg genannt (Abt. 171 <a href="http://dfg-viewer.de/show/cache.off?tx_dlf%5Bpage%5D=1&amp;tx_dlf%5Bid%5D=http%3A%2F%2Fdigitalisate-he.arcinsys.de%2Fhhstaw%2F171%2Fz_3426.xml&amp;tx_dlf%5Bdouble%5D=0&amp;cHash=0a76973bf1b27b53f8f113186729bec7">Nr. Z 3426</a>), u. a. Leonhard Masson in Ems (Abt. 171 Nr. Z 3426)</li>
<li>
<hr />
</li>
</ul>
<p style="text-align: justify;"><strong><span style="font-size: 10pt;">Letzte Änderung: 30. August 2019</span></strong><br />
<strong><span style="font-size: 10pt;">Ralph Jackmuth</span></strong></p>

<p>Sent, Gregor: Wirt im „Anker“; vermutlich aus Sart-lez-Spa (Belgien); Nachfolger ist der Gasthalter Johann Gabriel Dörbeck; Leonhard Jakob, ein Welscher, hält sich 1683 im „Anker“ auf oo mit N. N. 1) Johann Daniel bg. 31.01.1686 Ems ? (Anna) Elisabeth oo mit Johann Gabriel Dörbeck Weitere Belege für Gregor Sent im  HHStAW, Abt. 3036, Nachweis 5180 &hellip; <a href="https://www.ahnenforschung-jackmuth.de/?page_id=3447" class="more-link"><span class="screen-reader-text">„Ems &#8211; Sent“</span> weiterlesen</a></p>
