{"id":3444,"date":"2019-04-27T15:12:00","date_gmt":"2019-04-27T15:12:00","guid":{"rendered":"http:\/\/www.ahnenforschung-jackmuth.de\/?page_id=3444"},"modified":"2019-04-27T15:12:00","modified_gmt":"2019-04-27T15:12:00","slug":"ems-sebel","status":"publish","type":"page","link":"https:\/\/www.ahnenforschung-jackmuth.de\/?page_id=3444","title":{"rendered":"Ems &#8211; Sebel"},"content":{"rendered":"<p><span style=\"color: #ff0000;\"><strong><em><u>Sebel<\/u><\/em><\/strong><\/span><strong><span style=\"color: #ff0000;\">, Matth\u00e4us:<\/span> <\/strong>M\u00fcller in Ems; wohl aus Elz (Lkr. Limburg-Weilburg)<\/p>\n<p>oo mit <strong>Anna Maria<\/strong><\/p>\n<table width=\"605\">\n<tbody>\n<tr>\n<td width=\"189\">1) Friedrich Wilhelm<\/td>\n<td width=\"217\">gt. 19.06.1712 Ems<\/td>\n<td width=\"198\"><\/td>\n<\/tr>\n<tr>\n<td width=\"189\">2) Johann Wendelin<\/td>\n<td width=\"217\">* 26.03.1716 Ems (gt. 29.03.)<\/td>\n<td width=\"198\"><\/td>\n<\/tr>\n<tr>\n<td width=\"189\">3) Maria C\u00e4cilia<\/td>\n<td width=\"217\">* 13.12.1717 Ems (gt. 19.12.)<\/td>\n<td width=\"198\"><\/td>\n<\/tr>\n<tr>\n<td width=\"189\">4) Philipp Konrad Christian<\/td>\n<td width=\"217\">* 30.10.1719 Ems (gt. 04.11.)<\/td>\n<td width=\"198\"><\/td>\n<\/tr>\n<tr>\n<td width=\"189\">5) Johann Anton Christian<\/td>\n<td width=\"217\">* 17.11.1722 Ems (gt. 22.11.)<\/td>\n<td width=\"198\"><\/td>\n<\/tr>\n<tr>\n<td width=\"189\">6) Anna Maria<\/td>\n<td width=\"217\">* 19.03.1724 Ems (gt. 25.03.)<\/td>\n<td width=\"198\"><\/td>\n<\/tr>\n<tr>\n<td width=\"189\">7) Johann Elias<\/td>\n<td width=\"217\">* 05.05.1726 Ems (gt. 09.05.)<\/td>\n<td width=\"198\"><\/td>\n<\/tr>\n<\/tbody>\n<\/table>\n<p style=\"text-align: justify;\"><strong>Paten:<\/strong> <strong>zu 1)<\/strong> <em>Friedrich Wilhelm Hermann, f\u00fcrst[lich] he\u00df[isch]-darmst[\u00e4ttischer] Obereinnehmer; Johann Wilhelm Sebel, M\u00fcller in der Mallerbach; Anna Gerdraut, Johann Jacob Schuppen Hau\u00dffr[au] <\/em>\u2014 <strong>zu 2) <\/strong><em>Johannes Diffenbach von El\u00df; Joh[ann] Gottfr[ied] Cit&#8230; Sebel; Anna Maria, Henrich Peter Eichholtzen Hau\u00dffr[au] <\/em>\u2014 <strong>zu 3) <\/strong><em>H[err] Cilius Prez, Pastor zu El\u00df; Maria, Johann Misong Hau\u00dffr[au] von Fachbach; Maria, Michael Schuppen Tochter dahier <\/em>\u2014 <strong>zu 4) <\/strong><em>Philip Prez von El\u00df; Philip Ludwig Sebel auff der Natten <\/em>[?]<em> M\u00fchl bey Andernach; Christiana, David Werners Hau\u00dffr[au] auffm Bad <\/em>\u2014 <strong>zu 5) <\/strong><em>H[err] Joh[ann] Anton Heyman auffm Bad; Fr[au] Christina Henrietta, H[errn] Ambtsv[erweser] Archenholtzin Ehfr[au] <\/em>\u2014 <strong>zu 6) <\/strong><em>Johann Philips Jost; Anna Elisabetha Heinin; Anna Maria Sebelin von der Steinhecker M\u00fchl bey M&#8230; <\/em>\u2014 <strong>zu 7) <\/strong><em>H[err] Joh[ann] Philip Ebenau, Schulthei\u00df zu Dausenau; Johann Elias Mezler; Elisabetha, Ullrich Wittmers hinterla\u00dfene Tochter von Dernbach<\/em><\/p>\n<hr \/>\n<p style=\"text-align: justify;\"><strong><span style=\"font-size: 10pt;\">Letzte \u00c4nderung: 27. April 2019<\/span><\/strong><br \/>\n<strong><span style=\"font-size: 10pt;\">Ralph Jackmuth<\/span><\/strong><\/p>\n","protected":false},"excerpt":{"rendered":"<p>Sebel, Matth\u00e4us: M\u00fcller in Ems; wohl aus Elz (Lkr. Limburg-Weilburg) oo mit Anna Maria 1) Friedrich Wilhelm gt. 19.06.1712 Ems 2) Johann Wendelin * 26.03.1716 Ems (gt. 29.03.) 3) Maria C\u00e4cilia * 13.12.1717 Ems (gt. 19.12.) 4) Philipp Konrad Christian * 30.10.1719 Ems (gt. 04.11.) 5) Johann Anton Christian * 17.11.1722 Ems (gt. 22.11.) 6) &hellip; <a href=\"https:\/\/www.ahnenforschung-jackmuth.de\/?page_id=3444\" class=\"more-link\"><span class=\"screen-reader-text\">\u201eEms &#8211; Sebel\u201c<\/span> weiterlesen<\/a><\/p>\n","protected":false},"author":1,"featured_media":0,"parent":0,"menu_order":0,"comment_status":"closed","ping_status":"closed","template":"","meta":{"footnotes":""},"class_list":["post-3444","page","type-page","status-publish","hentry"],"_links":{"self":[{"href":"https:\/\/www.ahnenforschung-jackmuth.de\/index.php?rest_route=\/wp\/v2\/pages\/3444","targetHints":{"allow":["GET"]}}],"collection":[{"href":"https:\/\/www.ahnenforschung-jackmuth.de\/index.php?rest_route=\/wp\/v2\/pages"}],"about":[{"href":"https:\/\/www.ahnenforschung-jackmuth.de\/index.php?rest_route=\/wp\/v2\/types\/page"}],"author":[{"embeddable":true,"href":"https:\/\/www.ahnenforschung-jackmuth.de\/index.php?rest_route=\/wp\/v2\/users\/1"}],"replies":[{"embeddable":true,"href":"https:\/\/www.ahnenforschung-jackmuth.de\/index.php?rest_route=%2Fwp%2Fv2%2Fcomments&post=3444"}],"version-history":[{"count":0,"href":"https:\/\/www.ahnenforschung-jackmuth.de\/index.php?rest_route=\/wp\/v2\/pages\/3444\/revisions"}],"wp:attachment":[{"href":"https:\/\/www.ahnenforschung-jackmuth.de\/index.php?rest_route=%2Fwp%2Fv2%2Fmedia&parent=3444"}],"curies":[{"name":"wp","href":"https:\/\/api.w.org\/{rel}","templated":true}]}}