{"id":3426,"date":"2019-04-27T14:51:50","date_gmt":"2019-04-27T14:51:50","guid":{"rendered":"http:\/\/www.ahnenforschung-jackmuth.de\/?page_id=3426"},"modified":"2019-09-09T18:39:01","modified_gmt":"2019-09-09T18:39:01","slug":"ems-schmitt","status":"publish","type":"page","link":"https:\/\/www.ahnenforschung-jackmuth.de\/?page_id=3426","title":{"rendered":"Ems &#8211; Schmitt"},"content":{"rendered":"<p style=\"text-align: justify;\"><span style=\"color: #ff0000;\"><strong><u>Schmitt<\/u><\/strong><strong>, Anna Maria:<\/strong> <\/span>Witwe des <a href=\"http:\/\/www.ahnenforschung-jackmuth.de\/?page_id=2859\">Johannes Schmitt<\/a>, gewesener Schmied und Schulthei\u00df zu Becheln;<br \/>\nbg. 11.12.1692 Ems, 81 Jahre alt<\/p>\n<hr \/>\n<p style=\"text-align: justify;\"><span style=\"color: #ff0000;\"><strong><u>Schmitt<\/u><\/strong><strong>, Johann Friedrich: <\/strong><\/span>ein \u00d6lschl\u00e4ger und Zimmermann (1703) in Ems; bg. 10.09.1709 Ems, 51 Jahre alt<\/p>\n<p>oo mit <strong>Anna Apollonia: <\/strong>bg. 29.01.1710 Ems, 50 Jahre 7 Monate und 18 Tage alt, Witwe<\/p>\n<table width=\"605\">\n<tbody>\n<tr>\n<td width=\"189\">1) Johann Bernhard<\/td>\n<td width=\"198\">konf. 04.06.1702 (Pfingsten)<\/td>\n<td width=\"217\"><\/td>\n<\/tr>\n<tr>\n<td width=\"189\">2) Elisabetha Magdalena<\/td>\n<td width=\"198\">gt. 11.10.1691 Ems<br \/>\nkonf. 11.05.1704 (Pfingsten)<\/td>\n<td width=\"217\">oo 20.01.1711 Ems mit Johann Peter Traut aus Ems<\/td>\n<\/tr>\n<tr>\n<td width=\"189\">3) Maria Katharina<\/td>\n<td width=\"198\">gt. 29.09.1692 Ems<\/td>\n<td width=\"217\">bg. 30.11.1693 Ems<\/td>\n<\/tr>\n<tr>\n<td width=\"189\">4) Johann Christoph<\/td>\n<td width=\"198\">gt. 14.01.1694 Ems<br \/>\nkonf. 23.05.1706 (Pfingsten)<\/td>\n<td width=\"217\"><\/td>\n<\/tr>\n<tr>\n<td width=\"189\">5) Johann Anton<\/td>\n<td width=\"198\">gt. 13.10.1695 Ems<\/td>\n<td width=\"217\">bg. 08.05.1698 Ems<\/td>\n<\/tr>\n<tr>\n<td width=\"189\">6) Johann Adam<\/td>\n<td width=\"198\">gt. 29.08.1697 Ems<\/td>\n<td width=\"217\">bg. 08.05.1698 Ems<\/td>\n<\/tr>\n<tr>\n<td width=\"189\">7) Anna Veronika<\/td>\n<td width=\"198\">gt. 19.02.1699 Ems<br \/>\nkonf. 08.06.1710 (Pfingsten)<\/td>\n<td width=\"217\">bg. xx.08.1758 Ems<\/td>\n<\/tr>\n<tr>\n<td width=\"189\">8) Christina Elisabeth<\/td>\n<td width=\"198\">gt. 12.08.1703 Ems<\/td>\n<td width=\"217\">bg. 14.11.1709 Ems<\/td>\n<\/tr>\n<\/tbody>\n<\/table>\n<p style=\"text-align: justify;\"><strong>Paten: zu 2)<\/strong> <em>Tauff-Goden sind: Elisabetha Magdalena Gackebachin vnd Anna Elisabetha, weiland Christ Cr\u00f6ners zu H\u00fcnnberg nachgelassene Tochter. Der Path: Moritz Beller auff dem Baad <\/em>\u2014 <strong>zu 3) <\/strong><em>Tauff-Goden sind: Anna Keth, Bartholom\u00e6i Caphne senioris Hau\u00dffr[au], vnd Anna Maria Caphnin, vidua. Der Path ist: Hans Martin Klaiber, M\u00e4urer allhier <\/em>\u2014 <strong>zu 4) <\/strong><em>Tauffpathen sind: Johann Christoph Hermann vnd Johann Michael Schupp. Die God ist: Frau Anna Hedwig Leporinin, pastoris uxor <\/em>\u2014 <strong>zu 5) <\/strong><em>Tauffpathen sind: Johann Anthonius Lotz, Ferger auff dem Baad, vnd Johann Anth&lt;on&gt; Himmighoffen, ein Einwohner zu Dienethal. Die God ist: Elisabetha Catharina, Nicolai Schuppen, eines Kirchen-Senioris hier in Embs Hau\u00dffrau <\/em>\u2014 <strong>zu 6) <\/strong><em>Erbetene Tauffzeugen sind: Adam Dommermuth, Einwohner vnd Schreiner hier in Embs, vnd Johann Philips Eichholtz, ein Gerichts-Sch\u00f6pff allhier. Die God ist: Eva Catharina, Hans Jacob Wagners, eines hiesigen Schneiders Eheweib <\/em>\u2014 <strong>zu 7) <\/strong><em>Tauff-Goden sind: Anna Elisabetha, Joh[ann] Philips Justen Eheweib, vnd Anna Veronica, Johannis Heimbachs, des hiesigen M\u00fcllers Tochter. Der Path ist: Johann Nicolaus Zimmerschied, b\u00fcrger[liche]r Einwohner allhier <\/em>\u2014 <strong>zu 8) <\/strong><em>Tauff-Goden sind: Christiana Margretha, weiland Hans Martin Kl\u00e4bers hinterlassene Tochter, vnd Maria Elisabetha, wei[land] Hans Jacob Lemlers hinterlassene Tochter. Der Path ist: Johann Jacob Simon<\/em><\/p>\n<hr \/>\n<p style=\"text-align: justify;\"><span style=\"color: #ff0000;\"><strong><u>Schmitt<\/u><\/strong><strong>, Johannes:<\/strong> <\/span>ein Schmied und Fassbinder in Ems; aus Binsfeld (VG Wittlich-Land, Lkr. Bernkastel-Wittlich); evtl. Vater eines illeg. Kindes (s. u. <a href=\"http:\/\/www.ahnenforschung-jackmuth.de\/?page_id=3536\">Ausw\u00e4rtige Uneheliche<\/a>)<\/p>\n<p><strong>oo 16.01.1698 Ems<\/strong><\/p>\n<p>mit <strong><u>Koch<\/u>, Maria Johannetta Elisabeth:<\/strong> Witwe des <a href=\"http:\/\/www.ahnenforschung-jackmuth.de\/?page_id=3310\">Johann Georg Koch<\/a>, Schmied in Ems<\/p>\n<table width=\"605\">\n<tbody>\n<tr>\n<td width=\"142\">1) Katharina<\/td>\n<td width=\"208\">* 1698<\/td>\n<td width=\"255\">bg. 14.03.1700 Ems, 2 Jahre 30 Tage<\/td>\n<\/tr>\n<tr>\n<td width=\"142\">2) Johann Peter<\/td>\n<td width=\"208\">gt. 20.05.1700 Ems<br \/>\nkonf. 15.05.1712 (Pfingsten)<\/td>\n<td width=\"255\"><\/td>\n<\/tr>\n<tr>\n<td width=\"142\">3) Johann Friedrich<\/td>\n<td width=\"208\">gt. 16.03.1704 Ems<\/td>\n<td width=\"255\">bg. 01.02.1705 Ems<\/td>\n<\/tr>\n<tr>\n<td width=\"142\">4) Anna Maria<\/td>\n<td width=\"208\">gt. 12.09.1706 Ems<\/td>\n<td width=\"255\"><\/td>\n<\/tr>\n<\/tbody>\n<\/table>\n<p style=\"text-align: justify;\">Im P\u00f6nitentenregister wegen illeg. Kind (KB 1, pag. 830): <em>Anno 1698, dem 16ten Januarij, war Dom[inica] 2 p[ost] Epiphania, haben Johannes Schmitt, seines Handwercks ein Schmitt vnd Fa\u00dfbinder von Bingefeld au\u00df dem churtrierischen Ambt Manderscheid, vnd Maria Johanetta Elisabetha, weiland Johann Georg Kochs, eines gewesenen Einwohner- v[nd] Schmitts hier in Embs, nachgelassene Wittib, wegen ver\u00fcbter Hurerey vnd stupri ihre Kirchen-Poenitentz offent[lich] abgeleget.<\/em><\/p>\n<hr \/>\n<p><span style=\"color: #ff0000;\"><strong><u>Schmitt<\/u><\/strong><strong>, Johann Adam:<\/strong><\/span> ein M\u00fcller in Ems<\/p>\n<p>oo mit <strong>Anna Maria<\/strong><\/p>\n<table width=\"605\">\n<tbody>\n<tr>\n<td width=\"189\">Sibylla Christina<\/td>\n<td width=\"151\">gt. 29.12.1709 Ems<\/td>\n<td width=\"265\"><\/td>\n<\/tr>\n<\/tbody>\n<\/table>\n<p style=\"text-align: justify;\"><strong>Paten:<\/strong><em> Tauff-Goden sind: Jungfer Sibylla Elisabetha R\u00fc&lt;&#8230;&gt; au\u00df Langen-Schwalbach vnd Hedwig Christina Ahlerin am hiesigen Baad. Der Path ist: Hans Wilheln Zimmermann, ein M\u00fcller vnd Zimmermann zu Limpurg<\/em><\/p>\n<hr \/>\n<p><span style=\"color: #ff0000;\"><strong><u>Schmitt<\/u><\/strong><strong>, Paul: <\/strong><\/span>Witwer und Drechsler zu Nassau<\/p>\n<p>oo (3. Prokl. 12.04.1700 Ems)<\/p>\n<p>mit <strong><em><u>Prassler<\/u><\/em>, Margaretha Elisabeth:<\/strong> Witwe des Samuel <em>Prassler<\/em>, gewesener Zimmermann in Bacharach; die Tochter Anna Katharina <em>Prassel<\/em> oo 29.01.1704 Ems mit Henrich Peter Kaffine<\/p>\n<p>Am 13.04.1700 steht ein angefangener Eintrag im KB Nassau, nennt aber nur den Ehemann <em>Paulus Schmid<\/em><\/p>\n<hr \/>\n<p><span style=\"color: #ff0000;\"><strong><u>Schmitt<\/u><\/strong><strong>, Christian:<\/strong><\/span> ein Schlosser<\/p>\n<p>oo mit<strong> N. N.<\/strong><\/p>\n<table width=\"605\">\n<tbody>\n<tr>\n<td width=\"189\">1) Andreas Nacius<\/td>\n<td width=\"151\">gt. 07.11.1718 Ems<\/td>\n<td width=\"265\"><\/td>\n<\/tr>\n<tr>\n<td width=\"189\">2) Johann Jakob<\/td>\n<td width=\"151\">gt. 24.03.1721 Ems<\/td>\n<td width=\"265\">bg. 24.04.1766 Ems<\/td>\n<\/tr>\n<tr>\n<td width=\"189\">3) Johann Bartholom\u00e4us<\/td>\n<td width=\"151\">gt. 01.09.1726 Ems<\/td>\n<td width=\"265\"><\/td>\n<\/tr>\n<\/tbody>\n<\/table>\n<p style=\"text-align: justify;\"><strong>Paten:<\/strong> <strong>zu 1)<\/strong><em> Tauffbath ist gewesen: Andreas &#8230; Nacius Frick von Franckfurdt. Die Goth: Anna Chathrina <\/em>\u2014 <strong>zu 2) <\/strong><em>Tauffpaden sindt gewe\u00dfen: Johan Jacob Paule undt Pider Schmit undt die Gott ist gewe\u00dfen: Anna Christianna von Brauchbach <\/em>\u2014 <strong>zu 3) <\/strong><em>Tauffpaden sindt gewe\u00dfen: Bardel Schub undt Herme Eberhan undt die Goth ist gewes\u00dfen Anna Gierthraudt Zimmerschitin<\/em><\/p>\n<hr \/>\n<p style=\"text-align: justify;\"><strong><span style=\"font-size: 10pt;\">Letzte \u00c4nderung: 9. September 2019<\/span><\/strong><br \/>\n<strong><span style=\"font-size: 10pt;\">Ralph Jackmuth<\/span><\/strong><\/p>\n","protected":false},"excerpt":{"rendered":"<p>Schmitt, Anna Maria: Witwe des Johannes Schmitt, gewesener Schmied und Schulthei\u00df zu Becheln; bg. 11.12.1692 Ems, 81 Jahre alt Schmitt, Johann Friedrich: ein \u00d6lschl\u00e4ger und Zimmermann (1703) in Ems; bg. 10.09.1709 Ems, 51 Jahre alt oo mit Anna Apollonia: bg. 29.01.1710 Ems, 50 Jahre 7 Monate und 18 Tage alt, Witwe 1) Johann Bernhard konf. &hellip; <a href=\"https:\/\/www.ahnenforschung-jackmuth.de\/?page_id=3426\" class=\"more-link\"><span class=\"screen-reader-text\">\u201eEms &#8211; Schmitt\u201c<\/span> weiterlesen<\/a><\/p>\n","protected":false},"author":1,"featured_media":0,"parent":0,"menu_order":0,"comment_status":"closed","ping_status":"closed","template":"","meta":{"footnotes":""},"class_list":["post-3426","page","type-page","status-publish","hentry"],"_links":{"self":[{"href":"https:\/\/www.ahnenforschung-jackmuth.de\/index.php?rest_route=\/wp\/v2\/pages\/3426","targetHints":{"allow":["GET"]}}],"collection":[{"href":"https:\/\/www.ahnenforschung-jackmuth.de\/index.php?rest_route=\/wp\/v2\/pages"}],"about":[{"href":"https:\/\/www.ahnenforschung-jackmuth.de\/index.php?rest_route=\/wp\/v2\/types\/page"}],"author":[{"embeddable":true,"href":"https:\/\/www.ahnenforschung-jackmuth.de\/index.php?rest_route=\/wp\/v2\/users\/1"}],"replies":[{"embeddable":true,"href":"https:\/\/www.ahnenforschung-jackmuth.de\/index.php?rest_route=%2Fwp%2Fv2%2Fcomments&post=3426"}],"version-history":[{"count":0,"href":"https:\/\/www.ahnenforschung-jackmuth.de\/index.php?rest_route=\/wp\/v2\/pages\/3426\/revisions"}],"wp:attachment":[{"href":"https:\/\/www.ahnenforschung-jackmuth.de\/index.php?rest_route=%2Fwp%2Fv2%2Fmedia&parent=3426"}],"curies":[{"name":"wp","href":"https:\/\/api.w.org\/{rel}","templated":true}]}}

<p style="text-align: justify;"><span style="color: #ff0000;"><strong><u>Schmitt</u></strong><strong>, Anna Maria:</strong> </span>Witwe des <a href="http://www.ahnenforschung-jackmuth.de/?page_id=2859">Johannes Schmitt</a>, gewesener Schmied und Schultheiß zu Becheln;<br />
bg. 11.12.1692 Ems, 81 Jahre alt</p>
<hr />
<p style="text-align: justify;"><span style="color: #ff0000;"><strong><u>Schmitt</u></strong><strong>, Johann Friedrich: </strong></span>ein Ölschläger und Zimmermann (1703) in Ems; bg. 10.09.1709 Ems, 51 Jahre alt</p>
<p>oo mit <strong>Anna Apollonia: </strong>bg. 29.01.1710 Ems, 50 Jahre 7 Monate und 18 Tage alt, Witwe</p>
<table width="605">
<tbody>
<tr>
<td width="189">1) Johann Bernhard</td>
<td width="198">konf. 04.06.1702 (Pfingsten)</td>
<td width="217"></td>
</tr>
<tr>
<td width="189">2) Elisabetha Magdalena</td>
<td width="198">gt. 11.10.1691 Ems<br />
konf. 11.05.1704 (Pfingsten)</td>
<td width="217">oo 20.01.1711 Ems mit Johann Peter Traut aus Ems</td>
</tr>
<tr>
<td width="189">3) Maria Katharina</td>
<td width="198">gt. 29.09.1692 Ems</td>
<td width="217">bg. 30.11.1693 Ems</td>
</tr>
<tr>
<td width="189">4) Johann Christoph</td>
<td width="198">gt. 14.01.1694 Ems<br />
konf. 23.05.1706 (Pfingsten)</td>
<td width="217"></td>
</tr>
<tr>
<td width="189">5) Johann Anton</td>
<td width="198">gt. 13.10.1695 Ems</td>
<td width="217">bg. 08.05.1698 Ems</td>
</tr>
<tr>
<td width="189">6) Johann Adam</td>
<td width="198">gt. 29.08.1697 Ems</td>
<td width="217">bg. 08.05.1698 Ems</td>
</tr>
<tr>
<td width="189">7) Anna Veronika</td>
<td width="198">gt. 19.02.1699 Ems<br />
konf. 08.06.1710 (Pfingsten)</td>
<td width="217">bg. xx.08.1758 Ems</td>
</tr>
<tr>
<td width="189">8) Christina Elisabeth</td>
<td width="198">gt. 12.08.1703 Ems</td>
<td width="217">bg. 14.11.1709 Ems</td>
</tr>
</tbody>
</table>
<p style="text-align: justify;"><strong>Paten: zu 2)</strong> <em>Tauff-Goden sind: Elisabetha Magdalena Gackebachin vnd Anna Elisabetha, weiland Christ Cröners zu Hünnberg nachgelassene Tochter. Der Path: Moritz Beller auff dem Baad </em>— <strong>zu 3) </strong><em>Tauff-Goden sind: Anna Keth, Bartholomæi Caphne senioris Haußfr[au], vnd Anna Maria Caphnin, vidua. Der Path ist: Hans Martin Klaiber, Mäurer allhier </em>— <strong>zu 4) </strong><em>Tauffpathen sind: Johann Christoph Hermann vnd Johann Michael Schupp. Die God ist: Frau Anna Hedwig Leporinin, pastoris uxor </em>— <strong>zu 5) </strong><em>Tauffpathen sind: Johann Anthonius Lotz, Ferger auff dem Baad, vnd Johann Anth&lt;on&gt; Himmighoffen, ein Einwohner zu Dienethal. Die God ist: Elisabetha Catharina, Nicolai Schuppen, eines Kirchen-Senioris hier in Embs Haußfrau </em>— <strong>zu 6) </strong><em>Erbetene Tauffzeugen sind: Adam Dommermuth, Einwohner vnd Schreiner hier in Embs, vnd Johann Philips Eichholtz, ein Gerichts-Schöpff allhier. Die God ist: Eva Catharina, Hans Jacob Wagners, eines hiesigen Schneiders Eheweib </em>— <strong>zu 7) </strong><em>Tauff-Goden sind: Anna Elisabetha, Joh[ann] Philips Justen Eheweib, vnd Anna Veronica, Johannis Heimbachs, des hiesigen Müllers Tochter. Der Path ist: Johann Nicolaus Zimmerschied, bürger[liche]r Einwohner allhier </em>— <strong>zu 8) </strong><em>Tauff-Goden sind: Christiana Margretha, weiland Hans Martin Kläbers hinterlassene Tochter, vnd Maria Elisabetha, wei[land] Hans Jacob Lemlers hinterlassene Tochter. Der Path ist: Johann Jacob Simon</em></p>
<hr />
<p style="text-align: justify;"><span style="color: #ff0000;"><strong><u>Schmitt</u></strong><strong>, Johannes:</strong> </span>ein Schmied und Fassbinder in Ems; aus Binsfeld (VG Wittlich-Land, Lkr. Bernkastel-Wittlich); evtl. Vater eines illeg. Kindes (s. u. <a href="http://www.ahnenforschung-jackmuth.de/?page_id=3536">Auswärtige Uneheliche</a>)</p>
<p><strong>oo 16.01.1698 Ems</strong></p>
<p>mit <strong><u>Koch</u>, Maria Johannetta Elisabeth:</strong> Witwe des <a href="http://www.ahnenforschung-jackmuth.de/?page_id=3310">Johann Georg Koch</a>, Schmied in Ems</p>
<table width="605">
<tbody>
<tr>
<td width="142">1) Katharina</td>
<td width="208">* 1698</td>
<td width="255">bg. 14.03.1700 Ems, 2 Jahre 30 Tage</td>
</tr>
<tr>
<td width="142">2) Johann Peter</td>
<td width="208">gt. 20.05.1700 Ems<br />
konf. 15.05.1712 (Pfingsten)</td>
<td width="255"></td>
</tr>
<tr>
<td width="142">3) Johann Friedrich</td>
<td width="208">gt. 16.03.1704 Ems</td>
<td width="255">bg. 01.02.1705 Ems</td>
</tr>
<tr>
<td width="142">4) Anna Maria</td>
<td width="208">gt. 12.09.1706 Ems</td>
<td width="255"></td>
</tr>
</tbody>
</table>
<p style="text-align: justify;">Im Pönitentenregister wegen illeg. Kind (KB 1, pag. 830): <em>Anno 1698, dem 16ten Januarij, war Dom[inica] 2 p[ost] Epiphania, haben Johannes Schmitt, seines Handwercks ein Schmitt vnd Faßbinder von Bingefeld auß dem churtrierischen Ambt Manderscheid, vnd Maria Johanetta Elisabetha, weiland Johann Georg Kochs, eines gewesenen Einwohner- v[nd] Schmitts hier in Embs, nachgelassene Wittib, wegen verübter Hurerey vnd stupri ihre Kirchen-Poenitentz offent[lich] abgeleget.</em></p>
<hr />
<p><span style="color: #ff0000;"><strong><u>Schmitt</u></strong><strong>, Johann Adam:</strong></span> ein Müller in Ems</p>
<p>oo mit <strong>Anna Maria</strong></p>
<table width="605">
<tbody>
<tr>
<td width="189">Sibylla Christina</td>
<td width="151">gt. 29.12.1709 Ems</td>
<td width="265"></td>
</tr>
</tbody>
</table>
<p style="text-align: justify;"><strong>Paten:</strong><em> Tauff-Goden sind: Jungfer Sibylla Elisabetha Rü&lt;&#8230;&gt; auß Langen-Schwalbach vnd Hedwig Christina Ahlerin am hiesigen Baad. Der Path ist: Hans Wilheln Zimmermann, ein Müller vnd Zimmermann zu Limpurg</em></p>
<hr />
<p><span style="color: #ff0000;"><strong><u>Schmitt</u></strong><strong>, Paul: </strong></span>Witwer und Drechsler zu Nassau</p>
<p>oo (3. Prokl. 12.04.1700 Ems)</p>
<p>mit <strong><em><u>Prassler</u></em>, Margaretha Elisabeth:</strong> Witwe des Samuel <em>Prassler</em>, gewesener Zimmermann in Bacharach; die Tochter Anna Katharina <em>Prassel</em> oo 29.01.1704 Ems mit Henrich Peter Kaffine</p>
<p>Am 13.04.1700 steht ein angefangener Eintrag im KB Nassau, nennt aber nur den Ehemann <em>Paulus Schmid</em></p>
<hr />
<p><span style="color: #ff0000;"><strong><u>Schmitt</u></strong><strong>, Christian:</strong></span> ein Schlosser</p>
<p>oo mit<strong> N. N.</strong></p>
<table width="605">
<tbody>
<tr>
<td width="189">1) Andreas Nacius</td>
<td width="151">gt. 07.11.1718 Ems</td>
<td width="265"></td>
</tr>
<tr>
<td width="189">2) Johann Jakob</td>
<td width="151">gt. 24.03.1721 Ems</td>
<td width="265">bg. 24.04.1766 Ems</td>
</tr>
<tr>
<td width="189">3) Johann Bartholomäus</td>
<td width="151">gt. 01.09.1726 Ems</td>
<td width="265"></td>
</tr>
</tbody>
</table>
<p style="text-align: justify;"><strong>Paten:</strong> <strong>zu 1)</strong><em> Tauffbath ist gewesen: Andreas &#8230; Nacius Frick von Franckfurdt. Die Goth: Anna Chathrina </em>— <strong>zu 2) </strong><em>Tauffpaden sindt geweßen: Johan Jacob Paule undt Pider Schmit undt die Gott ist geweßen: Anna Christianna von Brauchbach </em>— <strong>zu 3) </strong><em>Tauffpaden sindt geweßen: Bardel Schub undt Herme Eberhan undt die Goth ist gewesßen Anna Gierthraudt Zimmerschitin</em></p>
<hr />
<p style="text-align: justify;"><strong><span style="font-size: 10pt;">Letzte Änderung: 9. September 2019</span></strong><br />
<strong><span style="font-size: 10pt;">Ralph Jackmuth</span></strong></p>

<p>Schmitt, Anna Maria: Witwe des Johannes Schmitt, gewesener Schmied und Schultheiß zu Becheln; bg. 11.12.1692 Ems, 81 Jahre alt Schmitt, Johann Friedrich: ein Ölschläger und Zimmermann (1703) in Ems; bg. 10.09.1709 Ems, 51 Jahre alt oo mit Anna Apollonia: bg. 29.01.1710 Ems, 50 Jahre 7 Monate und 18 Tage alt, Witwe 1) Johann Bernhard konf. &hellip; <a href="https://www.ahnenforschung-jackmuth.de/?page_id=3426" class="more-link"><span class="screen-reader-text">„Ems &#8211; Schmitt“</span> weiterlesen</a></p>
