{"id":3405,"date":"2019-04-27T14:24:22","date_gmt":"2019-04-27T14:24:22","guid":{"rendered":"http:\/\/www.ahnenforschung-jackmuth.de\/?page_id=3405"},"modified":"2023-04-26T18:53:50","modified_gmt":"2023-04-26T18:53:50","slug":"ems-rosenbach","status":"publish","type":"page","link":"https:\/\/www.ahnenforschung-jackmuth.de\/?page_id=3405","title":{"rendered":"Ems &#8211; Rosenbach"},"content":{"rendered":"<p style=\"text-align: justify;\"><span style=\"color: #ff0000;\"><strong><u>Rosenbach<\/u><\/strong><strong>, Anna Maria:<\/strong><\/span> Witwe des Philipp Rosenbach, gewesener F\u00f6rster; bg. 15.08.1697 Ems, 76 Jahre alt<\/p>\n<hr \/>\n<p><strong><span style=\"color: #ff0000;\">Rosenbach, Philipp:<\/span> <\/strong>Wagner in Ems<\/p>\n<p>oo mit <strong>Anna Margaretha: <\/strong>bg. 11.04.1686 Ems, Witwe<\/p>\n<table width=\"605\">\n<tbody>\n<tr>\n<td width=\"142\">1) Johann Anton<\/td>\n<td width=\"104\"><\/td>\n<td width=\"359\">oo 20.11.1683 Ems mit Anna Christina Jost aus Ems<\/td>\n<\/tr>\n<tr>\n<td width=\"142\">2) Johann Henrich<\/td>\n<td width=\"104\"><\/td>\n<td width=\"359\">oo 23.11.1700 Ems mit Anna Christina Jost aus Ems<\/td>\n<\/tr>\n<tr>\n<td width=\"142\">3) Maria Katharina<\/td>\n<td width=\"104\"><\/td>\n<td width=\"359\">oo 08.02.1702 Ems mit Johann Jakob Simon aus Ems<\/td>\n<\/tr>\n<tr>\n<td width=\"142\">4) Anna Gertrud<\/td>\n<td width=\"104\">* 1666<\/td>\n<td width=\"359\">bg. 10.12.1696 Ems, 30 Jahre und 5 Monate alt<br \/>\noo 22.11.1687 Ems mit Hans Barthel Zimmerschied aus Ems<\/td>\n<\/tr>\n<\/tbody>\n<\/table>\n<hr \/>\n<p><span style=\"color: #ff0000;\"><strong><u>Rosenbach<\/u><\/strong><strong>, Johann Anton:<\/strong><\/span> Kirchenmeister (1704) in Ems; Sohn des verst. Philipp Rosenbach aus Ems<\/p>\n<p><strong>oo 20.11.1683 Ems<\/strong><\/p>\n<p>mit <strong><u>Jost<\/u>, Anna Christina:<\/strong> Tochter des <a href=\"http:\/\/www.ahnenforschung-jackmuth.de\/?page_id=3272\">Barthel Jost<\/a>, Gerichtssch\u00f6ffe und Kirchensenior in Ems<\/p>\n<table width=\"605\">\n<tbody>\n<tr>\n<td width=\"180\">1) Johann Jakob<\/td>\n<td width=\"189\">gt. 26.10.1684 Ems<\/td>\n<td style=\"text-align: justify;\" width=\"236\">bg. 06.08.1685 Ems<\/td>\n<\/tr>\n<tr>\n<td width=\"180\">2) Johann Philipp<\/td>\n<td width=\"189\">gt. 31.10.1686 Ems<\/td>\n<td style=\"text-align: justify;\" width=\"236\">bg. 13.09.1689 Ems<\/td>\n<\/tr>\n<tr>\n<td width=\"180\">3) Johann Gabriel<\/td>\n<td width=\"189\">gt. 02.09.1688 Ems<\/td>\n<td style=\"text-align: justify;\" width=\"236\">bg. 23.04.1689 Ems<\/td>\n<\/tr>\n<tr>\n<td width=\"180\">4) Anna Gertrud<\/td>\n<td width=\"189\">gt. 09.02.1690 Ems<br \/>\nkonf. 27.05.1703 (Pfingsten)<\/td>\n<td style=\"text-align: justify;\" width=\"236\"><\/td>\n<\/tr>\n<tr>\n<td width=\"180\">5) Anna Maria<\/td>\n<td width=\"189\">gt. 01.11.1691 Ems<br \/>\nkonf. 31.05.1705 (Pfingsten)<\/td>\n<td style=\"text-align: justify;\" width=\"236\">bg. 18.03.1759 Ems<br \/>\noo (3. Prokl. 27.12.1713 Ems) mit Henrich Peter Eichholz aus Ems<\/td>\n<\/tr>\n<tr>\n<td width=\"180\">6) Anna Elisabeth<\/td>\n<td width=\"189\">gt. 15.04.1694 Ems<br \/>\nkonf. 12.06.1707 (Pfingsten)<\/td>\n<td style=\"text-align: justify;\" width=\"236\"><\/td>\n<\/tr>\n<tr>\n<td width=\"180\">7) Johann Jakob<\/td>\n<td width=\"189\">gt. 21.06.1696 Ems<\/td>\n<td style=\"text-align: justify;\" width=\"236\">bg. 01.05.1701 Ems<\/td>\n<\/tr>\n<tr>\n<td width=\"180\">8) Anna Rosina<\/td>\n<td width=\"189\">gt. 13.08.1699 Ems<br \/>\nkonf. 15.05.1712 ((Pfingsten)<\/td>\n<td style=\"text-align: justify;\" width=\"236\"><\/td>\n<\/tr>\n<tr>\n<td width=\"180\">9) Maria Magdalena<\/td>\n<td width=\"189\">gt. 07.05.1702 Ems<\/td>\n<td style=\"text-align: justify;\" width=\"236\">bg. 16.07.1704 Ems<\/td>\n<\/tr>\n<tr>\n<td width=\"180\">10) Johann Bartholom\u00e4us<\/td>\n<td width=\"189\">gt. 30.03.1704 Ems<\/td>\n<td style=\"text-align: justify;\" width=\"236\">bg. 31.07.1704 Ems<\/td>\n<\/tr>\n<tr>\n<td width=\"180\">11) Johann Anton David<\/td>\n<td width=\"189\">gt. 29.11.1705 Ems<\/td>\n<td style=\"text-align: justify;\" width=\"236\">bg. 20.03.1707 Ems<\/td>\n<\/tr>\n<tr>\n<td width=\"180\">12) Anna Margaretha<\/td>\n<td width=\"189\">gt. 04.11.1708 Ems<\/td>\n<td style=\"text-align: justify;\" width=\"236\">bg. 09.01.1746 Emss<\/td>\n<\/tr>\n<\/tbody>\n<\/table>\n<hr \/>\n<p><span style=\"color: #ff0000;\"><strong><u>Rosenbach<\/u><\/strong><strong>, Johann (Hans) Henrich: <\/strong><\/span>Gerichtssch\u00f6ffe in Ems, Wildsch\u00fctze (1692), J\u00e4ger (1702)<\/p>\n<p>oo mit <strong>Anna Maria<\/strong><\/p>\n<table style=\"height: 250px;\" width=\"605\">\n<tbody>\n<tr style=\"height: 26px;\">\n<td style=\"height: 26px; width: 199.6px;\">1) Anna Gertrud<\/td>\n<td style=\"height: 26px; width: 260.35px;\">konf. 27.05.1694 (Pfingsten)<\/td>\n<td style=\"height: 26px; width: 334.05px;\">\n<p style=\"text-align: justify;\">oo (prokl. 20.11.1701 Ems) mit Johann David Schneider aus Kastellaun<\/p>\n<\/td>\n<\/tr>\n<tr style=\"height: 28px;\">\n<td style=\"height: 28px; width: 199.6px;\">2) Johann Nikolaus<\/td>\n<td style=\"height: 28px; width: 260.35px;\">konf. 30.05.1700 (Pfingsten)<\/td>\n<td style=\"height: 28px; width: 334.05px;\"><\/td>\n<\/tr>\n<tr style=\"height: 56px;\">\n<td style=\"height: 56px; width: 199.6px;\">3) Anna Christina<\/td>\n<td style=\"height: 56px; width: 260.35px;\">gt. 03.02.1689 Ems<br \/>\nkonf. 15.05.1701 (Pfingsten)<\/td>\n<td style=\"height: 56px; width: 334.05px;\"><\/td>\n<\/tr>\n<tr style=\"height: 28px;\">\n<td style=\"height: 28px; width: 199.6px;\">4) Johann Peter<\/td>\n<td style=\"height: 28px; width: 260.35px;\">gt. 17.01.1692 Ems<\/td>\n<td style=\"height: 28px; width: 334.05px;\">bg. 05.10.1703 Ems<\/td>\n<\/tr>\n<tr style=\"height: 28px;\">\n<td style=\"height: 28px; width: 199.6px;\">5) Hedwig Maria<\/td>\n<td style=\"height: 28px; width: 260.35px;\">gt. 16.12.1694 Ems<\/td>\n<td style=\"height: 28px; width: 334.05px;\">bg. 12.09.1703 Ems<\/td>\n<\/tr>\n<tr style=\"height: 56px;\">\n<td style=\"height: 56px; width: 199.6px;\">6) Johann Georg<\/td>\n<td style=\"height: 56px; width: 260.35px;\">gt. 21.03.1697 Ems<br \/>\nkonf. 08.06.1710 (Pfingsten)<\/td>\n<td style=\"height: 56px; width: 334.05px;\">bg. 25.12.1765 Ems<\/td>\n<\/tr>\n<tr style=\"height: 28px;\">\n<td style=\"height: 28px; width: 199.6px;\">7) Anna Elisabeth<\/td>\n<td style=\"height: 28px; width: 260.35px;\">gt. 12.02.1702 Ems<\/td>\n<td style=\"height: 28px; width: 334.05px;\"><\/td>\n<\/tr>\n<\/tbody>\n<\/table>\n<p style=\"text-align: justify;\"><strong>Paten: zu 3)<\/strong> <em>Tauff-Goden sind: Anna Christina, Hans Th\u00f6nges Rosenbachs uxor, vnd Anna Christina, Hans Daniel Schepps Hau\u00dffrau. Der Path aber ist: Hans Peter Kaphne <\/em>\u2014 <strong>zu 4) <\/strong><em>Tauffpathen sind: Johann Peter, Bartholom\u00e6i Caphne senioris filius, vnd Johann Michael Rosenbach, der Schuhmacher. Die God: Johann Margretha, Otto Christoph Werner filia <\/em>\u2014 <strong>zu 5) <\/strong><em>Tauff-Goden sind: Frau Anna Hedwig Leporinin gebohrne Clotzin, pastoris uxor, vnd Anna Maria, Hans Martin Zimmerschieds Eheweib. Der Path ist: Johann Simeon W\u00f6lffling \u00a0<\/em>\u2014 <strong>zu 6) <\/strong><em>Tauffpathen sind: Johann Georg Caphne vnd Johann Jacob Werner. Die God ist Maria Catharina, Peter Krempers Tochter <\/em>\u2014 <strong>zu 7) <\/strong><em>Tauff-Goden sind: Anna Eva, Hans Martin Zimmerschieds Tochter, vnd Maria Elisabetha, Joh[ann] Peter W\u00fcrtzen Eheweib. Der Path ist; Johann Peter Zimmerschied<\/em><\/p>\n<hr \/>\n<p><span style=\"color: #ff0000;\"><strong><u>Rosenbach<\/u><\/strong><strong>, (Johann) Michael:<\/strong> <\/span>ein Schuhmacher in Ems<\/p>\n<p><strong>oo I. 10.01.1693 Ems<\/strong> (3. Prokl. 08.01.)<\/p>\n<p>mit <strong><u>Weber<\/u>, Anna Maria:<\/strong> Tochter des verst. Matth\u00e4us Weber, gewesener Konstabler in Koblenz;<br \/>\nbg. 01.05.1710 Ems, 43 Jahre alt; am 25.12.1692 zum ev.-luth. Glauben konvertiert (KB 1, pag. 783)<\/p>\n<table width=\"605\">\n<tbody>\n<tr>\n<td width=\"161\">1) Anna Maria<\/td>\n<td width=\"189\">gt. 22.04.1694 Ems<br \/>\nkonf. 12.06.1707 (Pfingsten)<\/td>\n<td width=\"255\">bg. 02.01.1749 Ems<\/td>\n<\/tr>\n<tr>\n<td width=\"161\">2) Johann Daniel<\/td>\n<td width=\"189\">gt. 19.01.1696 Ems<\/td>\n<td width=\"255\">bg. 24.01.1696 Ems<\/td>\n<\/tr>\n<tr>\n<td width=\"161\">3) Maria Katharina<\/td>\n<td width=\"189\">gt. 13.06.1697 Ems<br \/>\nkonf. 08.06.1710 (Pfingsten)<\/td>\n<td width=\"255\">bg. xx.02.1766 Ems<\/td>\n<\/tr>\n<tr>\n<td width=\"161\">4) Gertrud Katharina<\/td>\n<td width=\"189\">gt. 20.05.1700 Ems<\/td>\n<td width=\"255\">bg. 23.05.1700 Ems<\/td>\n<\/tr>\n<tr>\n<td width=\"161\">5) Johann Nikolaus<\/td>\n<td width=\"189\">gt. 04.09.1701 Ems<\/td>\n<td width=\"255\"><\/td>\n<\/tr>\n<tr>\n<td width=\"161\">6) Gertrud Katharina<\/td>\n<td width=\"189\">gt. 01.02.1705 Ems<\/td>\n<td width=\"255\"><\/td>\n<\/tr>\n<tr>\n<td width=\"161\">7) Maria Barbara<\/td>\n<td width=\"189\">gt. 02.10.1707 Ems<\/td>\n<td width=\"255\"><\/td>\n<\/tr>\n<\/tbody>\n<\/table>\n<p><strong>oo II. 04.01.1712 Ems<\/strong> (3. Prokl. 27.12.1711)<\/p>\n<p>mit <strong><em><u>Rincker<\/u><\/em>, Anna Katharina:<\/strong> Tochter des verst. Johann Andreas <em>Rincker<\/em> aus Fr\u00fccht (VG Bad Ems-Nassau)<\/p>\n<hr \/>\n<p><span style=\"color: #ff0000;\"><strong><u>Rosenbach<\/u><\/strong><strong>, Johann Nikolaus<\/strong><\/span><\/p>\n<p>oo mit <strong>Juliana<\/strong><\/p>\n<table width=\"605\">\n<tbody>\n<tr>\n<td width=\"180\">Anna Philippina Christina<\/td>\n<td width=\"151\">gt. xx.xx.1719 Ems<\/td>\n<td width=\"274\">bg. 12.03.1793 Ems<\/td>\n<\/tr>\n<\/tbody>\n<\/table>\n<p style=\"text-align: justify;\"><strong>Paten: <\/strong><em>Gevattern siund gewesen: 1) Philippina Anna, Barthel Castorff Ehefrau; 2) Anna Christina, Friderich Koch, zeitigen F\u00f6rsters Ehefrau; 3) Johannes &#8230;, Einwohner dahier<\/em><\/p>\n<hr \/>\n<p><span style=\"color: #ff0000;\"><strong><u>Rosenbach<\/u><\/strong><strong>, Georg<\/strong><\/span><\/p>\n<p>oo mit <strong>Elisabeth Margaretha<\/strong><\/p>\n<table width=\"605\">\n<tbody>\n<tr>\n<td width=\"180\">1) Johann Henrich<\/td>\n<td width=\"151\">* 02.09.1724 Ems<\/td>\n<td width=\"274\"><\/td>\n<\/tr>\n<tr>\n<td width=\"180\">2) Maria Magdalena<\/td>\n<td width=\"151\">* 31.03.1726 Ems<\/td>\n<td width=\"274\">bg. 30.06.1786 Ems<\/td>\n<\/tr>\n<\/tbody>\n<\/table>\n<p style=\"text-align: justify;\"><strong>Paten: zu 1) <\/strong><em>Henrich Eichholz; Carl Traut; Anna Christina Kochin<\/em> \u2014 <strong>zu 2) <\/strong><em>Maria Magdalena Rosenbachin; Helena Margreth Br\u00fcckin; Georg Zimmerschied<\/em><\/p>\n<hr \/>\n<p style=\"text-align: justify;\"><strong><span style=\"font-size: 10pt;\">Letzte \u00c4nderung: 26. April 2023<\/span><\/strong><br \/>\n<strong><span style=\"font-size: 10pt;\">Ralph Jackmuth<\/span><\/strong><\/p>\n","protected":false},"excerpt":{"rendered":"<p>Rosenbach, Anna Maria: Witwe des Philipp Rosenbach, gewesener F\u00f6rster; bg. 15.08.1697 Ems, 76 Jahre alt Rosenbach, Philipp: Wagner in Ems oo mit Anna Margaretha: bg. 11.04.1686 Ems, Witwe 1) Johann Anton oo 20.11.1683 Ems mit Anna Christina Jost aus Ems 2) Johann Henrich oo 23.11.1700 Ems mit Anna Christina Jost aus Ems 3) Maria Katharina &hellip; <a href=\"https:\/\/www.ahnenforschung-jackmuth.de\/?page_id=3405\" class=\"more-link\"><span class=\"screen-reader-text\">\u201eEms &#8211; Rosenbach\u201c<\/span> weiterlesen<\/a><\/p>\n","protected":false},"author":1,"featured_media":0,"parent":0,"menu_order":0,"comment_status":"closed","ping_status":"closed","template":"","meta":{"footnotes":""},"class_list":["post-3405","page","type-page","status-publish","hentry"],"_links":{"self":[{"href":"https:\/\/www.ahnenforschung-jackmuth.de\/index.php?rest_route=\/wp\/v2\/pages\/3405","targetHints":{"allow":["GET"]}}],"collection":[{"href":"https:\/\/www.ahnenforschung-jackmuth.de\/index.php?rest_route=\/wp\/v2\/pages"}],"about":[{"href":"https:\/\/www.ahnenforschung-jackmuth.de\/index.php?rest_route=\/wp\/v2\/types\/page"}],"author":[{"embeddable":true,"href":"https:\/\/www.ahnenforschung-jackmuth.de\/index.php?rest_route=\/wp\/v2\/users\/1"}],"replies":[{"embeddable":true,"href":"https:\/\/www.ahnenforschung-jackmuth.de\/index.php?rest_route=%2Fwp%2Fv2%2Fcomments&post=3405"}],"version-history":[{"count":0,"href":"https:\/\/www.ahnenforschung-jackmuth.de\/index.php?rest_route=\/wp\/v2\/pages\/3405\/revisions"}],"wp:attachment":[{"href":"https:\/\/www.ahnenforschung-jackmuth.de\/index.php?rest_route=%2Fwp%2Fv2%2Fmedia&parent=3405"}],"curies":[{"name":"wp","href":"https:\/\/api.w.org\/{rel}","templated":true}]}}