{"id":3382,"date":"2019-04-27T13:51:16","date_gmt":"2019-04-27T13:51:16","guid":{"rendered":"http:\/\/www.ahnenforschung-jackmuth.de\/?page_id=3382"},"modified":"2019-04-27T13:51:54","modified_gmt":"2019-04-27T13:51:54","slug":"ems-rauch","status":"publish","type":"page","link":"https:\/\/www.ahnenforschung-jackmuth.de\/?page_id=3382","title":{"rendered":"Ems &#8211; Rauch"},"content":{"rendered":"<p style=\"text-align: justify;\"><span style=\"color: #ff0000;\"><strong><u>Rauch<\/u><\/strong><strong>, Johann Daniel:<\/strong> <\/span>Pfarrer in Ems bis 1687 und Vorg\u00e4nger von <a href=\"http:\/\/www.ahnenforschung-jackmuth.de\/?page_id=3329\">Johannes Leporinus<\/a> (s. HHStAW, Abt. 171 Nr. E 649: Bewerbung des Johann Daniel Rauch als Pfarrer zu Ems, 1672)<\/p>\n<p>oo mit <strong>Anna Magdalena<\/strong><\/p>\n<table width=\"605\">\n<tbody>\n<tr>\n<td width=\"123\">Johann Georg<\/td>\n<td width=\"265\">* 04.10.1686 Ems <span style=\"font-size: 10pt;\">zw. 08:00 u. 09:00<\/span><br \/>\n(gt. 08.10.)<\/td>\n<td width=\"217\"><\/td>\n<\/tr>\n<\/tbody>\n<\/table>\n<p><strong>Paten:<\/strong> <em>1) H[err] Johann Burckhard Plaustrarius, f\u00fcrst[licher] Ambtskeller zu Braubach; 2) Anna Catharina, des H[errn] Friderich Dern, hochgr\u00e4f[lich] wiedischen Secretarij Eheliebste; 3) H[err] Georg Oligmacher, f\u00fcrst[lich] dietzischer Vogt zu Baad Emb\u00df<\/em><\/p>\n<hr \/>\n<p style=\"text-align: justify;\"><strong><span style=\"font-size: 10pt;\">Letzte \u00c4nderung: 27. April 2019<\/span><\/strong><br \/>\n<strong><span style=\"font-size: 10pt;\">Ralph Jackmuth<\/span><\/strong><\/p>\n","protected":false},"excerpt":{"rendered":"<p>Rauch, Johann Daniel: Pfarrer in Ems bis 1687 und Vorg\u00e4nger von Johannes Leporinus (s. HHStAW, Abt. 171 Nr. E 649: Bewerbung des Johann Daniel Rauch als Pfarrer zu Ems, 1672) oo mit Anna Magdalena Johann Georg * 04.10.1686 Ems zw. 08:00 u. 09:00 (gt. 08.10.) Paten: 1) H[err] Johann Burckhard Plaustrarius, f\u00fcrst[licher] Ambtskeller zu Braubach; &hellip; <a href=\"https:\/\/www.ahnenforschung-jackmuth.de\/?page_id=3382\" class=\"more-link\"><span class=\"screen-reader-text\">\u201eEms &#8211; Rauch\u201c<\/span> weiterlesen<\/a><\/p>\n","protected":false},"author":1,"featured_media":0,"parent":0,"menu_order":0,"comment_status":"closed","ping_status":"closed","template":"","meta":{"footnotes":""},"class_list":["post-3382","page","type-page","status-publish","hentry"],"_links":{"self":[{"href":"https:\/\/www.ahnenforschung-jackmuth.de\/index.php?rest_route=\/wp\/v2\/pages\/3382","targetHints":{"allow":["GET"]}}],"collection":[{"href":"https:\/\/www.ahnenforschung-jackmuth.de\/index.php?rest_route=\/wp\/v2\/pages"}],"about":[{"href":"https:\/\/www.ahnenforschung-jackmuth.de\/index.php?rest_route=\/wp\/v2\/types\/page"}],"author":[{"embeddable":true,"href":"https:\/\/www.ahnenforschung-jackmuth.de\/index.php?rest_route=\/wp\/v2\/users\/1"}],"replies":[{"embeddable":true,"href":"https:\/\/www.ahnenforschung-jackmuth.de\/index.php?rest_route=%2Fwp%2Fv2%2Fcomments&post=3382"}],"version-history":[{"count":0,"href":"https:\/\/www.ahnenforschung-jackmuth.de\/index.php?rest_route=\/wp\/v2\/pages\/3382\/revisions"}],"wp:attachment":[{"href":"https:\/\/www.ahnenforschung-jackmuth.de\/index.php?rest_route=%2Fwp%2Fv2%2Fmedia&parent=3382"}],"curies":[{"name":"wp","href":"https:\/\/api.w.org\/{rel}","templated":true}]}}

<p style="text-align: justify;"><span style="color: #ff0000;"><strong><u>Rauch</u></strong><strong>, Johann Daniel:</strong> </span>Pfarrer in Ems bis 1687 und Vorgänger von <a href="http://www.ahnenforschung-jackmuth.de/?page_id=3329">Johannes Leporinus</a> (s. HHStAW, Abt. 171 Nr. E 649: Bewerbung des Johann Daniel Rauch als Pfarrer zu Ems, 1672)</p>
<p>oo mit <strong>Anna Magdalena</strong></p>
<table width="605">
<tbody>
<tr>
<td width="123">Johann Georg</td>
<td width="265">* 04.10.1686 Ems <span style="font-size: 10pt;">zw. 08:00 u. 09:00</span><br />
(gt. 08.10.)</td>
<td width="217"></td>
</tr>
</tbody>
</table>
<p><strong>Paten:</strong> <em>1) H[err] Johann Burckhard Plaustrarius, fürst[licher] Ambtskeller zu Braubach; 2) Anna Catharina, des H[errn] Friderich Dern, hochgräf[lich] wiedischen Secretarij Eheliebste; 3) H[err] Georg Oligmacher, fürst[lich] dietzischer Vogt zu Baad Embß</em></p>
<hr />
<p style="text-align: justify;"><strong><span style="font-size: 10pt;">Letzte Änderung: 27. April 2019</span></strong><br />
<strong><span style="font-size: 10pt;">Ralph Jackmuth</span></strong></p>

<p>Rauch, Johann Daniel: Pfarrer in Ems bis 1687 und Vorgänger von Johannes Leporinus (s. HHStAW, Abt. 171 Nr. E 649: Bewerbung des Johann Daniel Rauch als Pfarrer zu Ems, 1672) oo mit Anna Magdalena Johann Georg * 04.10.1686 Ems zw. 08:00 u. 09:00 (gt. 08.10.) Paten: 1) H[err] Johann Burckhard Plaustrarius, fürst[licher] Ambtskeller zu Braubach; &hellip; <a href="https://www.ahnenforschung-jackmuth.de/?page_id=3382" class="more-link"><span class="screen-reader-text">„Ems &#8211; Rauch“</span> weiterlesen</a></p>
