{"id":3379,"date":"2019-04-27T13:49:15","date_gmt":"2019-04-27T13:49:15","guid":{"rendered":"http:\/\/www.ahnenforschung-jackmuth.de\/?page_id=3379"},"modified":"2019-04-27T13:49:15","modified_gmt":"2019-04-27T13:49:15","slug":"ems-q-diverse","status":"publish","type":"page","link":"https:\/\/www.ahnenforschung-jackmuth.de\/?page_id=3379","title":{"rendered":"Ems &#8211; Q (Diverse)"},"content":{"rendered":"<p style=\"text-align: justify;\"><span style=\"color: #ff0000;\"><strong><em><u>Quast<\/u><\/em><\/strong><strong>, Jean Baptista:<\/strong> <\/span>aus Frankreich; gewesener Korporal der Leibkompanie unter dem l\u00fcneburgisch-cellischen Obrist von <em>Br\u00f6le<\/em>; auf dem Marsch krank hergekommen und gestorben; bg. 01.12.1705 Ems, ca. 60 Jahre alt<\/p>\n<hr \/>\n<p style=\"text-align: justify;\"><strong><span style=\"font-size: 10pt;\">Letzte \u00c4nderung: 27. April 2019<\/span><\/strong><br \/>\n<strong><span style=\"font-size: 10pt;\">Ralph Jackmuth<\/span><\/strong><\/p>\n","protected":false},"excerpt":{"rendered":"<p>Quast, Jean Baptista: aus Frankreich; gewesener Korporal der Leibkompanie unter dem l\u00fcneburgisch-cellischen Obrist von Br\u00f6le; auf dem Marsch krank hergekommen und gestorben; bg. 01.12.1705 Ems, ca. 60 Jahre alt Letzte \u00c4nderung: 27. April 2019 Ralph Jackmuth<\/p>\n","protected":false},"author":1,"featured_media":0,"parent":0,"menu_order":0,"comment_status":"closed","ping_status":"closed","template":"","meta":{"footnotes":""},"class_list":["post-3379","page","type-page","status-publish","hentry"],"_links":{"self":[{"href":"https:\/\/www.ahnenforschung-jackmuth.de\/index.php?rest_route=\/wp\/v2\/pages\/3379","targetHints":{"allow":["GET"]}}],"collection":[{"href":"https:\/\/www.ahnenforschung-jackmuth.de\/index.php?rest_route=\/wp\/v2\/pages"}],"about":[{"href":"https:\/\/www.ahnenforschung-jackmuth.de\/index.php?rest_route=\/wp\/v2\/types\/page"}],"author":[{"embeddable":true,"href":"https:\/\/www.ahnenforschung-jackmuth.de\/index.php?rest_route=\/wp\/v2\/users\/1"}],"replies":[{"embeddable":true,"href":"https:\/\/www.ahnenforschung-jackmuth.de\/index.php?rest_route=%2Fwp%2Fv2%2Fcomments&post=3379"}],"version-history":[{"count":0,"href":"https:\/\/www.ahnenforschung-jackmuth.de\/index.php?rest_route=\/wp\/v2\/pages\/3379\/revisions"}],"wp:attachment":[{"href":"https:\/\/www.ahnenforschung-jackmuth.de\/index.php?rest_route=%2Fwp%2Fv2%2Fmedia&parent=3379"}],"curies":[{"name":"wp","href":"https:\/\/api.w.org\/{rel}","templated":true}]}}

<p style="text-align: justify;"><span style="color: #ff0000;"><strong><em><u>Quast</u></em></strong><strong>, Jean Baptista:</strong> </span>aus Frankreich; gewesener Korporal der Leibkompanie unter dem lüneburgisch-cellischen Obrist von <em>Bröle</em>; auf dem Marsch krank hergekommen und gestorben; bg. 01.12.1705 Ems, ca. 60 Jahre alt</p>
<hr />
<p style="text-align: justify;"><strong><span style="font-size: 10pt;">Letzte Änderung: 27. April 2019</span></strong><br />
<strong><span style="font-size: 10pt;">Ralph Jackmuth</span></strong></p>

<p>Quast, Jean Baptista: aus Frankreich; gewesener Korporal der Leibkompanie unter dem lüneburgisch-cellischen Obrist von Bröle; auf dem Marsch krank hergekommen und gestorben; bg. 01.12.1705 Ems, ca. 60 Jahre alt Letzte Änderung: 27. April 2019 Ralph Jackmuth</p>
