{"id":3356,"date":"2019-04-27T13:23:35","date_gmt":"2019-04-27T13:23:35","guid":{"rendered":"http:\/\/www.ahnenforschung-jackmuth.de\/?page_id=3356"},"modified":"2019-04-28T12:08:15","modified_gmt":"2019-04-28T12:08:15","slug":"ems-mueller","status":"publish","type":"page","link":"https:\/\/www.ahnenforschung-jackmuth.de\/?page_id=3356","title":{"rendered":"Ems &#8211; M\u00fcller"},"content":{"rendered":"<p><span style=\"color: #ff0000;\"><strong><u>M\u00fcller<\/u><\/strong><strong>, Tobias:<\/strong><\/span> ein fremder, armer Mann, geb\u00fcrtig zu <em>Francken<\/em>&lt;&#8230;&gt; in Hessen; bg. 18.03.1688 Ems<\/p>\n<hr \/>\n<p><span style=\"color: #ff0000;\"><strong><u>M\u00fcller<\/u><\/strong><strong>, Johann Wilhelm:<\/strong><\/span> Sohn des verst. Konrad M\u00fcller aus Kemmenau; bg. 09.03.1710 Ems, 47 Jahre alt, Gerichtssch\u00f6ffe<\/p>\n<p><strong>oo 15.11.1692 Ems<\/strong> (3. Prokl. 13.11.)<\/p>\n<p>mit <strong><u>Ulefix<\/u>, Anna Gertrud:<\/strong> Tochter des verst. <a href=\"http:\/\/www.ahnenforschung-jackmuth.de\/?page_id=3484\">Johann Philipp Ulefix<\/a>, gewesener Gerichtssch\u00f6ffe in Ems<\/p>\n<table width=\"605\">\n<tbody>\n<tr>\n<td width=\"180\">1) Johann Hermann<\/td>\n<td width=\"189\">gt. 21.12.1693 Ems<\/td>\n<td width=\"236\">bg. 20.07.1704 Ems<\/td>\n<\/tr>\n<tr>\n<td width=\"180\">2) Johann Jakob<\/td>\n<td width=\"189\">gt. 26.01.1696 Ems<br \/>\nkonf. 27.05.1708 (Pfingsten)<\/td>\n<td width=\"236\"><\/td>\n<\/tr>\n<tr>\n<td width=\"180\">3) Johann Bartholom\u00e4us<\/td>\n<td width=\"189\">gt. 13.03.1698 Ems<br \/>\nkonf. 08.06.1710 (Pfingsten)<\/td>\n<td width=\"236\">bg. xx.01.1758 Ems<\/td>\n<\/tr>\n<tr>\n<td width=\"180\">4) Maria Elisabeth<\/td>\n<td width=\"189\">gt. 30.03.1701 Ems<\/td>\n<td width=\"236\">bg. 17.06.1701 Ems<\/td>\n<\/tr>\n<tr>\n<td width=\"180\">5) Susanna Elisabeth<\/td>\n<td width=\"189\">gt. 24.06.1702 Ems<\/td>\n<td width=\"236\">bg. 27.07.1704 Ems<\/td>\n<\/tr>\n<tr>\n<td width=\"180\">6) Johann Philipp<\/td>\n<td width=\"189\">gt. 03.05.1705 Ems<\/td>\n<td width=\"236\">bg. 18.11.1782 Ems<\/td>\n<\/tr>\n<tr>\n<td width=\"180\">7) Maria Katharina<\/td>\n<td width=\"189\">gt. 27.04.1708 Ems<\/td>\n<td width=\"236\">bg. 15.10.1710 Ems<\/td>\n<\/tr>\n<\/tbody>\n<\/table>\n<hr \/>\n<p><span style=\"color: #ff0000;\"><strong><u>M\u00fcller<\/u><\/strong><strong>, Johann Hermann:<\/strong><\/span> Sohn des verst. Konrad M\u00fcller aus Kemmenau<\/p>\n<p><strong>oo I. 13.04.1700 Ems<\/strong> (3. Prokl. 12.04.)<\/p>\n<p style=\"text-align: justify;\">mit <strong><u>Kleber geb. Schupp<\/u>, Maria Elisabeth:<\/strong> bg. 30.09.1710 Ems, 52 Jahre alt; oo I. 13.11.1683 Ems mit <a href=\"http:\/\/www.ahnenforschung-jackmuth.de\/?page_id=3307\">Hans Martin Kleber<\/a><\/p>\n<table width=\"605\">\n<tbody>\n<tr>\n<td width=\"170\">Maria Sophia<\/td>\n<td width=\"198\">gt. 16.01.1701 Ems<br \/>\nkonf. 15.05.1712 (Pfingsten)<\/td>\n<td width=\"236\">bg. 24.03.1773 Ems<\/td>\n<\/tr>\n<\/tbody>\n<\/table>\n<p><strong>oo II. 25.08.1711 Ems<\/strong> (3. Prokl. 23.08.)<\/p>\n<p>mit <strong><u>Schlimgen<\/u>, Elisabeth Magdalena:<\/strong> Tochter des verst. <a href=\"http:\/\/www.ahnenforschung-jackmuth.de\/?page_id=3422\">Georg Philipp Schlimgen<\/a> aus Ems; gt. 03.08.1684 Ems<\/p>\n<p style=\"text-align: justify;\">Im P\u00f6nitentenregister wegen illeg. Kind (KB 1, pag. 832): <em>Anno 1700, den 23ten Maij, war Dom[inica] Exaudi, habe ich, der Pfarrer, auff hochf\u00fcrst[lichen] Consistorial Befehl, dem Johann Hermann M\u00fcller von Kemmenau, wegen ehemals ver\u00fcbter Hurerey, die von ihm abzulegen habende Kirchen-Poenitentz vor dem Kirchen-Convent vnd Seniorn abgenom[m]en vnd, da\u00df solche geschehen, von der Cantzel nachmahlen in der Predigt verk\u00fcndiget, so dann ihn darauff nach bezeigter Bu\u00df zum h[eiligen] Abendmahl zugelassen.<\/em><\/p>\n<hr \/>\n<p><span style=\"color: #ff0000;\"><strong><u>M\u00fcller<\/u><\/strong><strong>, Johann Barthel<\/strong><\/span><\/p>\n<p>oo mit <strong>Anna Elisabeth<\/strong><\/p>\n<table width=\"605\">\n<tbody>\n<tr>\n<td width=\"180\">1) Johann Balthasar<\/td>\n<td width=\"170\">gt. 13.11.1722 Ems<\/td>\n<td width=\"255\">bg. 24.08.1790 Ems<\/td>\n<\/tr>\n<tr>\n<td width=\"180\">2) Johann Philipp<\/td>\n<td width=\"170\">gt. 11.09.1726 Ems<\/td>\n<td width=\"255\"><\/td>\n<\/tr>\n<\/tbody>\n<\/table>\n<p style=\"text-align: justify;\"><strong>Paten: zu 1) <\/strong><em>Gevattern sind gewesen: 1) Johannes Zimmerschitt senior; 2) Balthasar Bauer; 3) Maria Gertruda, Johann Jacob M\u00fcllers Tochter <\/em>\u2014 <strong>zu 2) <\/strong><em>Gevattern sind gewesen: 1) Johann Philipps M\u00fcller; 2) Philipps Schupp jun[ior]; 3) Louise Magdalena, Servatio Br\u00fccken eh[lich]e Hau\u00dffrau<\/em><\/p>\n<hr \/>\n<p style=\"text-align: justify;\"><strong><span style=\"font-size: 10pt;\">Letzte \u00c4nderung: 27. April 2019<\/span><\/strong><br \/>\n<strong><span style=\"font-size: 10pt;\">Ralph Jackmuth<\/span><\/strong><\/p>\n","protected":false},"excerpt":{"rendered":"<p>M\u00fcller, Tobias: ein fremder, armer Mann, geb\u00fcrtig zu Francken&lt;&#8230;&gt; in Hessen; bg. 18.03.1688 Ems M\u00fcller, Johann Wilhelm: Sohn des verst. Konrad M\u00fcller aus Kemmenau; bg. 09.03.1710 Ems, 47 Jahre alt, Gerichtssch\u00f6ffe oo 15.11.1692 Ems (3. Prokl. 13.11.) mit Ulefix, Anna Gertrud: Tochter des verst. Johann Philipp Ulefix, gewesener Gerichtssch\u00f6ffe in Ems 1) Johann Hermann gt. &hellip; <a href=\"https:\/\/www.ahnenforschung-jackmuth.de\/?page_id=3356\" class=\"more-link\"><span class=\"screen-reader-text\">\u201eEms &#8211; M\u00fcller\u201c<\/span> weiterlesen<\/a><\/p>\n","protected":false},"author":1,"featured_media":0,"parent":0,"menu_order":0,"comment_status":"closed","ping_status":"closed","template":"","meta":{"footnotes":""},"class_list":["post-3356","page","type-page","status-publish","hentry"],"_links":{"self":[{"href":"https:\/\/www.ahnenforschung-jackmuth.de\/index.php?rest_route=\/wp\/v2\/pages\/3356","targetHints":{"allow":["GET"]}}],"collection":[{"href":"https:\/\/www.ahnenforschung-jackmuth.de\/index.php?rest_route=\/wp\/v2\/pages"}],"about":[{"href":"https:\/\/www.ahnenforschung-jackmuth.de\/index.php?rest_route=\/wp\/v2\/types\/page"}],"author":[{"embeddable":true,"href":"https:\/\/www.ahnenforschung-jackmuth.de\/index.php?rest_route=\/wp\/v2\/users\/1"}],"replies":[{"embeddable":true,"href":"https:\/\/www.ahnenforschung-jackmuth.de\/index.php?rest_route=%2Fwp%2Fv2%2Fcomments&post=3356"}],"version-history":[{"count":0,"href":"https:\/\/www.ahnenforschung-jackmuth.de\/index.php?rest_route=\/wp\/v2\/pages\/3356\/revisions"}],"wp:attachment":[{"href":"https:\/\/www.ahnenforschung-jackmuth.de\/index.php?rest_route=%2Fwp%2Fv2%2Fmedia&parent=3356"}],"curies":[{"name":"wp","href":"https:\/\/api.w.org\/{rel}","templated":true}]}}

Ems &#8211; Müller

<p><span style="color: #ff0000;"><strong><u>Müller</u></strong><strong>, Tobias:</strong></span> ein fremder, armer Mann, gebürtig zu <em>Francken</em>&lt;&#8230;&gt; in Hessen; bg. 18.03.1688 Ems</p>
<hr />
<p><span style="color: #ff0000;"><strong><u>Müller</u></strong><strong>, Johann Wilhelm:</strong></span> Sohn des verst. Konrad Müller aus Kemmenau; bg. 09.03.1710 Ems, 47 Jahre alt, Gerichtsschöffe</p>
<p><strong>oo 15.11.1692 Ems</strong> (3. Prokl. 13.11.)</p>
<p>mit <strong><u>Ulefix</u>, Anna Gertrud:</strong> Tochter des verst. <a href="http://www.ahnenforschung-jackmuth.de/?page_id=3484">Johann Philipp Ulefix</a>, gewesener Gerichtsschöffe in Ems</p>
<table width="605">
<tbody>
<tr>
<td width="180">1) Johann Hermann</td>
<td width="189">gt. 21.12.1693 Ems</td>
<td width="236">bg. 20.07.1704 Ems</td>
</tr>
<tr>
<td width="180">2) Johann Jakob</td>
<td width="189">gt. 26.01.1696 Ems<br />
konf. 27.05.1708 (Pfingsten)</td>
<td width="236"></td>
</tr>
<tr>
<td width="180">3) Johann Bartholomäus</td>
<td width="189">gt. 13.03.1698 Ems<br />
konf. 08.06.1710 (Pfingsten)</td>
<td width="236">bg. xx.01.1758 Ems</td>
</tr>
<tr>
<td width="180">4) Maria Elisabeth</td>
<td width="189">gt. 30.03.1701 Ems</td>
<td width="236">bg. 17.06.1701 Ems</td>
</tr>
<tr>
<td width="180">5) Susanna Elisabeth</td>
<td width="189">gt. 24.06.1702 Ems</td>
<td width="236">bg. 27.07.1704 Ems</td>
</tr>
<tr>
<td width="180">6) Johann Philipp</td>
<td width="189">gt. 03.05.1705 Ems</td>
<td width="236">bg. 18.11.1782 Ems</td>
</tr>
<tr>
<td width="180">7) Maria Katharina</td>
<td width="189">gt. 27.04.1708 Ems</td>
<td width="236">bg. 15.10.1710 Ems</td>
</tr>
</tbody>
</table>
<hr />
<p><span style="color: #ff0000;"><strong><u>Müller</u></strong><strong>, Johann Hermann:</strong></span> Sohn des verst. Konrad Müller aus Kemmenau</p>
<p><strong>oo I. 13.04.1700 Ems</strong> (3. Prokl. 12.04.)</p>
<p style="text-align: justify;">mit <strong><u>Kleber geb. Schupp</u>, Maria Elisabeth:</strong> bg. 30.09.1710 Ems, 52 Jahre alt; oo I. 13.11.1683 Ems mit <a href="http://www.ahnenforschung-jackmuth.de/?page_id=3307">Hans Martin Kleber</a></p>
<table width="605">
<tbody>
<tr>
<td width="170">Maria Sophia</td>
<td width="198">gt. 16.01.1701 Ems<br />
konf. 15.05.1712 (Pfingsten)</td>
<td width="236">bg. 24.03.1773 Ems</td>
</tr>
</tbody>
</table>
<p><strong>oo II. 25.08.1711 Ems</strong> (3. Prokl. 23.08.)</p>
<p>mit <strong><u>Schlimgen</u>, Elisabeth Magdalena:</strong> Tochter des verst. <a href="http://www.ahnenforschung-jackmuth.de/?page_id=3422">Georg Philipp Schlimgen</a> aus Ems; gt. 03.08.1684 Ems</p>
<p style="text-align: justify;">Im Pönitentenregister wegen illeg. Kind (KB 1, pag. 832): <em>Anno 1700, den 23ten Maij, war Dom[inica] Exaudi, habe ich, der Pfarrer, auff hochfürst[lichen] Consistorial Befehl, dem Johann Hermann Müller von Kemmenau, wegen ehemals verübter Hurerey, die von ihm abzulegen habende Kirchen-Poenitentz vor dem Kirchen-Convent vnd Seniorn abgenom[m]en vnd, daß solche geschehen, von der Cantzel nachmahlen in der Predigt verkündiget, so dann ihn darauff nach bezeigter Buß zum h[eiligen] Abendmahl zugelassen.</em></p>
<hr />
<p><span style="color: #ff0000;"><strong><u>Müller</u></strong><strong>, Johann Barthel</strong></span></p>
<p>oo mit <strong>Anna Elisabeth</strong></p>
<table width="605">
<tbody>
<tr>
<td width="180">1) Johann Balthasar</td>
<td width="170">gt. 13.11.1722 Ems</td>
<td width="255">bg. 24.08.1790 Ems</td>
</tr>
<tr>
<td width="180">2) Johann Philipp</td>
<td width="170">gt. 11.09.1726 Ems</td>
<td width="255"></td>
</tr>
</tbody>
</table>
<p style="text-align: justify;"><strong>Paten: zu 1) </strong><em>Gevattern sind gewesen: 1) Johannes Zimmerschitt senior; 2) Balthasar Bauer; 3) Maria Gertruda, Johann Jacob Müllers Tochter </em>— <strong>zu 2) </strong><em>Gevattern sind gewesen: 1) Johann Philipps Müller; 2) Philipps Schupp jun[ior]; 3) Louise Magdalena, Servatio Brücken eh[lich]e Haußfrau</em></p>
<hr />
<p style="text-align: justify;"><strong><span style="font-size: 10pt;">Letzte Änderung: 27. April 2019</span></strong><br />
<strong><span style="font-size: 10pt;">Ralph Jackmuth</span></strong></p>

<p>Müller, Tobias: ein fremder, armer Mann, gebürtig zu Francken&lt;&#8230;&gt; in Hessen; bg. 18.03.1688 Ems Müller, Johann Wilhelm: Sohn des verst. Konrad Müller aus Kemmenau; bg. 09.03.1710 Ems, 47 Jahre alt, Gerichtsschöffe oo 15.11.1692 Ems (3. Prokl. 13.11.) mit Ulefix, Anna Gertrud: Tochter des verst. Johann Philipp Ulefix, gewesener Gerichtsschöffe in Ems 1) Johann Hermann gt. &hellip; <a href="https://www.ahnenforschung-jackmuth.de/?page_id=3356" class="more-link"><span class="screen-reader-text">„Ems &#8211; Müller“</span> weiterlesen</a></p>
