{"id":3352,"date":"2019-04-27T13:19:16","date_gmt":"2019-04-27T13:19:16","guid":{"rendered":"http:\/\/www.ahnenforschung-jackmuth.de\/?page_id=3352"},"modified":"2020-08-05T14:26:55","modified_gmt":"2020-08-05T14:26:55","slug":"ems-moeseler-moseler","status":"publish","type":"page","link":"https:\/\/www.ahnenforschung-jackmuth.de\/?page_id=3352","title":{"rendered":"Ems &#8211; M\u00f6seler\/Moseler"},"content":{"rendered":"<p style=\"text-align: justify;\">Ende des 17. Jhs. und Anfang des 18. Jhs. in den Pfarreien Spie\u00df bzw. Oberlahnstein, Nievern, Schweighausen (<em>Moseler<\/em>), Dornholzhausen (<em>M\u00fc\u00dfeler<\/em>) und Ems (<em>M\u00fc\u00dfler<\/em>) belegter Familienname, dessen Ursprung in Filsen (ehem. Pfarrei Boppard) liegt. Ein Philipp <em>Mosel<\/em> aus <em>Fel\u00dfen<\/em> ist 1667 Pate bei <a href=\"http:\/\/www.ahnenforschung-jackmuth.de\/?page_id=2825\">Paul <em>Moseler<\/em><\/a> in Becheln, wohl einem Sohn des Richard Mosel (vgl. Frauenberger: Bopparder B\u00fcrgerbuch, Band 1, Nr. M\/316). Die meisten Zusammenh\u00e4nge sind aufgrund der d\u00fcrftigen kirchlichen Quellenlage, vor allem f\u00fcr die H\u00f6fe der Pfarrei Spie\u00df, unklar.<\/p>\n<hr \/>\n<p style=\"text-align: justify;\"><span style=\"color: #ff0000;\"><strong><u>M\u00f6seler<\/u><\/strong><strong>, Thomas: <\/strong><\/span>Hofmann auf dem Wintersberg (1685), gewesener Hofmann auf dem Wintersberg (1694\/1695), erneuert 1696 die Pacht f\u00fcr den Hof Kirchheimersborn (Pfarrei Oberlahnstein, dann Pfarrei Spie\u00df) mit <em>Max Oppenhausen<\/em> und <em>Michel Bornig; <\/em>wohl Sohn von Peter Mosel in Filsen (ehemals Pfarrei Boppard, heute VG Loreley) und dort * 09.11.1664 (vgl. Frauenberger: Bopparder B\u00fcrgerbuch, Band 1, Nr. M\/316); 1714 bereits verstorben; ist Pate 29.03.1685 bei Barthel Schepp auf dem Emser Bad<\/p>\n<p>oo mit <strong>Eva<\/strong><\/p>\n<table style=\"width: 93.7152%; height: 616px;\" width=\"605\">\n<tbody>\n<tr style=\"height: 112px;\">\n<td style=\"width: 203px; height: 112px;\">1) Katharina<\/td>\n<td style=\"width: 227px; height: 112px;\">* um 1685 (Wintersberg ?)<\/td>\n<td style=\"width: 362px; text-align: justify; height: 112px;\">+ 23.11.1752 Nievern<br \/>\noo um 1701 mit Jean Jacquemotte aus Sart-lez-Spa in Belgien; Familie lebt in <a href=\"http:\/\/www.ahnenforschung-jackmuth.de\/?page_id=103&amp;preview_id=103&amp;preview_nonce=2b204d1771&amp;_thumbnail_id=-1&amp;preview=true\">Nievern<\/a> (OFB Nievern Nr. 926)<\/td>\n<\/tr>\n<tr style=\"height: 56px;\">\n<td style=\"width: 203px; height: 56px;\">2) Gerhard<\/td>\n<td style=\"width: 227px; height: 56px;\"><\/td>\n<td style=\"width: 362px; text-align: justify; height: 56px;\">oo 15.02.1722 Nievern mit Amalia <em>K\u00f6rsener<\/em> (OFB Nievern Nr. 1299)<\/td>\n<\/tr>\n<tr style=\"height: 28px;\">\n<td style=\"width: 203px; height: 28px;\">3) Johann Jakob<\/td>\n<td style=\"width: 227px; height: 28px;\">gt. 05.04.1694 Ems<\/td>\n<td style=\"width: 362px; text-align: justify; height: 28px;\">bg. 11.04.1694 Ems<\/td>\n<\/tr>\n<tr style=\"height: 28px;\">\n<td style=\"width: 203px; height: 28px;\">4) Anna Katharina<\/td>\n<td style=\"width: 227px; height: 28px;\">gt. 01.04.1695 Ems<\/td>\n<td style=\"width: 362px; text-align: justify; height: 28px;\">bg. 03.04.1695 Ems<\/td>\n<\/tr>\n<tr style=\"height: 56px;\">\n<td style=\"width: 203px; height: 56px;\">5) Johannes<\/td>\n<td style=\"width: 227px; height: 56px;\"><\/td>\n<td style=\"width: 362px; text-align: justify; height: 56px;\">oo vor 1705 mit Agnes; Familie lebt in <a href=\"http:\/\/www.ahnenforschung-jackmuth.de\/?page_id=2825\">Becheln<\/a><\/td>\n<\/tr>\n<tr style=\"height: 224px;\">\n<td style=\"width: 203px; height: 224px;\">6) Anna Christina<\/td>\n<td style=\"width: 227px; height: 224px;\"><\/td>\n<td style=\"width: 362px; text-align: justify; height: 224px;\">oo 14.01.1714 Braubach mit &#8230; Henrich <em>Neblung<\/em> aufgrund schriftl. Erlaubnis durch einen Feldwebel im Regiment des Oberst (Philipp Ludwig) Hilchen von Lorch [B\u00fcrgermeister von Koblenz und Kommandant der Festung Ehrenbreitstein, + 14.02.1722], datiert Koblenz, 30.12.1713<\/td>\n<\/tr>\n<tr style=\"height: 56px;\">\n<td style=\"width: 203px; height: 56px;\" width=\"151\">7) Johann Jakob<\/td>\n<td style=\"width: 227px; height: 56px;\" width=\"151\"><\/td>\n<td style=\"width: 362px; height: 56px; text-align: justify;\" width=\"302\">oo mit Elisabeth, 1712-1719 als Beisasse in Geisig (Pfarrei Dornholzhausen)<\/td>\n<\/tr>\n<tr style=\"height: 56px;\">\n<td style=\"width: 203px; height: 56px;\">? Thomas<\/td>\n<td style=\"width: 227px; height: 56px;\"><\/td>\n<td style=\"width: 362px; text-align: justify; height: 56px;\">Pate 1718 bei Jean Jacquemotte in Nievern (<em>adolescens<\/em>)<\/td>\n<\/tr>\n<\/tbody>\n<\/table>\n<p style=\"text-align: justify;\"><span style=\"font-size: 10pt;\">Johann Jakob (Kind Nr. 7) hat Kinder: 1) Maria Apollonia * 18.01.1712 Geisig (gt. 24.01.), Paten: <em>Joh[ann] Peter Stein von M\u00fchlen an der Lohn; Maria Catharina, E&#8230; Waltschmidts <\/em>[?]<em> Tochter von H\u00f6mberg; u. Anna Appolonia, Mosis Nei\u00dfen Tochter <\/em>(Dornholzhausen KB 1, Bild 84 auf archion.de) \u2014 2) Maria Katharina * 20.03.1716 Geisig (gt. 25.03.), Paten: <em>Abine, Hoffmanns in D\u00fcrstheck Sohn; Maria Catharina, Henrich Knechts Tochter zu Geisig; v[nd] Catharina, des Vatters Schwester <\/em>[oo mit Jean Jacquemot] (Dornholzhausen KB 1, Bild 96 auf archion.de) \u2014 3) Johannes * 13.09.1719 Geisig (gt. 17.09.), Paten: <em>Joh[annes] Mu\u00dfeler, ein Beysa\u00df zu Bechel; Joh[ann] Matthi, Hoffman in D\u00fcrstheck; Eva, Leonhard Jagmuts Ehfrau in von Artzbach <\/em>(Dornholzhausen KB 1, Bild 104 auf archion.de)<\/span><\/p>\n<p style=\"text-align: justify;\"><strong>Paten: zu 3) <\/strong><em>Erbettene Tauffpathen sind: Johann Jacob Werner vnd Johann Jacob Br\u00fcck. Die God ist: Elisabetha Catharina, Matth\u00e6i Georg Reiffers, gemeinen Beckers allhier, Eheweib <\/em>\u2014 <strong>zu 4) <\/strong><em>Kranck zur Welt gebohrnes Kindlein in casu necessitatis im Hau\u00df getaufft vnd durch Path vnd God \/: so da sind: Anna Catharina, Johann Nicolai Zimmerschieds Ehefrau, vnd Johannes Zimmerschied :\/ genennet worden: Anna Catharina<\/em><\/p>\n<hr \/>\n<p style=\"text-align: justify;\"><strong><span style=\"font-size: 10pt;\">Letzte \u00c4nderung:5. August 2020<\/span><\/strong><br \/>\n<strong><span style=\"font-size: 10pt;\">Ralph Jackmuth<\/span><\/strong><\/p>\n","protected":false},"excerpt":{"rendered":"<p>Ende des 17. Jhs. und Anfang des 18. Jhs. in den Pfarreien Spie\u00df bzw. Oberlahnstein, Nievern, Schweighausen (Moseler), Dornholzhausen (M\u00fc\u00dfeler) und Ems (M\u00fc\u00dfler) belegter Familienname, dessen Ursprung in Filsen (ehem. Pfarrei Boppard) liegt. Ein Philipp Mosel aus Fel\u00dfen ist 1667 Pate bei Paul Moseler in Becheln, wohl einem Sohn des Richard Mosel (vgl. Frauenberger: Bopparder &hellip; <a href=\"https:\/\/www.ahnenforschung-jackmuth.de\/?page_id=3352\" class=\"more-link\"><span class=\"screen-reader-text\">\u201eEms &#8211; M\u00f6seler\/Moseler\u201c<\/span> weiterlesen<\/a><\/p>\n","protected":false},"author":1,"featured_media":0,"parent":0,"menu_order":0,"comment_status":"closed","ping_status":"closed","template":"","meta":{"footnotes":""},"class_list":["post-3352","page","type-page","status-publish","hentry"],"_links":{"self":[{"href":"https:\/\/www.ahnenforschung-jackmuth.de\/index.php?rest_route=\/wp\/v2\/pages\/3352","targetHints":{"allow":["GET"]}}],"collection":[{"href":"https:\/\/www.ahnenforschung-jackmuth.de\/index.php?rest_route=\/wp\/v2\/pages"}],"about":[{"href":"https:\/\/www.ahnenforschung-jackmuth.de\/index.php?rest_route=\/wp\/v2\/types\/page"}],"author":[{"embeddable":true,"href":"https:\/\/www.ahnenforschung-jackmuth.de\/index.php?rest_route=\/wp\/v2\/users\/1"}],"replies":[{"embeddable":true,"href":"https:\/\/www.ahnenforschung-jackmuth.de\/index.php?rest_route=%2Fwp%2Fv2%2Fcomments&post=3352"}],"version-history":[{"count":0,"href":"https:\/\/www.ahnenforschung-jackmuth.de\/index.php?rest_route=\/wp\/v2\/pages\/3352\/revisions"}],"wp:attachment":[{"href":"https:\/\/www.ahnenforschung-jackmuth.de\/index.php?rest_route=%2Fwp%2Fv2%2Fmedia&parent=3352"}],"curies":[{"name":"wp","href":"https:\/\/api.w.org\/{rel}","templated":true}]}}

Ems &#8211; Möseler/Moseler

<p style="text-align: justify;">Ende des 17. Jhs. und Anfang des 18. Jhs. in den Pfarreien Spieß bzw. Oberlahnstein, Nievern, Schweighausen (<em>Moseler</em>), Dornholzhausen (<em>Müßeler</em>) und Ems (<em>Müßler</em>) belegter Familienname, dessen Ursprung in Filsen (ehem. Pfarrei Boppard) liegt. Ein Philipp <em>Mosel</em> aus <em>Felßen</em> ist 1667 Pate bei <a href="http://www.ahnenforschung-jackmuth.de/?page_id=2825">Paul <em>Moseler</em></a> in Becheln, wohl einem Sohn des Richard Mosel (vgl. Frauenberger: Bopparder Bürgerbuch, Band 1, Nr. M/316). Die meisten Zusammenhänge sind aufgrund der dürftigen kirchlichen Quellenlage, vor allem für die Höfe der Pfarrei Spieß, unklar.</p>
<hr />
<p style="text-align: justify;"><span style="color: #ff0000;"><strong><u>Möseler</u></strong><strong>, Thomas: </strong></span>Hofmann auf dem Wintersberg (1685), gewesener Hofmann auf dem Wintersberg (1694/1695), erneuert 1696 die Pacht für den Hof Kirchheimersborn (Pfarrei Oberlahnstein, dann Pfarrei Spieß) mit <em>Max Oppenhausen</em> und <em>Michel Bornig; </em>wohl Sohn von Peter Mosel in Filsen (ehemals Pfarrei Boppard, heute VG Loreley) und dort * 09.11.1664 (vgl. Frauenberger: Bopparder Bürgerbuch, Band 1, Nr. M/316); 1714 bereits verstorben; ist Pate 29.03.1685 bei Barthel Schepp auf dem Emser Bad</p>
<p>oo mit <strong>Eva</strong></p>
<table style="width: 93.7152%; height: 616px;" width="605">
<tbody>
<tr style="height: 112px;">
<td style="width: 203px; height: 112px;">1) Katharina</td>
<td style="width: 227px; height: 112px;">* um 1685 (Wintersberg ?)</td>
<td style="width: 362px; text-align: justify; height: 112px;">+ 23.11.1752 Nievern<br />
oo um 1701 mit Jean Jacquemotte aus Sart-lez-Spa in Belgien; Familie lebt in <a href="http://www.ahnenforschung-jackmuth.de/?page_id=103&amp;preview_id=103&amp;preview_nonce=2b204d1771&amp;_thumbnail_id=-1&amp;preview=true">Nievern</a> (OFB Nievern Nr. 926)</td>
</tr>
<tr style="height: 56px;">
<td style="width: 203px; height: 56px;">2) Gerhard</td>
<td style="width: 227px; height: 56px;"></td>
<td style="width: 362px; text-align: justify; height: 56px;">oo 15.02.1722 Nievern mit Amalia <em>Körsener</em> (OFB Nievern Nr. 1299)</td>
</tr>
<tr style="height: 28px;">
<td style="width: 203px; height: 28px;">3) Johann Jakob</td>
<td style="width: 227px; height: 28px;">gt. 05.04.1694 Ems</td>
<td style="width: 362px; text-align: justify; height: 28px;">bg. 11.04.1694 Ems</td>
</tr>
<tr style="height: 28px;">
<td style="width: 203px; height: 28px;">4) Anna Katharina</td>
<td style="width: 227px; height: 28px;">gt. 01.04.1695 Ems</td>
<td style="width: 362px; text-align: justify; height: 28px;">bg. 03.04.1695 Ems</td>
</tr>
<tr style="height: 56px;">
<td style="width: 203px; height: 56px;">5) Johannes</td>
<td style="width: 227px; height: 56px;"></td>
<td style="width: 362px; text-align: justify; height: 56px;">oo vor 1705 mit Agnes; Familie lebt in <a href="http://www.ahnenforschung-jackmuth.de/?page_id=2825">Becheln</a></td>
</tr>
<tr style="height: 224px;">
<td style="width: 203px; height: 224px;">6) Anna Christina</td>
<td style="width: 227px; height: 224px;"></td>
<td style="width: 362px; text-align: justify; height: 224px;">oo 14.01.1714 Braubach mit &#8230; Henrich <em>Neblung</em> aufgrund schriftl. Erlaubnis durch einen Feldwebel im Regiment des Oberst (Philipp Ludwig) Hilchen von Lorch [Bürgermeister von Koblenz und Kommandant der Festung Ehrenbreitstein, + 14.02.1722], datiert Koblenz, 30.12.1713</td>
</tr>
<tr style="height: 56px;">
<td style="width: 203px; height: 56px;" width="151">7) Johann Jakob</td>
<td style="width: 227px; height: 56px;" width="151"></td>
<td style="width: 362px; height: 56px; text-align: justify;" width="302">oo mit Elisabeth, 1712-1719 als Beisasse in Geisig (Pfarrei Dornholzhausen)</td>
</tr>
<tr style="height: 56px;">
<td style="width: 203px; height: 56px;">? Thomas</td>
<td style="width: 227px; height: 56px;"></td>
<td style="width: 362px; text-align: justify; height: 56px;">Pate 1718 bei Jean Jacquemotte in Nievern (<em>adolescens</em>)</td>
</tr>
</tbody>
</table>
<p style="text-align: justify;"><span style="font-size: 10pt;">Johann Jakob (Kind Nr. 7) hat Kinder: 1) Maria Apollonia * 18.01.1712 Geisig (gt. 24.01.), Paten: <em>Joh[ann] Peter Stein von Mühlen an der Lohn; Maria Catharina, E&#8230; Waltschmidts </em>[?]<em> Tochter von Hömberg; u. Anna Appolonia, Mosis Neißen Tochter </em>(Dornholzhausen KB 1, Bild 84 auf archion.de) — 2) Maria Katharina * 20.03.1716 Geisig (gt. 25.03.), Paten: <em>Abine, Hoffmanns in Dürstheck Sohn; Maria Catharina, Henrich Knechts Tochter zu Geisig; v[nd] Catharina, des Vatters Schwester </em>[oo mit Jean Jacquemot] (Dornholzhausen KB 1, Bild 96 auf archion.de) — 3) Johannes * 13.09.1719 Geisig (gt. 17.09.), Paten: <em>Joh[annes] Mußeler, ein Beysaß zu Bechel; Joh[ann] Matthi, Hoffman in Dürstheck; Eva, Leonhard Jagmuts Ehfrau in von Artzbach </em>(Dornholzhausen KB 1, Bild 104 auf archion.de)</span></p>
<p style="text-align: justify;"><strong>Paten: zu 3) </strong><em>Erbettene Tauffpathen sind: Johann Jacob Werner vnd Johann Jacob Brück. Die God ist: Elisabetha Catharina, Matthæi Georg Reiffers, gemeinen Beckers allhier, Eheweib </em>— <strong>zu 4) </strong><em>Kranck zur Welt gebohrnes Kindlein in casu necessitatis im Hauß getaufft vnd durch Path vnd God /: so da sind: Anna Catharina, Johann Nicolai Zimmerschieds Ehefrau, vnd Johannes Zimmerschied :/ genennet worden: Anna Catharina</em></p>
<hr />
<p style="text-align: justify;"><strong><span style="font-size: 10pt;">Letzte Änderung:5. August 2020</span></strong><br />
<strong><span style="font-size: 10pt;">Ralph Jackmuth</span></strong></p>

<p>Ende des 17. Jhs. und Anfang des 18. Jhs. in den Pfarreien Spieß bzw. Oberlahnstein, Nievern, Schweighausen (Moseler), Dornholzhausen (Müßeler) und Ems (Müßler) belegter Familienname, dessen Ursprung in Filsen (ehem. Pfarrei Boppard) liegt. Ein Philipp Mosel aus Felßen ist 1667 Pate bei Paul Moseler in Becheln, wohl einem Sohn des Richard Mosel (vgl. Frauenberger: Bopparder &hellip; <a href="https://www.ahnenforschung-jackmuth.de/?page_id=3352" class="more-link"><span class="screen-reader-text">„Ems &#8211; Möseler/Moseler“</span> weiterlesen</a></p>
