{"id":3342,"date":"2019-04-27T13:11:52","date_gmt":"2019-04-27T13:11:52","guid":{"rendered":"http:\/\/www.ahnenforschung-jackmuth.de\/?page_id=3342"},"modified":"2019-04-28T12:04:59","modified_gmt":"2019-04-28T12:04:59","slug":"ems-mahl","status":"publish","type":"page","link":"https:\/\/www.ahnenforschung-jackmuth.de\/?page_id=3342","title":{"rendered":"Ems &#8211; Mahl"},"content":{"rendered":"<p style=\"text-align: justify;\"><span style=\"color: #ff0000;\"><strong><u>Mahl<\/u><\/strong><strong>, Johann Martin:<\/strong><\/span> ein Zimmermann in Ems, Soldat der kurtr. Kompanie unter Obristwachtmeister <em>Littigs<\/em> (1693)<\/p>\n<p><strong>oo 22.08.1693 Ems<\/strong><\/p>\n<p>mit <strong><u>Bernd<\/u>, Anna Margaretha:<\/strong> Stieftochter des <a href=\"http:\/\/www.ahnenforschung-jackmuth.de\/?page_id=3212\">Wilhelm Euler<\/a> aus Ems<\/p>\n<table width=\"605\">\n<tbody>\n<tr>\n<td width=\"170\">1) Johann Jakob<\/td>\n<td width=\"189\">gt. 17.12.1693 Ems<br \/>\nkonf. 23.05.1706 (Pfingsten)<\/td>\n<td width=\"246\"><\/td>\n<\/tr>\n<tr>\n<td width=\"170\">2) Elisabeth Katharina<\/td>\n<td width=\"189\">gt. 23.06.1695 Ems<\/td>\n<td width=\"246\">bg. 09.08.1695 Ems<\/td>\n<\/tr>\n<tr>\n<td width=\"170\">3) Johann Gottfried<\/td>\n<td width=\"189\">gt. 25.07.1696 Ems<br \/>\nkonf. 27.05.1708 (Pfingsten)<\/td>\n<td width=\"246\"><\/td>\n<\/tr>\n<tr>\n<td width=\"170\">4) Maria Magdalena<\/td>\n<td width=\"189\">gt. 30.10.1698 Ems<br \/>\nkonf. 24.05.1711 (Pfingsten)<\/td>\n<td width=\"246\"><\/td>\n<\/tr>\n<tr>\n<td width=\"170\">5) Johann Peter<\/td>\n<td width=\"189\">gt. 24.07.1701 Ems<\/td>\n<td width=\"246\"><\/td>\n<\/tr>\n<tr>\n<td width=\"170\">6) Johann Christoph<\/td>\n<td width=\"189\">gt. 24.08.1704 Ems<\/td>\n<td width=\"246\"><\/td>\n<\/tr>\n<tr>\n<td width=\"170\">7) Johann Philipp<\/td>\n<td width=\"189\">gt. 03.04.1707 Ems<\/td>\n<td width=\"246\"><\/td>\n<\/tr>\n<tr>\n<td width=\"170\">8) Johann Martin<\/td>\n<td width=\"189\">gt. 24.06.1710 Ems<\/td>\n<td width=\"246\"><\/td>\n<\/tr>\n<\/tbody>\n<\/table>\n<p style=\"text-align: justify;\"><strong>Paten: zu 1) <\/strong><em>Tauffpathen sind: Johann Georg Wilhelm Eulers Sohn vnd Joh[ann] Jacob Werner. Die God ist: Maria Elisabetha, Peter Trauten uxor <\/em>\u2014 <strong>zu 2) <\/strong><em>Tauffgoden sind: Anna Catharina, Jacob Simons Tochter, vnd Elisabetha Catharina, Matth\u00e6i Georg Reiffers, gemeinen Beckers allhier, Hau\u00dffrau. Der Path ist: Conrad Reiffer auff dem Baad <\/em>\u2014 <strong>zu 3) <\/strong><em>Tauffpathen sind: Gottfried Euler vnd Johann Ambrosius. Die God ist: Eva Rosina Margretha, H[err] Philips Carl Bernden, wohlbestellten Einsp&lt;&#8230;&gt; beym Rath zu F[rank]furt am Mayn Hau\u00dffrau, vor welche, weilen sie abwesend, gestanden Elisabetha Catharina, Matth\u00e6i Georg Reiffers Eheweib allhier <\/em>\u2014 <strong>zu 4) <\/strong><em>Tauff-Goden sind: Anna Rosina Magdalena, Johannis Ambrosij, des Oleschl\u00e4gers Hau\u00dffrau, vnd Maria Catharina, Velten D\u00f6rnhheffers, eines Einwohners allhier, Eheweib. Der Path ist: Johann Jacob, Hans Jacob Schuppen, einen gemeinen Vorstehers allhier, Sohn <\/em>\u2014 <strong>zu 5) <\/strong><em>Tauffpathen sind: Johann Peter W\u00fcrtz, ein Becker dahier &lt;zu&gt; Embs, vnd Engel Herrscher, ein di\u00dfmals hier sich auffhaltender Becker-Gesell, geb\u00fcrtig zu Sinzig bey Lintz im Neub\u00fcrg&lt;ischen&gt;. Die God ist: Margretha Catharina, Johann Jacob Scheffers allhier Eheweib <\/em>\u2014 <strong>zu 6) <\/strong><em>Tauffpathen sind: H[err] Johann Christoph Her&lt;mann&gt;, ein Barbier auff dem Baad, vnd Jo&lt;hann&gt; Georg Traut dahier zu Embs. Die God &lt;ist&gt;: Anna Christina Eulerin allhier <\/em>\u2014 <strong>zu 7) <\/strong><em>Tauffpathen sind: Johann Philips Rehemann, ein hiesiger Schuster, vnd Johann Philips Eichholtz, ein Einwohner v[nd] Gerichts-Sch\u00f6pff dahier zu Embs. Die God ist: Anna Gerdraut, Jacob Simons Tochter <\/em>\u2014 <strong>zu 8) <\/strong><em>Tauffpathen sind: Johann Jacob, Gottfried Reinhards, eines hiesigen Schustes Sohn, vnd Johann Martin, Joh[ann] Jacob Scheffers, eines allhiesigen Einwohners, Sohn. Die God ist: Maria Magdalena, wei[land] Johann Georg Kochen, eines hier gewesenen Schmitts, hinterlassene Tochter<\/em><\/p>\n<p style=\"text-align: justify;\">Im P\u00f6nitentenregister wegen Ehe kurz vor der Geburt (KB 1, pag. 827): <em>In festo St. Michaelis 1694 sind finitis sacris in templo Johann Martin Mahl vnd Anna Margaretha, sein Eheweib, welche so fr\u00fche beygeschlaffen, da\u00df 4 Monat nach ihrer ehe[lichen] Copulation das Kind zur Welt gebohren worden, propter spem conversionis favorem matrimonij &#8230;lias ra[ti]ones vor den Pfarrer, Kirchen-\u00c4ltesten vnd \u00e4lteste GerichtsPersonen gefordert, mit ihnen secundum legem &amp; testimonium gehandelt vnd damit einer offent[lichen] Kirchen-Poenitentz nicht vngleich verfahren worden.<\/em><\/p>\n<hr \/>\n<p style=\"text-align: justify;\"><strong><span style=\"font-size: 10pt;\">Letzte \u00c4nderung: 27. April 2019<\/span><\/strong><br \/>\n<strong><span style=\"font-size: 10pt;\">Ralph Jackmuth<\/span><\/strong><\/p>\n","protected":false},"excerpt":{"rendered":"<p>Mahl, Johann Martin: ein Zimmermann in Ems, Soldat der kurtr. Kompanie unter Obristwachtmeister Littigs (1693) oo 22.08.1693 Ems mit Bernd, Anna Margaretha: Stieftochter des Wilhelm Euler aus Ems 1) Johann Jakob gt. 17.12.1693 Ems konf. 23.05.1706 (Pfingsten) 2) Elisabeth Katharina gt. 23.06.1695 Ems bg. 09.08.1695 Ems 3) Johann Gottfried gt. 25.07.1696 Ems konf. 27.05.1708 (Pfingsten) &hellip; <a href=\"https:\/\/www.ahnenforschung-jackmuth.de\/?page_id=3342\" class=\"more-link\"><span class=\"screen-reader-text\">\u201eEms &#8211; Mahl\u201c<\/span> weiterlesen<\/a><\/p>\n","protected":false},"author":1,"featured_media":0,"parent":0,"menu_order":0,"comment_status":"closed","ping_status":"closed","template":"","meta":{"footnotes":""},"class_list":["post-3342","page","type-page","status-publish","hentry"],"_links":{"self":[{"href":"https:\/\/www.ahnenforschung-jackmuth.de\/index.php?rest_route=\/wp\/v2\/pages\/3342","targetHints":{"allow":["GET"]}}],"collection":[{"href":"https:\/\/www.ahnenforschung-jackmuth.de\/index.php?rest_route=\/wp\/v2\/pages"}],"about":[{"href":"https:\/\/www.ahnenforschung-jackmuth.de\/index.php?rest_route=\/wp\/v2\/types\/page"}],"author":[{"embeddable":true,"href":"https:\/\/www.ahnenforschung-jackmuth.de\/index.php?rest_route=\/wp\/v2\/users\/1"}],"replies":[{"embeddable":true,"href":"https:\/\/www.ahnenforschung-jackmuth.de\/index.php?rest_route=%2Fwp%2Fv2%2Fcomments&post=3342"}],"version-history":[{"count":0,"href":"https:\/\/www.ahnenforschung-jackmuth.de\/index.php?rest_route=\/wp\/v2\/pages\/3342\/revisions"}],"wp:attachment":[{"href":"https:\/\/www.ahnenforschung-jackmuth.de\/index.php?rest_route=%2Fwp%2Fv2%2Fmedia&parent=3342"}],"curies":[{"name":"wp","href":"https:\/\/api.w.org\/{rel}","templated":true}]}}

<p style="text-align: justify;"><span style="color: #ff0000;"><strong><u>Mahl</u></strong><strong>, Johann Martin:</strong></span> ein Zimmermann in Ems, Soldat der kurtr. Kompanie unter Obristwachtmeister <em>Littigs</em> (1693)</p>
<p><strong>oo 22.08.1693 Ems</strong></p>
<p>mit <strong><u>Bernd</u>, Anna Margaretha:</strong> Stieftochter des <a href="http://www.ahnenforschung-jackmuth.de/?page_id=3212">Wilhelm Euler</a> aus Ems</p>
<table width="605">
<tbody>
<tr>
<td width="170">1) Johann Jakob</td>
<td width="189">gt. 17.12.1693 Ems<br />
konf. 23.05.1706 (Pfingsten)</td>
<td width="246"></td>
</tr>
<tr>
<td width="170">2) Elisabeth Katharina</td>
<td width="189">gt. 23.06.1695 Ems</td>
<td width="246">bg. 09.08.1695 Ems</td>
</tr>
<tr>
<td width="170">3) Johann Gottfried</td>
<td width="189">gt. 25.07.1696 Ems<br />
konf. 27.05.1708 (Pfingsten)</td>
<td width="246"></td>
</tr>
<tr>
<td width="170">4) Maria Magdalena</td>
<td width="189">gt. 30.10.1698 Ems<br />
konf. 24.05.1711 (Pfingsten)</td>
<td width="246"></td>
</tr>
<tr>
<td width="170">5) Johann Peter</td>
<td width="189">gt. 24.07.1701 Ems</td>
<td width="246"></td>
</tr>
<tr>
<td width="170">6) Johann Christoph</td>
<td width="189">gt. 24.08.1704 Ems</td>
<td width="246"></td>
</tr>
<tr>
<td width="170">7) Johann Philipp</td>
<td width="189">gt. 03.04.1707 Ems</td>
<td width="246"></td>
</tr>
<tr>
<td width="170">8) Johann Martin</td>
<td width="189">gt. 24.06.1710 Ems</td>
<td width="246"></td>
</tr>
</tbody>
</table>
<p style="text-align: justify;"><strong>Paten: zu 1) </strong><em>Tauffpathen sind: Johann Georg Wilhelm Eulers Sohn vnd Joh[ann] Jacob Werner. Die God ist: Maria Elisabetha, Peter Trauten uxor </em>— <strong>zu 2) </strong><em>Tauffgoden sind: Anna Catharina, Jacob Simons Tochter, vnd Elisabetha Catharina, Matthæi Georg Reiffers, gemeinen Beckers allhier, Haußfrau. Der Path ist: Conrad Reiffer auff dem Baad </em>— <strong>zu 3) </strong><em>Tauffpathen sind: Gottfried Euler vnd Johann Ambrosius. Die God ist: Eva Rosina Margretha, H[err] Philips Carl Bernden, wohlbestellten Einsp&lt;&#8230;&gt; beym Rath zu F[rank]furt am Mayn Haußfrau, vor welche, weilen sie abwesend, gestanden Elisabetha Catharina, Matthæi Georg Reiffers Eheweib allhier </em>— <strong>zu 4) </strong><em>Tauff-Goden sind: Anna Rosina Magdalena, Johannis Ambrosij, des Oleschlägers Haußfrau, vnd Maria Catharina, Velten Dörnhheffers, eines Einwohners allhier, Eheweib. Der Path ist: Johann Jacob, Hans Jacob Schuppen, einen gemeinen Vorstehers allhier, Sohn </em>— <strong>zu 5) </strong><em>Tauffpathen sind: Johann Peter Würtz, ein Becker dahier &lt;zu&gt; Embs, vnd Engel Herrscher, ein dißmals hier sich auffhaltender Becker-Gesell, gebürtig zu Sinzig bey Lintz im Neubürg&lt;ischen&gt;. Die God ist: Margretha Catharina, Johann Jacob Scheffers allhier Eheweib </em>— <strong>zu 6) </strong><em>Tauffpathen sind: H[err] Johann Christoph Her&lt;mann&gt;, ein Barbier auff dem Baad, vnd Jo&lt;hann&gt; Georg Traut dahier zu Embs. Die God &lt;ist&gt;: Anna Christina Eulerin allhier </em>— <strong>zu 7) </strong><em>Tauffpathen sind: Johann Philips Rehemann, ein hiesiger Schuster, vnd Johann Philips Eichholtz, ein Einwohner v[nd] Gerichts-Schöpff dahier zu Embs. Die God ist: Anna Gerdraut, Jacob Simons Tochter </em>— <strong>zu 8) </strong><em>Tauffpathen sind: Johann Jacob, Gottfried Reinhards, eines hiesigen Schustes Sohn, vnd Johann Martin, Joh[ann] Jacob Scheffers, eines allhiesigen Einwohners, Sohn. Die God ist: Maria Magdalena, wei[land] Johann Georg Kochen, eines hier gewesenen Schmitts, hinterlassene Tochter</em></p>
<p style="text-align: justify;">Im Pönitentenregister wegen Ehe kurz vor der Geburt (KB 1, pag. 827): <em>In festo St. Michaelis 1694 sind finitis sacris in templo Johann Martin Mahl vnd Anna Margaretha, sein Eheweib, welche so frühe beygeschlaffen, daß 4 Monat nach ihrer ehe[lichen] Copulation das Kind zur Welt gebohren worden, propter spem conversionis favorem matrimonij &#8230;lias ra[ti]ones vor den Pfarrer, Kirchen-Ältesten vnd älteste GerichtsPersonen gefordert, mit ihnen secundum legem &amp; testimonium gehandelt vnd damit einer offent[lichen] Kirchen-Poenitentz nicht vngleich verfahren worden.</em></p>
<hr />
<p style="text-align: justify;"><strong><span style="font-size: 10pt;">Letzte Änderung: 27. April 2019</span></strong><br />
<strong><span style="font-size: 10pt;">Ralph Jackmuth</span></strong></p>
