{"id":3339,"date":"2019-04-27T12:30:16","date_gmt":"2019-04-27T12:30:16","guid":{"rendered":"http:\/\/www.ahnenforschung-jackmuth.de\/?page_id=3339"},"modified":"2019-04-27T12:30:16","modified_gmt":"2019-04-27T12:30:16","slug":"ems-leyendecker","status":"publish","type":"page","link":"https:\/\/www.ahnenforschung-jackmuth.de\/?page_id=3339","title":{"rendered":"Ems &#8211; Leyendecker"},"content":{"rendered":"<p><span style=\"color: #ff0000;\"><strong><u>Leyendecker<\/u><\/strong><strong> (<em>Leyendeck<\/em>), Velten:<\/strong><\/span> zur Zeit Schweinehirt und Kuhhirt in Ems<\/p>\n<p>oo mit <strong>Anna Katharina<\/strong><\/p>\n<table width=\"605\">\n<tbody>\n<tr>\n<td style=\"width: 236px;\">1) Anna Klara<\/td>\n<td style=\"width: 191.05px;\"><\/td>\n<td style=\"text-align: justify; width: 366.95px;\">oo (3. Prokl. 31.08.1710 Ems) mit Johann Georg <em>N\u00f6th<\/em> aus Limburg<\/td>\n<\/tr>\n<tr>\n<td style=\"width: 236px;\">2) Johannes<\/td>\n<td style=\"width: 191.05px;\">gt. 12.12.1706 Ems<\/td>\n<td style=\"width: 366.95px;\"><\/td>\n<\/tr>\n<tr>\n<td style=\"width: 236px;\">3) Johann Valentin<\/td>\n<td style=\"width: 191.05px;\">gt. 12.03.1710 Ems<\/td>\n<td style=\"width: 366.95px;\"><\/td>\n<\/tr>\n<\/tbody>\n<\/table>\n<p style=\"text-align: justify;\"><strong>Paten: zu 2) <\/strong><em>Tauffpathen sind: Johann &lt;Peter&gt; W\u00fcrtz, ein hiesiger Becker, vnd Johann Otto J\u00e4ger, ein Einwohner dahier zu Embs. Die God ist: Anna Maria, Peter Krempers Stifftochter <\/em>\u2014 <strong>zu 3) <\/strong><em>Tauffpathen sind: Johann Henrich, wei[land] Joh[ann] Philips Eichholtz \u00e4ltister Sohn, vnd Joh[ann] Velten D\u00f6rnheffer, Einwohner allhier. Die God ist: Anna Maria, Joh[ann] Adam Schmitten, eines allhiesigen M\u00fcllers Eheweib<\/em><em>\u00a0<\/em><\/p>\n<hr \/>\n<p style=\"text-align: justify;\"><strong><span style=\"font-size: 10pt;\">Letzte \u00c4nderung: 27. April 2019<\/span><\/strong><br \/>\n<strong><span style=\"font-size: 10pt;\">Ralph Jackmuth<\/span><\/strong><\/p>\n","protected":false},"excerpt":{"rendered":"<p>Leyendecker (Leyendeck), Velten: zur Zeit Schweinehirt und Kuhhirt in Ems oo mit Anna Katharina 1) Anna Klara oo (3. Prokl. 31.08.1710 Ems) mit Johann Georg N\u00f6th aus Limburg 2) Johannes gt. 12.12.1706 Ems 3) Johann Valentin gt. 12.03.1710 Ems Paten: zu 2) Tauffpathen sind: Johann &lt;Peter&gt; W\u00fcrtz, ein hiesiger Becker, vnd Johann Otto J\u00e4ger, ein &hellip; <a href=\"https:\/\/www.ahnenforschung-jackmuth.de\/?page_id=3339\" class=\"more-link\"><span class=\"screen-reader-text\">\u201eEms &#8211; Leyendecker\u201c<\/span> weiterlesen<\/a><\/p>\n","protected":false},"author":1,"featured_media":0,"parent":0,"menu_order":0,"comment_status":"closed","ping_status":"closed","template":"","meta":{"footnotes":""},"class_list":["post-3339","page","type-page","status-publish","hentry"],"_links":{"self":[{"href":"https:\/\/www.ahnenforschung-jackmuth.de\/index.php?rest_route=\/wp\/v2\/pages\/3339","targetHints":{"allow":["GET"]}}],"collection":[{"href":"https:\/\/www.ahnenforschung-jackmuth.de\/index.php?rest_route=\/wp\/v2\/pages"}],"about":[{"href":"https:\/\/www.ahnenforschung-jackmuth.de\/index.php?rest_route=\/wp\/v2\/types\/page"}],"author":[{"embeddable":true,"href":"https:\/\/www.ahnenforschung-jackmuth.de\/index.php?rest_route=\/wp\/v2\/users\/1"}],"replies":[{"embeddable":true,"href":"https:\/\/www.ahnenforschung-jackmuth.de\/index.php?rest_route=%2Fwp%2Fv2%2Fcomments&post=3339"}],"version-history":[{"count":0,"href":"https:\/\/www.ahnenforschung-jackmuth.de\/index.php?rest_route=\/wp\/v2\/pages\/3339\/revisions"}],"wp:attachment":[{"href":"https:\/\/www.ahnenforschung-jackmuth.de\/index.php?rest_route=%2Fwp%2Fv2%2Fmedia&parent=3339"}],"curies":[{"name":"wp","href":"https:\/\/api.w.org\/{rel}","templated":true}]}}

<p><span style="color: #ff0000;"><strong><u>Leyendecker</u></strong><strong> (<em>Leyendeck</em>), Velten:</strong></span> zur Zeit Schweinehirt und Kuhhirt in Ems</p>
<p>oo mit <strong>Anna Katharina</strong></p>
<table width="605">
<tbody>
<tr>
<td style="width: 236px;">1) Anna Klara</td>
<td style="width: 191.05px;"></td>
<td style="text-align: justify; width: 366.95px;">oo (3. Prokl. 31.08.1710 Ems) mit Johann Georg <em>Nöth</em> aus Limburg</td>
</tr>
<tr>
<td style="width: 236px;">2) Johannes</td>
<td style="width: 191.05px;">gt. 12.12.1706 Ems</td>
<td style="width: 366.95px;"></td>
</tr>
<tr>
<td style="width: 236px;">3) Johann Valentin</td>
<td style="width: 191.05px;">gt. 12.03.1710 Ems</td>
<td style="width: 366.95px;"></td>
</tr>
</tbody>
</table>
<p style="text-align: justify;"><strong>Paten: zu 2) </strong><em>Tauffpathen sind: Johann &lt;Peter&gt; Würtz, ein hiesiger Becker, vnd Johann Otto Jäger, ein Einwohner dahier zu Embs. Die God ist: Anna Maria, Peter Krempers Stifftochter </em>— <strong>zu 3) </strong><em>Tauffpathen sind: Johann Henrich, wei[land] Joh[ann] Philips Eichholtz ältister Sohn, vnd Joh[ann] Velten Dörnheffer, Einwohner allhier. Die God ist: Anna Maria, Joh[ann] Adam Schmitten, eines allhiesigen Müllers Eheweib</em><em> </em></p>
<hr />
<p style="text-align: justify;"><strong><span style="font-size: 10pt;">Letzte Änderung: 27. April 2019</span></strong><br />
<strong><span style="font-size: 10pt;">Ralph Jackmuth</span></strong></p>

<p>Leyendecker (Leyendeck), Velten: zur Zeit Schweinehirt und Kuhhirt in Ems oo mit Anna Katharina 1) Anna Klara oo (3. Prokl. 31.08.1710 Ems) mit Johann Georg Nöth aus Limburg 2) Johannes gt. 12.12.1706 Ems 3) Johann Valentin gt. 12.03.1710 Ems Paten: zu 2) Tauffpathen sind: Johann &lt;Peter&gt; Würtz, ein hiesiger Becker, vnd Johann Otto Jäger, ein &hellip; <a href="https://www.ahnenforschung-jackmuth.de/?page_id=3339" class="more-link"><span class="screen-reader-text">„Ems &#8211; Leyendecker“</span> weiterlesen</a></p>
