{"id":3325,"date":"2019-04-27T12:09:27","date_gmt":"2019-04-27T12:09:27","guid":{"rendered":"http:\/\/www.ahnenforschung-jackmuth.de\/?page_id=3325"},"modified":"2019-04-27T12:10:05","modified_gmt":"2019-04-27T12:10:05","slug":"ems-lehmler","status":"publish","type":"page","link":"https:\/\/www.ahnenforschung-jackmuth.de\/?page_id=3325","title":{"rendered":"Ems &#8211; Lehmler"},"content":{"rendered":"<p><span style=\"color: #ff0000;\"><strong><u>Lehmler<\/u><\/strong><strong>, Johannes<\/strong><\/span><\/p>\n<p>oo mit <strong>N. N.<\/strong><\/p>\n<table width=\"614\">\n<tbody>\n<tr>\n<td width=\"170\">1) Hans Jakob<\/td>\n<td width=\"123\"><\/td>\n<td width=\"321\">oo vor 1683 mit Anna Sophia<\/td>\n<\/tr>\n<tr>\n<td width=\"170\">2) Johann Georg<\/td>\n<td width=\"123\"><\/td>\n<td width=\"321\">oo xx.02.1686 Ems mit Gertrud Katharina &#8230;<\/td>\n<\/tr>\n<\/tbody>\n<\/table>\n<hr \/>\n<p><span style=\"color: #ff0000;\"><strong><u>Lehmler<\/u><\/strong><strong>, Jost:<\/strong> <\/span>in den Krieg gezogen<\/p>\n<p>o-o mit <strong><u>Dick<\/u>, Elisabeth:<\/strong> Witwe aus Dierdorf-Giershofen (Lkr. Neuwied)<\/p>\n<p style=\"text-align: justify;\">Im P\u00f6nitentenregister wegen illeg. Kind (KB 1, pag. 826): <em>Den 24ten Martij, war Gr\u00fcn-Donnerstag 1692, hat die Wittib Elisabetha Dickin von Girschhofen au\u00df dem Ambt Dierdorff wegen ver\u00fcbter Vnzucht vnd Hurerey, in dem sie sich mit Jost Lemlern, so in Krieg gezogen, zur Vngeb\u00fchr fleischlichen vermischet vnd ein Kind zur Welt gebohren, ihre offent[liche] Kirchen-Poenitentz gethan vnd gehorsamb[lichen] abgelegt.<\/em><\/p>\n<hr \/>\n<p><span style=\"color: #ff0000;\"><strong><u>Lehmler<\/u><\/strong><strong>, Hans Jakob:<\/strong> <\/span>Sohn des verst. Johannes Lehmler; bg. 28.04.1700 Ems, 56 Jahre alt, Ackersmann<\/p>\n<p>oo vor 1683 mit <strong>Anna Sophia<\/strong><\/p>\n<table width=\"614\">\n<tbody>\n<tr>\n<td width=\"151\">1) Maria Elisabeth<\/td>\n<td width=\"217\">konf. 15.05.1692 (Pfingsten)<\/td>\n<td width=\"246\">hat 1712 illeg. Kind<\/td>\n<\/tr>\n<tr>\n<td width=\"151\">2) Johann Jakob<\/td>\n<td width=\"217\">konf. 31.05.1696 (Pfingsten)<\/td>\n<td style=\"text-align: justify;\" width=\"246\">oo 30.12.1710 Ems mit Elisbabeth Katharina <em>Baues<\/em> aus Fr\u00fccht<\/td>\n<\/tr>\n<tr>\n<td width=\"151\">3) Anna Magdalena<\/td>\n<td width=\"217\">gt. 07.12.1684 Ems (Dom. 2 Adv.)<br \/>\nkonf. 28.05.1699 (Pfingsten)<\/td>\n<td width=\"246\"><\/td>\n<\/tr>\n<tr>\n<td width=\"151\">4) Johann Georg<\/td>\n<td width=\"217\">gt. 29.09.1686 Ems<br \/>\nkonf. 15.05.1701 (Pfingsten)<\/td>\n<td width=\"246\"><\/td>\n<\/tr>\n<tr>\n<td width=\"151\">5) Anna Philippina<\/td>\n<td width=\"217\">gt. 13.10.1689 Ems<br \/>\nkonf. 27.05.1703 (Pfingsten)<\/td>\n<td width=\"246\">bg. 25.11.1764 Ems<\/td>\n<\/tr>\n<tr>\n<td width=\"151\">6) Maria Gertrud<\/td>\n<td width=\"217\">gt. 18.04.1693 Ems<br \/>\nkonf. 31.05.1705 (Pfingsten)<\/td>\n<td width=\"246\">bg. xx.05.1748 Ems<\/td>\n<\/tr>\n<tr>\n<td width=\"151\">7) Johann Henrich<\/td>\n<td width=\"217\">gt. 02.07.1696 Ems<br \/>\nkonf. 08.06.1710 (Pfingsten)<\/td>\n<td width=\"246\">bg. 08.08.1751 Ems<\/td>\n<\/tr>\n<\/tbody>\n<\/table>\n<p style=\"text-align: justify;\"><strong>Paten: zu 3) <\/strong><em>Gevattern waren: 1) Elisabetha Magdalena, Han\u00df Carle Gackbachs Dochter; 2) Peter Frittge, Einwohner alhier; 3) Anna Sibylla, Jost Reinhards Dochter <\/em>\u2014 <strong>zu 4) <\/strong><em>Gevattern waren: 1) Johann Georg Lemler, des Kindes Vatter Bruder; 2) Maria Apollonia, Han\u00df Merte Dummermuts Tochter; 3) Jost Reinhard <\/em>\u2014 <strong>zu 5) <\/strong><em>Tauffzeugen sind: Anna Philippina, Bartholom\u00e6i Josten Tochter, vnd A[nna] Veronica, Peter Krempers Hau\u00dffrau. Der Path aber ist: Johann Jacob, Jost Reinhards Sohn <\/em>\u2014 <strong>zu 6) <\/strong><em>Tauff-Goden sind: Gerdraut Keth, Joh[ann] Georg Lemlers, des hiesigen Schuhmachers Frau, vnd die Wittib Elisabetha Maria M\u00fcllerin zu Kemmenau. Der Path ist: Gottfried Reimhard, ein Schuhmacher allhier <\/em>\u2014 <strong>zu 7) <\/strong><em>Tauffpathen sind: Hans Henrich Eichholtz vnd Hans Jacob Wagner. Die God ist: Lie\u00dfe Catharina, weiland Johannis Schuppen nachgelassene Tochter<\/em><\/p>\n<hr \/>\n<p style=\"text-align: justify;\"><span style=\"color: #ff0000;\"><strong><u>Lehmler<\/u><\/strong><strong>, Maria Elisabeth:<\/strong> <\/span>Tochter des verst. Hans Jakob Lehmler; hat 2 Jahre bei Philipp <em>Stumpel<\/em> in Dausenau gedient<\/p>\n<p style=\"text-align: justify;\">o-o mit <strong><u>Weyer<\/u>, Konrad:<\/strong> ein Sch\u00e4fer zu Dausenau, \u201eh\u00fctet jetzt die Schafe zu Wein\u00e4hr\u201c; ein Johann Anton Weyer, Schafhirte zu Dausenau, ist Pate 18.11.1703 bei Johann Adam <em>Mennich<\/em>, Schafhirte zu Kemmenau<\/p>\n<table width=\"614\">\n<tbody>\n<tr>\n<td width=\"208\">Johann Philipp (illeg.)<\/td>\n<td width=\"151\">gt. 16.03.1712 Ems<\/td>\n<td width=\"255\">bg. 23.03.1775 Ems<\/td>\n<\/tr>\n<\/tbody>\n<\/table>\n<p style=\"text-align: justify;\"><strong>Paten:<\/strong> <em>Tauffpathen sind: Joh[ann] Philips Just, ein Gemeins-Mann allhier, vnd Hans Henrich Eichholtz, ein hiesiger Einwohner. Die God ist: Anna Margretha, Gottfried Reinhards Tochter<\/em><\/p>\n<hr \/>\n<p style=\"text-align: justify;\"><span style=\"color: #ff0000;\"><strong><u>Lehmler<\/u><\/strong><strong> (<em>Lemler<\/em>), Johann Georg:<\/strong> <\/span>ein Schuhmacher in Ems; Sohn des verst. Johannes Lehmler;<br \/>\nbg. 06.09.1698 Ems, 37 Jahre alt<\/p>\n<p><strong>oo xx.02.1686 Ems<\/strong><\/p>\n<p>mit <strong>&#8230;, Gertrud Katharina:<\/strong> Tochter des verst. Hans Martin &#8230;<\/p>\n<table width=\"614\">\n<tbody>\n<tr>\n<td width=\"170\">1) Johann Georg<\/td>\n<td width=\"189\">gt. 19.12.1686 Ems<br \/>\nkonf. 30.05.1700 (Pfingsten)<\/td>\n<td width=\"255\">bg. 27.05.1764 Ems<br \/>\nwohl oo um 1722 mit Gertrud Kath.<\/td>\n<\/tr>\n<tr>\n<td width=\"170\">2) Bartholom\u00e4us<\/td>\n<td width=\"189\">gt. 06.01.1689 Ems<br \/>\nkonf. 04.06.1702 (Pfingsten)<\/td>\n<td width=\"255\"><\/td>\n<\/tr>\n<tr>\n<td width=\"170\">3) Johann Karl<\/td>\n<td width=\"189\">gt. 11.01.1691 Ems<br \/>\nkonf. 11.05.1704 (Pfingsten)<\/td>\n<td width=\"255\"><\/td>\n<\/tr>\n<tr>\n<td width=\"170\">4) Elisabeth Margaretha<\/td>\n<td width=\"189\">gt. 17.09.1693 Ems<br \/>\nkonf. 23.05.1706 (Pfingsten)<\/td>\n<td width=\"255\"><\/td>\n<\/tr>\n<tr>\n<td width=\"170\">5) Johann Daniel<\/td>\n<td width=\"189\">gt. 20.09.1696 Ems<br \/>\nkonf. 08.06.1710 (Pfingsten)<\/td>\n<td width=\"255\">bg. xx.11.1760 Ems<br \/>\nwohl oo um 1723 mit Anna Katharina<\/td>\n<\/tr>\n<\/tbody>\n<\/table>\n<hr \/>\n<p><span style=\"color: #ff0000;\"><strong><u>Lehmler<\/u><\/strong><strong>, Johann Jakob:<\/strong><\/span> Sohn des verst. Hans Jakob Lehmler aus Ems<\/p>\n<p><strong>oo 30.12.1710 Ems <\/strong>(3. Prokl. 28.12.)<\/p>\n<p>mit <strong><em><u>Bau<\/u><\/em>, Elisabeth Katharina:<\/strong> Tochter des Ludwig Jakob <em>Baues<\/em> aus Fr\u00fccht (VG Bad Ems-Nassau)<\/p>\n<hr \/>\n<p><span style=\"color: #ff0000;\"><strong><u>Lehmler<\/u><\/strong><strong>, Georg: <\/strong><\/span>wohl Sohn von Johann Georg Lehmler; gt. 19.12.1686 Ems; bg. 27.05.1764 Ems<\/p>\n<p>oo mit <strong>Gertrud Katharina<\/strong><\/p>\n<table width=\"614\">\n<tbody>\n<tr>\n<td width=\"180\">1) Johann Daniel<\/td>\n<td width=\"198\">gt. 09.07.1722 Ems<\/td>\n<td width=\"236\"><\/td>\n<\/tr>\n<tr>\n<td width=\"180\">2) Hedwig Margaretha<\/td>\n<td width=\"198\">gt. 29.11.1723 Ems<\/td>\n<td width=\"236\"><\/td>\n<\/tr>\n<tr>\n<td width=\"180\">3) Johann Adam<\/td>\n<td width=\"198\">gt. 09.08.1726 Ems<\/td>\n<td width=\"236\"><\/td>\n<\/tr>\n<\/tbody>\n<\/table>\n<p style=\"text-align: justify;\"><strong>Paten: zu 1) <\/strong><em>Seine Dauffze\u00fcgen sind gewe\u00dfe: Johanes Kehr vnd Daniel Lehmel. Die Gott ist gewesse: Ana Elisabetea Kaffi <\/em>\u2014 <strong>zu 2) <\/strong><em>Dauffzeugen sind gewessin: Elisa betea Margritea Lehmerin vnd Hettwig Margreta Wirtzin. Der Patt ist (&#8230;) <\/em>\u2014 <strong>zu 3) <\/strong><em>Sein Patten sindt gewessin: Johan Adam Friegte vnd Martin Kastorff. Die Gott: Meister Conrath Henrich sein ehlige Hau\u00dffrau<\/em><\/p>\n<hr \/>\n<p><span style=\"color: #ff0000;\"><strong><u>Lehmler<\/u><\/strong><strong>, Johann Daniel:<\/strong> <\/span>wohl Sohn von Johann Georg Lehmler; gt. 20.09.1696 Ems; bg. xx.11.1760 Ems<\/p>\n<p>oo mit <strong>Anna Katharina<\/strong><\/p>\n<table width=\"614\">\n<tbody>\n<tr>\n<td width=\"180\">Georg Andreas<\/td>\n<td width=\"198\">gt. 1723 Ems<\/td>\n<td width=\"236\">bg. xx.11.1775 Ems<\/td>\n<\/tr>\n<\/tbody>\n<\/table>\n<p style=\"text-align: justify;\"><strong>Paten: <\/strong><em>Gevattern sind gewesen: 1) Georg Lemeler, Einwohner allhier; 2) Andreas Fuchs, Einwohner allhier; 3) Juliana, Carle Lemeler, Einwohners allhier, eheliche Hausfrau<\/em><\/p>\n<hr \/>\n<p style=\"text-align: justify;\"><strong><span style=\"font-size: 10pt;\">Letzte \u00c4nderung: 27. April 2019<\/span><\/strong><br \/>\n<strong><span style=\"font-size: 10pt;\">Ralph Jackmuth<\/span><\/strong><\/p>\n","protected":false},"excerpt":{"rendered":"<p>Lehmler, Johannes oo mit N. N. 1) Hans Jakob oo vor 1683 mit Anna Sophia 2) Johann Georg oo xx.02.1686 Ems mit Gertrud Katharina &#8230; Lehmler, Jost: in den Krieg gezogen o-o mit Dick, Elisabeth: Witwe aus Dierdorf-Giershofen (Lkr. Neuwied) Im P\u00f6nitentenregister wegen illeg. Kind (KB 1, pag. 826): Den 24ten Martij, war Gr\u00fcn-Donnerstag 1692, &hellip; <a href=\"https:\/\/www.ahnenforschung-jackmuth.de\/?page_id=3325\" class=\"more-link\"><span class=\"screen-reader-text\">\u201eEms &#8211; Lehmler\u201c<\/span> weiterlesen<\/a><\/p>\n","protected":false},"author":1,"featured_media":0,"parent":0,"menu_order":0,"comment_status":"closed","ping_status":"closed","template":"","meta":{"footnotes":""},"class_list":["post-3325","page","type-page","status-publish","hentry"],"_links":{"self":[{"href":"https:\/\/www.ahnenforschung-jackmuth.de\/index.php?rest_route=\/wp\/v2\/pages\/3325","targetHints":{"allow":["GET"]}}],"collection":[{"href":"https:\/\/www.ahnenforschung-jackmuth.de\/index.php?rest_route=\/wp\/v2\/pages"}],"about":[{"href":"https:\/\/www.ahnenforschung-jackmuth.de\/index.php?rest_route=\/wp\/v2\/types\/page"}],"author":[{"embeddable":true,"href":"https:\/\/www.ahnenforschung-jackmuth.de\/index.php?rest_route=\/wp\/v2\/users\/1"}],"replies":[{"embeddable":true,"href":"https:\/\/www.ahnenforschung-jackmuth.de\/index.php?rest_route=%2Fwp%2Fv2%2Fcomments&post=3325"}],"version-history":[{"count":0,"href":"https:\/\/www.ahnenforschung-jackmuth.de\/index.php?rest_route=\/wp\/v2\/pages\/3325\/revisions"}],"wp:attachment":[{"href":"https:\/\/www.ahnenforschung-jackmuth.de\/index.php?rest_route=%2Fwp%2Fv2%2Fmedia&parent=3325"}],"curies":[{"name":"wp","href":"https:\/\/api.w.org\/{rel}","templated":true}]}}

<p><span style="color: #ff0000;"><strong><u>Lehmler</u></strong><strong>, Johannes</strong></span></p>
<p>oo mit <strong>N. N.</strong></p>
<table width="614">
<tbody>
<tr>
<td width="170">1) Hans Jakob</td>
<td width="123"></td>
<td width="321">oo vor 1683 mit Anna Sophia</td>
</tr>
<tr>
<td width="170">2) Johann Georg</td>
<td width="123"></td>
<td width="321">oo xx.02.1686 Ems mit Gertrud Katharina &#8230;</td>
</tr>
</tbody>
</table>
<hr />
<p><span style="color: #ff0000;"><strong><u>Lehmler</u></strong><strong>, Jost:</strong> </span>in den Krieg gezogen</p>
<p>o-o mit <strong><u>Dick</u>, Elisabeth:</strong> Witwe aus Dierdorf-Giershofen (Lkr. Neuwied)</p>
<p style="text-align: justify;">Im Pönitentenregister wegen illeg. Kind (KB 1, pag. 826): <em>Den 24ten Martij, war Grün-Donnerstag 1692, hat die Wittib Elisabetha Dickin von Girschhofen auß dem Ambt Dierdorff wegen verübter Vnzucht vnd Hurerey, in dem sie sich mit Jost Lemlern, so in Krieg gezogen, zur Vngebühr fleischlichen vermischet vnd ein Kind zur Welt gebohren, ihre offent[liche] Kirchen-Poenitentz gethan vnd gehorsamb[lichen] abgelegt.</em></p>
<hr />
<p><span style="color: #ff0000;"><strong><u>Lehmler</u></strong><strong>, Hans Jakob:</strong> </span>Sohn des verst. Johannes Lehmler; bg. 28.04.1700 Ems, 56 Jahre alt, Ackersmann</p>
<p>oo vor 1683 mit <strong>Anna Sophia</strong></p>
<table width="614">
<tbody>
<tr>
<td width="151">1) Maria Elisabeth</td>
<td width="217">konf. 15.05.1692 (Pfingsten)</td>
<td width="246">hat 1712 illeg. Kind</td>
</tr>
<tr>
<td width="151">2) Johann Jakob</td>
<td width="217">konf. 31.05.1696 (Pfingsten)</td>
<td style="text-align: justify;" width="246">oo 30.12.1710 Ems mit Elisbabeth Katharina <em>Baues</em> aus Frücht</td>
</tr>
<tr>
<td width="151">3) Anna Magdalena</td>
<td width="217">gt. 07.12.1684 Ems (Dom. 2 Adv.)<br />
konf. 28.05.1699 (Pfingsten)</td>
<td width="246"></td>
</tr>
<tr>
<td width="151">4) Johann Georg</td>
<td width="217">gt. 29.09.1686 Ems<br />
konf. 15.05.1701 (Pfingsten)</td>
<td width="246"></td>
</tr>
<tr>
<td width="151">5) Anna Philippina</td>
<td width="217">gt. 13.10.1689 Ems<br />
konf. 27.05.1703 (Pfingsten)</td>
<td width="246">bg. 25.11.1764 Ems</td>
</tr>
<tr>
<td width="151">6) Maria Gertrud</td>
<td width="217">gt. 18.04.1693 Ems<br />
konf. 31.05.1705 (Pfingsten)</td>
<td width="246">bg. xx.05.1748 Ems</td>
</tr>
<tr>
<td width="151">7) Johann Henrich</td>
<td width="217">gt. 02.07.1696 Ems<br />
konf. 08.06.1710 (Pfingsten)</td>
<td width="246">bg. 08.08.1751 Ems</td>
</tr>
</tbody>
</table>
<p style="text-align: justify;"><strong>Paten: zu 3) </strong><em>Gevattern waren: 1) Elisabetha Magdalena, Hanß Carle Gackbachs Dochter; 2) Peter Frittge, Einwohner alhier; 3) Anna Sibylla, Jost Reinhards Dochter </em>— <strong>zu 4) </strong><em>Gevattern waren: 1) Johann Georg Lemler, des Kindes Vatter Bruder; 2) Maria Apollonia, Hanß Merte Dummermuts Tochter; 3) Jost Reinhard </em>— <strong>zu 5) </strong><em>Tauffzeugen sind: Anna Philippina, Bartholomæi Josten Tochter, vnd A[nna] Veronica, Peter Krempers Haußfrau. Der Path aber ist: Johann Jacob, Jost Reinhards Sohn </em>— <strong>zu 6) </strong><em>Tauff-Goden sind: Gerdraut Keth, Joh[ann] Georg Lemlers, des hiesigen Schuhmachers Frau, vnd die Wittib Elisabetha Maria Müllerin zu Kemmenau. Der Path ist: Gottfried Reimhard, ein Schuhmacher allhier </em>— <strong>zu 7) </strong><em>Tauffpathen sind: Hans Henrich Eichholtz vnd Hans Jacob Wagner. Die God ist: Ließe Catharina, weiland Johannis Schuppen nachgelassene Tochter</em></p>
<hr />
<p style="text-align: justify;"><span style="color: #ff0000;"><strong><u>Lehmler</u></strong><strong>, Maria Elisabeth:</strong> </span>Tochter des verst. Hans Jakob Lehmler; hat 2 Jahre bei Philipp <em>Stumpel</em> in Dausenau gedient</p>
<p style="text-align: justify;">o-o mit <strong><u>Weyer</u>, Konrad:</strong> ein Schäfer zu Dausenau, „hütet jetzt die Schafe zu Weinähr“; ein Johann Anton Weyer, Schafhirte zu Dausenau, ist Pate 18.11.1703 bei Johann Adam <em>Mennich</em>, Schafhirte zu Kemmenau</p>
<table width="614">
<tbody>
<tr>
<td width="208">Johann Philipp (illeg.)</td>
<td width="151">gt. 16.03.1712 Ems</td>
<td width="255">bg. 23.03.1775 Ems</td>
</tr>
</tbody>
</table>
<p style="text-align: justify;"><strong>Paten:</strong> <em>Tauffpathen sind: Joh[ann] Philips Just, ein Gemeins-Mann allhier, vnd Hans Henrich Eichholtz, ein hiesiger Einwohner. Die God ist: Anna Margretha, Gottfried Reinhards Tochter</em></p>
<hr />
<p style="text-align: justify;"><span style="color: #ff0000;"><strong><u>Lehmler</u></strong><strong> (<em>Lemler</em>), Johann Georg:</strong> </span>ein Schuhmacher in Ems; Sohn des verst. Johannes Lehmler;<br />
bg. 06.09.1698 Ems, 37 Jahre alt</p>
<p><strong>oo xx.02.1686 Ems</strong></p>
<p>mit <strong>&#8230;, Gertrud Katharina:</strong> Tochter des verst. Hans Martin &#8230;</p>
<table width="614">
<tbody>
<tr>
<td width="170">1) Johann Georg</td>
<td width="189">gt. 19.12.1686 Ems<br />
konf. 30.05.1700 (Pfingsten)</td>
<td width="255">bg. 27.05.1764 Ems<br />
wohl oo um 1722 mit Gertrud Kath.</td>
</tr>
<tr>
<td width="170">2) Bartholomäus</td>
<td width="189">gt. 06.01.1689 Ems<br />
konf. 04.06.1702 (Pfingsten)</td>
<td width="255"></td>
</tr>
<tr>
<td width="170">3) Johann Karl</td>
<td width="189">gt. 11.01.1691 Ems<br />
konf. 11.05.1704 (Pfingsten)</td>
<td width="255"></td>
</tr>
<tr>
<td width="170">4) Elisabeth Margaretha</td>
<td width="189">gt. 17.09.1693 Ems<br />
konf. 23.05.1706 (Pfingsten)</td>
<td width="255"></td>
</tr>
<tr>
<td width="170">5) Johann Daniel</td>
<td width="189">gt. 20.09.1696 Ems<br />
konf. 08.06.1710 (Pfingsten)</td>
<td width="255">bg. xx.11.1760 Ems<br />
wohl oo um 1723 mit Anna Katharina</td>
</tr>
</tbody>
</table>
<hr />
<p><span style="color: #ff0000;"><strong><u>Lehmler</u></strong><strong>, Johann Jakob:</strong></span> Sohn des verst. Hans Jakob Lehmler aus Ems</p>
<p><strong>oo 30.12.1710 Ems </strong>(3. Prokl. 28.12.)</p>
<p>mit <strong><em><u>Bau</u></em>, Elisabeth Katharina:</strong> Tochter des Ludwig Jakob <em>Baues</em> aus Frücht (VG Bad Ems-Nassau)</p>
<hr />
<p><span style="color: #ff0000;"><strong><u>Lehmler</u></strong><strong>, Georg: </strong></span>wohl Sohn von Johann Georg Lehmler; gt. 19.12.1686 Ems; bg. 27.05.1764 Ems</p>
<p>oo mit <strong>Gertrud Katharina</strong></p>
<table width="614">
<tbody>
<tr>
<td width="180">1) Johann Daniel</td>
<td width="198">gt. 09.07.1722 Ems</td>
<td width="236"></td>
</tr>
<tr>
<td width="180">2) Hedwig Margaretha</td>
<td width="198">gt. 29.11.1723 Ems</td>
<td width="236"></td>
</tr>
<tr>
<td width="180">3) Johann Adam</td>
<td width="198">gt. 09.08.1726 Ems</td>
<td width="236"></td>
</tr>
</tbody>
</table>
<p style="text-align: justify;"><strong>Paten: zu 1) </strong><em>Seine Dauffzeügen sind geweße: Johanes Kehr vnd Daniel Lehmel. Die Gott ist gewesse: Ana Elisabetea Kaffi </em>— <strong>zu 2) </strong><em>Dauffzeugen sind gewessin: Elisa betea Margritea Lehmerin vnd Hettwig Margreta Wirtzin. Der Patt ist (&#8230;) </em>— <strong>zu 3) </strong><em>Sein Patten sindt gewessin: Johan Adam Friegte vnd Martin Kastorff. Die Gott: Meister Conrath Henrich sein ehlige Haußfrau</em></p>
<hr />
<p><span style="color: #ff0000;"><strong><u>Lehmler</u></strong><strong>, Johann Daniel:</strong> </span>wohl Sohn von Johann Georg Lehmler; gt. 20.09.1696 Ems; bg. xx.11.1760 Ems</p>
<p>oo mit <strong>Anna Katharina</strong></p>
<table width="614">
<tbody>
<tr>
<td width="180">Georg Andreas</td>
<td width="198">gt. 1723 Ems</td>
<td width="236">bg. xx.11.1775 Ems</td>
</tr>
</tbody>
</table>
<p style="text-align: justify;"><strong>Paten: </strong><em>Gevattern sind gewesen: 1) Georg Lemeler, Einwohner allhier; 2) Andreas Fuchs, Einwohner allhier; 3) Juliana, Carle Lemeler, Einwohners allhier, eheliche Hausfrau</em></p>
<hr />
<p style="text-align: justify;"><strong><span style="font-size: 10pt;">Letzte Änderung: 27. April 2019</span></strong><br />
<strong><span style="font-size: 10pt;">Ralph Jackmuth</span></strong></p>

<p>Lehmler, Johannes oo mit N. N. 1) Hans Jakob oo vor 1683 mit Anna Sophia 2) Johann Georg oo xx.02.1686 Ems mit Gertrud Katharina &#8230; Lehmler, Jost: in den Krieg gezogen o-o mit Dick, Elisabeth: Witwe aus Dierdorf-Giershofen (Lkr. Neuwied) Im Pönitentenregister wegen illeg. Kind (KB 1, pag. 826): Den 24ten Martij, war Grün-Donnerstag 1692, &hellip; <a href="https://www.ahnenforschung-jackmuth.de/?page_id=3325" class="more-link"><span class="screen-reader-text">„Ems &#8211; Lehmler“</span> weiterlesen</a></p>
