{"id":3304,"date":"2019-04-27T11:39:23","date_gmt":"2019-04-27T11:39:23","guid":{"rendered":"http:\/\/www.ahnenforschung-jackmuth.de\/?page_id=3304"},"modified":"2019-04-28T11:56:42","modified_gmt":"2019-04-28T11:56:42","slug":"ems-kern","status":"publish","type":"page","link":"https:\/\/www.ahnenforschung-jackmuth.de\/?page_id=3304","title":{"rendered":"Ems &#8211; Kern"},"content":{"rendered":"<p><span style=\"color: #ff0000;\"><strong><u>Kern<\/u><\/strong><strong>, Johannes:<\/strong> <\/span>Sohn des verst. Henrich Kern aus Rhens; am 06.03.1698 (Estomihi) zum ev.-luth. Glauben konvertiert (KB 1, pag. 784)<\/p>\n<p><strong>oo I. 04.07.1697 Ems<\/strong><\/p>\n<p>mit <strong><u>Rosenbach<\/u>, Anna Rosina:<\/strong> Tochter des verst. <a href=\"http:\/\/www.ahnenforschung-jackmuth.de\/?page_id=3405\">Philipp <em>Raa\u00dfbach<\/em><\/a> aus Ems; bg. 15.10.1708 Ems<\/p>\n<table width=\"595\">\n<tbody>\n<tr>\n<td width=\"151\">1) Gertrud Katharina<\/td>\n<td width=\"189\">gt. 28.11.1697 Ems<br \/>\nkonf. 24.05.1711 (Pfingsten)<\/td>\n<td width=\"255\">bg. xx.02.1762 Ems<\/td>\n<\/tr>\n<tr>\n<td width=\"151\">2) Johann Valentin<\/td>\n<td width=\"189\">gt. 16.01.1701 Ems<\/td>\n<td width=\"255\">bg. 28.07.1766 Ems<\/td>\n<\/tr>\n<tr>\n<td width=\"151\">3) Anna Rosina<\/td>\n<td width=\"189\">gt. 09.04.1708 Ems<\/td>\n<td width=\"255\"><\/td>\n<\/tr>\n<tr>\n<td width=\"151\">4) Johann Henrich<\/td>\n<td width=\"189\">gt. 25.01.1710 Ems<\/td>\n<td width=\"255\"><\/td>\n<\/tr>\n<\/tbody>\n<\/table>\n<p style=\"text-align: justify;\">Im P\u00f6nitentenregister wegen Ehe kurz vor der Geburt (KB 1, pag. 830): <em>Anno 1697, den 4ten Julij, war Dom[inica] 5 p[ost] Trin[itatis], haben Johannes Kern vnd Anna Rosina Raa\u00dfbachin wegen begangener Vnzucht vnd stupri ihre offent[liche] Kirchen-Bu\u00df weh- vnd dem\u00fctig abgestattet.<\/em><\/p>\n<p><strong>oo II. 26.02.1709 Ems<\/strong> (3. Prokl. 24.02.)<\/p>\n<p>mit <strong><u>Kremper<\/u>, Anna Elisabeth:<\/strong> Tochter des <a href=\"http:\/\/www.ahnenforschung-jackmuth.de\/?page_id=3313\">Johann Peter Kremper<\/a> aus Ems<\/p>\n<table width=\"595\">\n<tbody>\n<tr>\n<td width=\"151\">Johann Georg<\/td>\n<td width=\"198\">gt. 25.07.1716 Ems<\/td>\n<td width=\"246\">bg. 30.01.1779 Ems<\/td>\n<\/tr>\n<\/tbody>\n<\/table>\n<p><strong>Paten:<\/strong> <em>Johann Jacob Fl\u00f6ck; Georg Lemler; Anna Catharina Jostin<\/em><\/p>\n<hr \/>\n<p style=\"text-align: justify;\"><strong><span style=\"font-size: 10pt;\">Letzte \u00c4nderung: 27. April 2019<\/span><\/strong><br \/>\n<strong><span style=\"font-size: 10pt;\">Ralph Jackmuth<\/span><\/strong><\/p>\n","protected":false},"excerpt":{"rendered":"<p>Kern, Johannes: Sohn des verst. Henrich Kern aus Rhens; am 06.03.1698 (Estomihi) zum ev.-luth. Glauben konvertiert (KB 1, pag. 784) oo I. 04.07.1697 Ems mit Rosenbach, Anna Rosina: Tochter des verst. Philipp Raa\u00dfbach aus Ems; bg. 15.10.1708 Ems 1) Gertrud Katharina gt. 28.11.1697 Ems konf. 24.05.1711 (Pfingsten) bg. xx.02.1762 Ems 2) Johann Valentin gt. 16.01.1701 &hellip; <a href=\"https:\/\/www.ahnenforschung-jackmuth.de\/?page_id=3304\" class=\"more-link\"><span class=\"screen-reader-text\">\u201eEms &#8211; Kern\u201c<\/span> weiterlesen<\/a><\/p>\n","protected":false},"author":1,"featured_media":0,"parent":0,"menu_order":0,"comment_status":"closed","ping_status":"closed","template":"","meta":{"footnotes":""},"class_list":["post-3304","page","type-page","status-publish","hentry"],"_links":{"self":[{"href":"https:\/\/www.ahnenforschung-jackmuth.de\/index.php?rest_route=\/wp\/v2\/pages\/3304","targetHints":{"allow":["GET"]}}],"collection":[{"href":"https:\/\/www.ahnenforschung-jackmuth.de\/index.php?rest_route=\/wp\/v2\/pages"}],"about":[{"href":"https:\/\/www.ahnenforschung-jackmuth.de\/index.php?rest_route=\/wp\/v2\/types\/page"}],"author":[{"embeddable":true,"href":"https:\/\/www.ahnenforschung-jackmuth.de\/index.php?rest_route=\/wp\/v2\/users\/1"}],"replies":[{"embeddable":true,"href":"https:\/\/www.ahnenforschung-jackmuth.de\/index.php?rest_route=%2Fwp%2Fv2%2Fcomments&post=3304"}],"version-history":[{"count":0,"href":"https:\/\/www.ahnenforschung-jackmuth.de\/index.php?rest_route=\/wp\/v2\/pages\/3304\/revisions"}],"wp:attachment":[{"href":"https:\/\/www.ahnenforschung-jackmuth.de\/index.php?rest_route=%2Fwp%2Fv2%2Fmedia&parent=3304"}],"curies":[{"name":"wp","href":"https:\/\/api.w.org\/{rel}","templated":true}]}}

<p><span style="color: #ff0000;"><strong><u>Kern</u></strong><strong>, Johannes:</strong> </span>Sohn des verst. Henrich Kern aus Rhens; am 06.03.1698 (Estomihi) zum ev.-luth. Glauben konvertiert (KB 1, pag. 784)</p>
<p><strong>oo I. 04.07.1697 Ems</strong></p>
<p>mit <strong><u>Rosenbach</u>, Anna Rosina:</strong> Tochter des verst. <a href="http://www.ahnenforschung-jackmuth.de/?page_id=3405">Philipp <em>Raaßbach</em></a> aus Ems; bg. 15.10.1708 Ems</p>
<table width="595">
<tbody>
<tr>
<td width="151">1) Gertrud Katharina</td>
<td width="189">gt. 28.11.1697 Ems<br />
konf. 24.05.1711 (Pfingsten)</td>
<td width="255">bg. xx.02.1762 Ems</td>
</tr>
<tr>
<td width="151">2) Johann Valentin</td>
<td width="189">gt. 16.01.1701 Ems</td>
<td width="255">bg. 28.07.1766 Ems</td>
</tr>
<tr>
<td width="151">3) Anna Rosina</td>
<td width="189">gt. 09.04.1708 Ems</td>
<td width="255"></td>
</tr>
<tr>
<td width="151">4) Johann Henrich</td>
<td width="189">gt. 25.01.1710 Ems</td>
<td width="255"></td>
</tr>
</tbody>
</table>
<p style="text-align: justify;">Im Pönitentenregister wegen Ehe kurz vor der Geburt (KB 1, pag. 830): <em>Anno 1697, den 4ten Julij, war Dom[inica] 5 p[ost] Trin[itatis], haben Johannes Kern vnd Anna Rosina Raaßbachin wegen begangener Vnzucht vnd stupri ihre offent[liche] Kirchen-Buß weh- vnd demütig abgestattet.</em></p>
<p><strong>oo II. 26.02.1709 Ems</strong> (3. Prokl. 24.02.)</p>
<p>mit <strong><u>Kremper</u>, Anna Elisabeth:</strong> Tochter des <a href="http://www.ahnenforschung-jackmuth.de/?page_id=3313">Johann Peter Kremper</a> aus Ems</p>
<table width="595">
<tbody>
<tr>
<td width="151">Johann Georg</td>
<td width="198">gt. 25.07.1716 Ems</td>
<td width="246">bg. 30.01.1779 Ems</td>
</tr>
</tbody>
</table>
<p><strong>Paten:</strong> <em>Johann Jacob Flöck; Georg Lemler; Anna Catharina Jostin</em></p>
<hr />
<p style="text-align: justify;"><strong><span style="font-size: 10pt;">Letzte Änderung: 27. April 2019</span></strong><br />
<strong><span style="font-size: 10pt;">Ralph Jackmuth</span></strong></p>

<p>Kern, Johannes: Sohn des verst. Henrich Kern aus Rhens; am 06.03.1698 (Estomihi) zum ev.-luth. Glauben konvertiert (KB 1, pag. 784) oo I. 04.07.1697 Ems mit Rosenbach, Anna Rosina: Tochter des verst. Philipp Raaßbach aus Ems; bg. 15.10.1708 Ems 1) Gertrud Katharina gt. 28.11.1697 Ems konf. 24.05.1711 (Pfingsten) bg. xx.02.1762 Ems 2) Johann Valentin gt. 16.01.1701 &hellip; <a href="https://www.ahnenforschung-jackmuth.de/?page_id=3304" class="more-link"><span class="screen-reader-text">„Ems &#8211; Kern“</span> weiterlesen</a></p>
