{"id":3301,"date":"2019-04-27T11:36:50","date_gmt":"2019-04-27T11:36:50","guid":{"rendered":"http:\/\/www.ahnenforschung-jackmuth.de\/?page_id=3301"},"modified":"2019-04-28T11:55:43","modified_gmt":"2019-04-28T11:55:43","slug":"ems-kasdorf","status":"publish","type":"page","link":"https:\/\/www.ahnenforschung-jackmuth.de\/?page_id=3301","title":{"rendered":"Ems &#8211; Kasdorf"},"content":{"rendered":"<p>(<em>Castorff<\/em>)<\/p>\n<hr \/>\n<p><span style=\"color: #ff0000;\"><strong><u>Kasdorf<\/u><\/strong><strong>, (Johann) Philipp: <\/strong><\/span>bg. 25.04.1710 Ems, 60 Jahre alt<\/p>\n<p>oo mit <strong>Anna Rosina: <\/strong>bg. 13.02.1702 Ems, 47 Jahre und 18 Tage alt<\/p>\n<table width=\"614\">\n<tbody>\n<tr>\n<td style=\"width: 178.233px;\">1) Anna Katharina<\/td>\n<td style=\"width: 238.3px;\">konf. 27.05.1694 (Pfingsten)<\/td>\n<td style=\"width: 377.467px;\"><\/td>\n<\/tr>\n<tr>\n<td style=\"width: 178.233px;\">2) Johann Martin<\/td>\n<td style=\"width: 238.3px;\">gt. 30.09.1683 Ems<br \/>\nkonf. 31.05.1696 (Pfingsten)<\/td>\n<td style=\"width: 377.467px;\">bg. 25.09.1759 Ems<br \/>\noo I. 24.11.1705 Ems mit Anna Dorothea Jost<br \/>\noo II. 18.11.1710 Ems mit Anna Philippina W\u00fcrz<\/td>\n<\/tr>\n<tr>\n<td style=\"width: 178.233px;\">3) Johann Paul<\/td>\n<td style=\"width: 238.3px;\">gt. 30.10.1687 Ems<br \/>\nkonf. 30.05.1700 (Pfingsten)<\/td>\n<td style=\"width: 377.467px;\"><\/td>\n<\/tr>\n<\/tbody>\n<\/table>\n<p style=\"text-align: justify;\"><strong>Paten: zu 2) <\/strong><em>Gevattern waren: 1) Johann Merte Kleber, Maurer alhier; 2) Catharina, Johann Bartholom\u00e6i Kaphne Hausfrau; 3) Johann Christoph Dehrn, Johannes Dehrn, des Zehenh\u00f6ffers, Sohn <\/em>\u2014 <strong>zu 3) <\/strong><em>Gevattern waren: 1) Johann Paulus, Han\u00df Merte Eberhans Sohn, 2) Anna Catharina, Henrich Dillen Hausfrau; 3) Han\u00df Henrich Eichholtz<\/em><\/p>\n<hr \/>\n<p><span style=\"color: #ff0000;\"><strong><u>Kasdorf<\/u><\/strong><strong>, Johann Martin:<\/strong> <\/span>Sohn des Joh. Philipp Kasdorf aus Ems; gt. 30.09.1683 Ems; bg. 25.09.1759 Ems<\/p>\n<p><strong>oo I. 24.11.1705 Ems<\/strong> (3. Prokl. 22.11.)<\/p>\n<p>mit <strong><u>Jost<\/u>, Anna Dorothea:<\/strong> Tochter des verst. <a href=\"http:\/\/www.ahnenforschung-jackmuth.de\/?page_id=3272\">Bartholom\u00e4us Jost<\/a>, gewesener Gerichtssch\u00f6ffe in Ems;<br \/>\ngt. 14.10.1683 Ems; bg. 04.05.1710 Ems<\/p>\n<table width=\"605\">\n<tbody>\n<tr>\n<td width=\"151\">1) Johann Georg<\/td>\n<td width=\"151\">gt. 08.08.1706 Ems<\/td>\n<td width=\"302\">bg. xx.06.1750 Ems<\/td>\n<\/tr>\n<tr>\n<td width=\"151\">2) Anna Magdalena<\/td>\n<td width=\"151\">gt. 19.01.1710 Ems<\/td>\n<td width=\"302\"><\/td>\n<\/tr>\n<\/tbody>\n<\/table>\n<p style=\"text-align: justify;\">Im P\u00f6nitentenregister (KB 1, pag. 835): <em>Anno Christiano 1706, den 24ten Decembris, morgens in der Fr\u00fch-Stund, ist Johann Martin Castorff, einen jungen Einwohner allhier, vnd Ann\u00e6 Dorotheen, seiner Ehefrauen, welche sich ordent[lich] zusam[m]en verlobet vnd nach der Verlobung vor der priesterlichen Copulation sich fleischlich zusam[m]en gethan, von mir, pastore loci, vnd ein paar Kirchen-Senioren auff dem Chor in der Stille ihr begangener Fehler, da\u00df sie vor dem Angesicht der christlichen Kirchen f\u00e4lschlich au\u00dfgeben, da\u00df sie noch nicht sich ehelich zusam[m]en gethan hetten, vorgestellet, vnd sie darauff nach Erkantnis ihres Vnrechts zum Beichtstuhl vnd heiligen Abendmahl, da sie sich als bu\u00dffertige S\u00fcnder daselbst angemeldet, am hochheiligen Christ-Tag zugelassen worden.<\/em><\/p>\n<p><strong>oo II. 18.11.1710 Ems<\/strong> (3. Prokl. 16.11.)<\/p>\n<p>mit <strong><u>W\u00fcrtz<\/u>, Anna Philippina:<\/strong> Tochter des verst. <a href=\"http:\/\/www.ahnenforschung-jackmuth.de\/?page_id=3517\">Henrich W\u00fcrtz<\/a> aus Ems<\/p>\n<table width=\"595\">\n<tbody>\n<tr>\n<td width=\"151\">1) Johann Philipp<\/td>\n<td width=\"151\">gt. 06.12.1711 Ems<\/td>\n<td width=\"293\"><\/td>\n<\/tr>\n<tr>\n<td width=\"151\">2) Maria Louise<\/td>\n<td width=\"151\">gt. 24.01.1713 Ems<\/td>\n<td width=\"293\"><\/td>\n<\/tr>\n<tr>\n<td width=\"151\">3) Johann Peter<\/td>\n<td width=\"151\">gt. 17.01.1716 Ems<\/td>\n<td width=\"293\">bg. xx.08.1746 Ems<\/td>\n<\/tr>\n<tr>\n<td width=\"151\">4) Johann Barthel<\/td>\n<td width=\"151\">gt. xx.02.1719 Ems<\/td>\n<td width=\"293\"><\/td>\n<\/tr>\n<tr>\n<td width=\"151\">5) Rosina Katharina<\/td>\n<td width=\"151\">gt. 04.02.1722 Ems<\/td>\n<td width=\"293\">bg. xx.11.1773 Ems<\/td>\n<\/tr>\n<\/tbody>\n<\/table>\n<p style=\"text-align: justify;\"><strong>Paten: zu 4)<\/strong> <em>1) Nicolaus Rosebach; 2) Johann Peter Nicolai, Burger u[nd] Metzger in Darmstadt; 3) Juliana Hoffm\u00e4nnin<\/em> \u2014 <strong>zu 5) <\/strong><em>Gevattern sind gewesen: 1) Barthel M\u00fcller; 2) Jacob Simon; 3) Maria Catharina, Georg Hoffmanns Frau<\/em> \u2014 <strong>zu 6) <\/strong><em>Gevattern sind gewesen: 1) Anna Catharina, Carle Eberhans Frau; 2) Anna Rosina Magdalena, Johannis Ambrosii Ehefrau; 3) Meister Johann Jacob Fl\u00f6ck<\/em><\/p>\n<hr \/>\n<p style=\"text-align: justify;\"><strong><span style=\"font-size: 10pt;\">Letzte \u00c4nderung: 27. April 2019<\/span><\/strong><br \/>\n<strong><span style=\"font-size: 10pt;\">Ralph Jackmuth<\/span><\/strong><\/p>\n","protected":false},"excerpt":{"rendered":"<p>(Castorff) Kasdorf, (Johann) Philipp: bg. 25.04.1710 Ems, 60 Jahre alt oo mit Anna Rosina: bg. 13.02.1702 Ems, 47 Jahre und 18 Tage alt 1) Anna Katharina konf. 27.05.1694 (Pfingsten) 2) Johann Martin gt. 30.09.1683 Ems konf. 31.05.1696 (Pfingsten) bg. 25.09.1759 Ems oo I. 24.11.1705 Ems mit Anna Dorothea Jost oo II. 18.11.1710 Ems mit Anna &hellip; <a href=\"https:\/\/www.ahnenforschung-jackmuth.de\/?page_id=3301\" class=\"more-link\"><span class=\"screen-reader-text\">\u201eEms &#8211; Kasdorf\u201c<\/span> weiterlesen<\/a><\/p>\n","protected":false},"author":1,"featured_media":0,"parent":0,"menu_order":0,"comment_status":"closed","ping_status":"closed","template":"","meta":{"footnotes":""},"class_list":["post-3301","page","type-page","status-publish","hentry"],"_links":{"self":[{"href":"https:\/\/www.ahnenforschung-jackmuth.de\/index.php?rest_route=\/wp\/v2\/pages\/3301","targetHints":{"allow":["GET"]}}],"collection":[{"href":"https:\/\/www.ahnenforschung-jackmuth.de\/index.php?rest_route=\/wp\/v2\/pages"}],"about":[{"href":"https:\/\/www.ahnenforschung-jackmuth.de\/index.php?rest_route=\/wp\/v2\/types\/page"}],"author":[{"embeddable":true,"href":"https:\/\/www.ahnenforschung-jackmuth.de\/index.php?rest_route=\/wp\/v2\/users\/1"}],"replies":[{"embeddable":true,"href":"https:\/\/www.ahnenforschung-jackmuth.de\/index.php?rest_route=%2Fwp%2Fv2%2Fcomments&post=3301"}],"version-history":[{"count":0,"href":"https:\/\/www.ahnenforschung-jackmuth.de\/index.php?rest_route=\/wp\/v2\/pages\/3301\/revisions"}],"wp:attachment":[{"href":"https:\/\/www.ahnenforschung-jackmuth.de\/index.php?rest_route=%2Fwp%2Fv2%2Fmedia&parent=3301"}],"curies":[{"name":"wp","href":"https:\/\/api.w.org\/{rel}","templated":true}]}}