{"id":3269,"date":"2019-04-27T10:48:39","date_gmt":"2019-04-27T10:48:39","guid":{"rendered":"http:\/\/www.ahnenforschung-jackmuth.de\/?page_id=3269"},"modified":"2019-04-27T10:48:39","modified_gmt":"2019-04-27T10:48:39","slug":"ems-jean","status":"publish","type":"page","link":"https:\/\/www.ahnenforschung-jackmuth.de\/?page_id=3269","title":{"rendered":"Ems &#8211; Jean"},"content":{"rendered":"<p><span style=\"color: #ff0000;\"><strong><u>Jean<\/u><\/strong><strong>, Johann Ulrich:<\/strong><\/span> ein Zimmermann in Ems, genannt \u201eder Schweizer\u201c; bg. 03.04.1695 Ems, 54 Jahre alt<\/p>\n<p>oo mit <strong>Anna Maria:<\/strong> bg. 04.03.1704 Ems, 65 Jahre alt, Witwe<\/p>\n<table width=\"605\">\n<tbody>\n<tr>\n<td style=\"width: 178.233px;\">1) Johann Peter<\/td>\n<td style=\"width: 270.333px;\">* vor 1680<\/td>\n<td style=\"width: 345.433px;\">oo 20.09.1698 Ems mit Gertrud <em>Stauffenbeil<\/em><\/td>\n<\/tr>\n<tr>\n<td style=\"width: 178.233px;\">2) Anna Katharina<\/td>\n<td style=\"width: 270.333px;\">* 1680<\/td>\n<td style=\"width: 345.433px;\">bg. 25.05.1695 Ems, 15 Jahre alt<\/td>\n<\/tr>\n<tr>\n<td style=\"width: 178.233px;\">3) Johann Philipp<\/td>\n<td style=\"width: 270.333px;\">* 1682<\/td>\n<td style=\"width: 345.433px;\">bg. 22.04.1695 Ems, 12 Jahre 8 Monate alt<\/td>\n<\/tr>\n<tr>\n<td style=\"width: 178.233px;\">4) Anna Margaretha<\/td>\n<td style=\"width: 270.333px;\">konf. 18.05.1689 (Pfingstsamstag)<\/td>\n<td style=\"width: 345.433px;\"><\/td>\n<\/tr>\n<\/tbody>\n<\/table>\n<p style=\"text-align: justify;\"><strong>Keine Aufnahme als Mitb\u00fcrger (KB 1, pag. 779\/780).<\/strong><em> Als ich, pastor loci, am h[eiligen] Ostermontag 1690 der Kirchen-Ordnung v[nd] christ[licher] Gewohnheit gem\u00e4\u00df von der Cantzel publice andeutete, da\u00df die allhiesige Eltern ihre erwachsene vnd zu k\u00fcnfftiger Pfingst-Confirmation vnd Con[m]union t\u00fcchtige Kinder morgenden Osterdienstags in die Kirch mitbringen, selbige vor den Pfarrer vnd Kirchen-Convent stellen, vnd als dann vernehmen sollen, wie ihre Kinder die Zeit \u00fcber geschickt, t\u00fcchtig vnd w\u00fcrdig zur Confirm[ation] vnd Com[m]union k\u00f6nten gemacht vnd gebracht werden, so hat Johannes Ulrich Jans, vulgo: der Schweitzer, ein p\u00e4pstischer Zim[m]ermann allhier, seinen Sohn Johann Peter, welchen er gleich andern auch in die Kirch zubringen in Sonderheit beschickt w\u00fcrde, heim[lich] hinweg gef\u00fchret <\/em>[pag. 780]<em> vnd eilends denselben bey den Papisten confirmiren vnd com[m]uniciren lassen. Als er aber von mir, Kirchen-Senioren vnd Gerichtsleuthen daselbsten zweymal zu Rede gestelt worden, hat er geantwortet, er wolte ihn nicht zu vnserer Religion haben, die weilen er keinen Lusten darzu vnd auch nicht in hier in Embs bleiben wolte vnd solte, sondern, wenn er sein St\u00fcck Brod verdienen k\u00f6nte vnd mannbar werden, so wolte vnd solte er sich au\u00dferhalb auffhalten, vnd darnach an einem p\u00e4pstischen Ort sich h\u00e4u\u00dflichen niederlassen. Dahero man bey solcher Verachtung vnserer Religion vnd Gemeinde krafft dieser vorsetzlichen Widerspenstigkeit vnd eigener Reden hink\u00fcnfftig \u00fcber kurtz oder lang nicht gehalten ist, diesen Menschen vor einen Mit-B\u00fcrger allhier auff- vnd anzunehmen, sondern denselben au\u00dfgeschlossen achten vnd halten. volenti enim non fit injura.<\/em><\/p>\n<hr \/>\n<p style=\"text-align: justify;\"><span style=\"color: #ff0000;\"><strong><u>Jean<\/u><\/strong><strong>, Johann Peter:<\/strong><\/span> Sohn des verst. Johann Ulrich Jean, genannt \u201eder Schweizer\u201c, gewesener Zimmermann in Ems<\/p>\n<p><strong>oo 20.09.1698 Ems<\/strong> (3. Prokl. 04.09.)<\/p>\n<p style=\"text-align: justify;\">mit <strong><em><u>Stauffenbeil<\/u><\/em>, Gertrud:<\/strong> Tochter des verst. Wolfgang <em>Stauffenbeil<\/em>, gewesener Zimmermann zu <em>Weiler vff der Mie<\/em> (= Weiler bei Bingen?); der Vater bg. 18.04.1698 Ems<\/p>\n<hr \/>\n<p style=\"text-align: justify;\"><strong><span style=\"font-size: 10pt;\">Letzte \u00c4nderung: 27. April 2019<\/span><\/strong><br \/>\n<strong><span style=\"font-size: 10pt;\">Ralph Jackmuth<\/span><\/strong><\/p>\n","protected":false},"excerpt":{"rendered":"<p>Jean, Johann Ulrich: ein Zimmermann in Ems, genannt \u201eder Schweizer\u201c; bg. 03.04.1695 Ems, 54 Jahre alt oo mit Anna Maria: bg. 04.03.1704 Ems, 65 Jahre alt, Witwe 1) Johann Peter * vor 1680 oo 20.09.1698 Ems mit Gertrud Stauffenbeil 2) Anna Katharina * 1680 bg. 25.05.1695 Ems, 15 Jahre alt 3) Johann Philipp * 1682 &hellip; <a href=\"https:\/\/www.ahnenforschung-jackmuth.de\/?page_id=3269\" class=\"more-link\"><span class=\"screen-reader-text\">\u201eEms &#8211; Jean\u201c<\/span> weiterlesen<\/a><\/p>\n","protected":false},"author":1,"featured_media":0,"parent":0,"menu_order":0,"comment_status":"closed","ping_status":"closed","template":"","meta":{"footnotes":""},"class_list":["post-3269","page","type-page","status-publish","hentry"],"_links":{"self":[{"href":"https:\/\/www.ahnenforschung-jackmuth.de\/index.php?rest_route=\/wp\/v2\/pages\/3269","targetHints":{"allow":["GET"]}}],"collection":[{"href":"https:\/\/www.ahnenforschung-jackmuth.de\/index.php?rest_route=\/wp\/v2\/pages"}],"about":[{"href":"https:\/\/www.ahnenforschung-jackmuth.de\/index.php?rest_route=\/wp\/v2\/types\/page"}],"author":[{"embeddable":true,"href":"https:\/\/www.ahnenforschung-jackmuth.de\/index.php?rest_route=\/wp\/v2\/users\/1"}],"replies":[{"embeddable":true,"href":"https:\/\/www.ahnenforschung-jackmuth.de\/index.php?rest_route=%2Fwp%2Fv2%2Fcomments&post=3269"}],"version-history":[{"count":0,"href":"https:\/\/www.ahnenforschung-jackmuth.de\/index.php?rest_route=\/wp\/v2\/pages\/3269\/revisions"}],"wp:attachment":[{"href":"https:\/\/www.ahnenforschung-jackmuth.de\/index.php?rest_route=%2Fwp%2Fv2%2Fmedia&parent=3269"}],"curies":[{"name":"wp","href":"https:\/\/api.w.org\/{rel}","templated":true}]}}

<p><span style="color: #ff0000;"><strong><u>Jean</u></strong><strong>, Johann Ulrich:</strong></span> ein Zimmermann in Ems, genannt „der Schweizer“; bg. 03.04.1695 Ems, 54 Jahre alt</p>
<p>oo mit <strong>Anna Maria:</strong> bg. 04.03.1704 Ems, 65 Jahre alt, Witwe</p>
<table width="605">
<tbody>
<tr>
<td style="width: 178.233px;">1) Johann Peter</td>
<td style="width: 270.333px;">* vor 1680</td>
<td style="width: 345.433px;">oo 20.09.1698 Ems mit Gertrud <em>Stauffenbeil</em></td>
</tr>
<tr>
<td style="width: 178.233px;">2) Anna Katharina</td>
<td style="width: 270.333px;">* 1680</td>
<td style="width: 345.433px;">bg. 25.05.1695 Ems, 15 Jahre alt</td>
</tr>
<tr>
<td style="width: 178.233px;">3) Johann Philipp</td>
<td style="width: 270.333px;">* 1682</td>
<td style="width: 345.433px;">bg. 22.04.1695 Ems, 12 Jahre 8 Monate alt</td>
</tr>
<tr>
<td style="width: 178.233px;">4) Anna Margaretha</td>
<td style="width: 270.333px;">konf. 18.05.1689 (Pfingstsamstag)</td>
<td style="width: 345.433px;"></td>
</tr>
</tbody>
</table>
<p style="text-align: justify;"><strong>Keine Aufnahme als Mitbürger (KB 1, pag. 779/780).</strong><em> Als ich, pastor loci, am h[eiligen] Ostermontag 1690 der Kirchen-Ordnung v[nd] christ[licher] Gewohnheit gemäß von der Cantzel publice andeutete, daß die allhiesige Eltern ihre erwachsene vnd zu künfftiger Pfingst-Confirmation vnd Con[m]union tüchtige Kinder morgenden Osterdienstags in die Kirch mitbringen, selbige vor den Pfarrer vnd Kirchen-Convent stellen, vnd als dann vernehmen sollen, wie ihre Kinder die Zeit über geschickt, tüchtig vnd würdig zur Confirm[ation] vnd Com[m]union könten gemacht vnd gebracht werden, so hat Johannes Ulrich Jans, vulgo: der Schweitzer, ein päpstischer Zim[m]ermann allhier, seinen Sohn Johann Peter, welchen er gleich andern auch in die Kirch zubringen in Sonderheit beschickt würde, heim[lich] hinweg geführet </em>[pag. 780]<em> vnd eilends denselben bey den Papisten confirmiren vnd com[m]uniciren lassen. Als er aber von mir, Kirchen-Senioren vnd Gerichtsleuthen daselbsten zweymal zu Rede gestelt worden, hat er geantwortet, er wolte ihn nicht zu vnserer Religion haben, die weilen er keinen Lusten darzu vnd auch nicht in hier in Embs bleiben wolte vnd solte, sondern, wenn er sein Stück Brod verdienen könte vnd mannbar werden, so wolte vnd solte er sich außerhalb auffhalten, vnd darnach an einem päpstischen Ort sich häußlichen niederlassen. Dahero man bey solcher Verachtung vnserer Religion vnd Gemeinde krafft dieser vorsetzlichen Widerspenstigkeit vnd eigener Reden hinkünfftig über kurtz oder lang nicht gehalten ist, diesen Menschen vor einen Mit-Bürger allhier auff- vnd anzunehmen, sondern denselben außgeschlossen achten vnd halten. volenti enim non fit injura.</em></p>
<hr />
<p style="text-align: justify;"><span style="color: #ff0000;"><strong><u>Jean</u></strong><strong>, Johann Peter:</strong></span> Sohn des verst. Johann Ulrich Jean, genannt „der Schweizer“, gewesener Zimmermann in Ems</p>
<p><strong>oo 20.09.1698 Ems</strong> (3. Prokl. 04.09.)</p>
<p style="text-align: justify;">mit <strong><em><u>Stauffenbeil</u></em>, Gertrud:</strong> Tochter des verst. Wolfgang <em>Stauffenbeil</em>, gewesener Zimmermann zu <em>Weiler vff der Mie</em> (= Weiler bei Bingen?); der Vater bg. 18.04.1698 Ems</p>
<hr />
<p style="text-align: justify;"><strong><span style="font-size: 10pt;">Letzte Änderung: 27. April 2019</span></strong><br />
<strong><span style="font-size: 10pt;">Ralph Jackmuth</span></strong></p>
