{"id":3247,"date":"2019-04-27T10:26:59","date_gmt":"2019-04-27T10:26:59","guid":{"rendered":"http:\/\/www.ahnenforschung-jackmuth.de\/?page_id=3247"},"modified":"2019-04-28T11:47:27","modified_gmt":"2019-04-28T11:47:27","slug":"ems-heumann","status":"publish","type":"page","link":"https:\/\/www.ahnenforschung-jackmuth.de\/?page_id=3247","title":{"rendered":"Ems &#8211; Heumann"},"content":{"rendered":"<p><span style=\"color: #ff0000;\"><strong><u>Heumann<\/u><\/strong><strong>, Thomas:<\/strong><\/span> ein Schneider in Ems; bg. 16.05.1707 Ems, 57 Jahre alt<\/p>\n<p>oo I. mit <strong>Anna Maria:<\/strong> bg. 15.12.1685 Ems<\/p>\n<table width=\"605\">\n<tbody>\n<tr>\n<td width=\"170\">1) Anna Magdalena<\/td>\n<td width=\"198\">gt. 07.10.1683 Ems<\/td>\n<td width=\"236\">bg. 04.01.1691 Ems<\/td>\n<\/tr>\n<tr>\n<td width=\"170\">2) Anna Rosina<\/td>\n<td width=\"198\"><\/td>\n<td width=\"236\">bg. 16.12.1685 Ems<\/td>\n<\/tr>\n<\/tbody>\n<\/table>\n<p><strong>oo II. 24.06.1691 Ems<\/strong> (3. Prokl. 14.06.)<\/p>\n<p>mit <strong><u>Schupp<\/u>, Anna Gertrud:<\/strong> Tochter des verst. <a href=\"http:\/\/www.ahnenforschung-jackmuth.de\/?page_id=3439\">Johannes Schupp<\/a>, gewesener Schneider in Ems<\/p>\n<table width=\"605\">\n<tbody>\n<tr>\n<td width=\"170\">1) Johannes<\/td>\n<td width=\"198\">gt. 24.08.1693 Ems<\/td>\n<td width=\"236\">bg. 22.11.1693 Ems<\/td>\n<\/tr>\n<tr>\n<td width=\"170\">2) Elisabeth Margaretha<\/td>\n<td width=\"198\">gt. 18.08.1695 Ems<br \/>\nkonf. 12.06.1707 (Pfingsten)<\/td>\n<td width=\"236\">bg. 22.01.1767 Ems<\/td>\n<\/tr>\n<tr>\n<td width=\"170\">3) Georg Philipp<\/td>\n<td width=\"198\">gt. 09.10.1698 Ems<\/td>\n<td width=\"236\"><\/td>\n<\/tr>\n<tr>\n<td width=\"170\">4) Philipp David<\/td>\n<td width=\"198\">gt. 22.10.1702 Ems<\/td>\n<td width=\"236\">bg. 18.02.1772 Ems<\/td>\n<\/tr>\n<tr>\n<td width=\"170\">5) Anna Margaretha<\/td>\n<td width=\"198\">gt. 10.07.1707 Ems<\/td>\n<td width=\"236\"><\/td>\n<\/tr>\n<\/tbody>\n<\/table>\n<p style=\"text-align: justify;\">Thomas Heumann als Abtr\u00fcnniger (KB 1, pag. 782): <em>In festo Pentecostes [1691] ist der abtr\u00fcnnige Thomas Heumann, ein Schneider allhier, wiedergekehret \/: Jerem[ia] 3 v[ersus] 12 :\/, seinen Fall mit Petro beweinet \/: Luc[as] 22 v[ersus] 62 :\/ vnd in vnserer Kirchen das heilige Abendmahl nach Christi Einsetzung vnd Willen empfangen vnd hink\u00fcnfftig bey der lutherisch-evangelischen Religion durch G[otte]s Gnad best\u00e4ndig zu bleiben versprochen vnd angelobet.<\/em><\/p>\n<hr \/>\n<p><span style=\"color: #ff0000;\"><strong><u>Heumann<\/u><\/strong><strong>, Johann Jakob:<\/strong> <\/span>ein Leinweber in Ems; 1689 zum ev.-luth. Glauben konvertiert (KB 1, pag. 778)<\/p>\n<p><strong>oo 30.11.1683 Ems<\/strong><\/p>\n<p>mit <strong>&#8230;, Anna Eva:<\/strong> Tochter des verst. Johannes &#8230;, Soldat auf der Festung Ehrenbreitstein<\/p>\n<table width=\"576\">\n<tbody>\n<tr>\n<td width=\"151\">1) Maria Magdalena<\/td>\n<td width=\"217\">gt. 09.11.1684 Ems<\/td>\n<td width=\"208\">bg. 24.07.1685 Ems<\/td>\n<\/tr>\n<tr>\n<td width=\"151\">2) Anna Maria<\/td>\n<td width=\"217\">gt. 24.02.1686 Ems (St. Matthias)<br \/>\nkonf. 28.05.1699 (Pfingsten)<\/td>\n<td width=\"208\"><\/td>\n<\/tr>\n<tr>\n<td width=\"151\">3) Bartholom\u00e4us<\/td>\n<td width=\"217\">gt. 18.11.1688 Ems<\/td>\n<td width=\"208\">bg. 12.06.1693 Ems<\/td>\n<\/tr>\n<tr>\n<td width=\"151\">4) Johann Georg<\/td>\n<td width=\"217\">gt. 07.12.1690 Ems<br \/>\nkonf. 11.05.1704 (Pfingsten)<\/td>\n<td width=\"208\">bg. 27.06.1704 Ems<\/td>\n<\/tr>\n<\/tbody>\n<\/table>\n<p style=\"text-align: justify;\"><strong>Paten: zu 1) <\/strong><em>Gevattern waren: 1) Magdalena, Peter Krempers Hausfrau; 2) Henrich Rosebach; 3) Anna Maria, Peter Frittges &lt;&#8230;&gt; <\/em>\u2014 <strong>zu 2) <\/strong><em>Gevattern waren: 1) Anna Margreth, Johannes Wittmaars Hau\u00dffrau; 2) Johann Simon, Servatij W\u00f6lflings Sohn; 3) Maria, Jost Dummermuts Frau <\/em>\u2014 <strong>zu 3) <\/strong><em>Tauffpathen waren: Barthol Jost, Kirchen-Senior vnd Gerichts-Sch\u00f6pff allhier, vnd Bartholom\u00e6us Kaphne senior. Die Goth aber ist gewesen: Maria Magdalena, Peter Gl\u00f6ckners zu Scheuern Tochter <\/em>\u2014 <strong>zu 4) <\/strong><em>Tauffpathen sind: Johann Georg Zimmerschied vnd Hans Barthol Zimmerschied alhir in Embs. Die God aber: Anna Elisabetha, Joh[ann] Simon W\u00f6lfflings Hau\u00dffr[au]<\/em><\/p>\n<hr \/>\n<p><span style=\"color: #ff0000;\"><strong><u>Heumann<\/u><\/strong><strong>, Anna Magdalena:<\/strong> <\/span>Tochter des Hans Jakob Heumann; bg. 20.10.1684 Ems<\/p>\n<hr \/>\n<p style=\"text-align: justify;\"><span style=\"color: #ff0000;\"><strong><u>Heumann<\/u><\/strong><strong>, Anna Elisabeth:<\/strong><\/span> Stieftochter der Hans Jakob Heumann, ein Leinweber in Ems; oo (3. Prokl. 23.08.1696 Ems) mit <strong>Johannes <em>Dahr<\/em>:<\/strong> Schuhmacher, Witwer; aus Blankenheim-M\u00fclheim (Kreis Euskirchen)<\/p>\n<hr \/>\n<p style=\"text-align: justify;\"><span style=\"color: #ff0000;\"><strong><u>Heumann<\/u><\/strong><strong>, Andreas:<\/strong><\/span> illeg. Sohn der Anna Sibylla Heumann zu Taunusstein-Seitzenhahn (Rheingau-Taunus-Kreis); bg. 12.01.1690 Ems, 15 Jahre alt (<em>Andreas, der verstorbenen Anna Siby&lt;lla&gt; Heumannin zu Seizenhan im im Bleydenstatter G&lt;ebiet&gt; ohnfern LangenSchwalbach gelegen, so da hiesig&lt;en&gt; Leinenwebers, Hans Jacob Heumanns Sohn gewesen, Hurenkind<\/em>)<\/p>\n<hr \/>\n<p style=\"text-align: justify;\"><strong><span style=\"font-size: 10pt;\">Letzte \u00c4nderung: 27. April 2019<\/span><\/strong><br \/>\n<strong><span style=\"font-size: 10pt;\">Ralph Jackmuth<\/span><\/strong><\/p>\n","protected":false},"excerpt":{"rendered":"<p>Heumann, Thomas: ein Schneider in Ems; bg. 16.05.1707 Ems, 57 Jahre alt oo I. mit Anna Maria: bg. 15.12.1685 Ems 1) Anna Magdalena gt. 07.10.1683 Ems bg. 04.01.1691 Ems 2) Anna Rosina bg. 16.12.1685 Ems oo II. 24.06.1691 Ems (3. Prokl. 14.06.) mit Schupp, Anna Gertrud: Tochter des verst. Johannes Schupp, gewesener Schneider in Ems &hellip; <a href=\"https:\/\/www.ahnenforschung-jackmuth.de\/?page_id=3247\" class=\"more-link\"><span class=\"screen-reader-text\">\u201eEms &#8211; Heumann\u201c<\/span> weiterlesen<\/a><\/p>\n","protected":false},"author":1,"featured_media":0,"parent":0,"menu_order":0,"comment_status":"closed","ping_status":"closed","template":"","meta":{"footnotes":""},"class_list":["post-3247","page","type-page","status-publish","hentry"],"_links":{"self":[{"href":"https:\/\/www.ahnenforschung-jackmuth.de\/index.php?rest_route=\/wp\/v2\/pages\/3247","targetHints":{"allow":["GET"]}}],"collection":[{"href":"https:\/\/www.ahnenforschung-jackmuth.de\/index.php?rest_route=\/wp\/v2\/pages"}],"about":[{"href":"https:\/\/www.ahnenforschung-jackmuth.de\/index.php?rest_route=\/wp\/v2\/types\/page"}],"author":[{"embeddable":true,"href":"https:\/\/www.ahnenforschung-jackmuth.de\/index.php?rest_route=\/wp\/v2\/users\/1"}],"replies":[{"embeddable":true,"href":"https:\/\/www.ahnenforschung-jackmuth.de\/index.php?rest_route=%2Fwp%2Fv2%2Fcomments&post=3247"}],"version-history":[{"count":0,"href":"https:\/\/www.ahnenforschung-jackmuth.de\/index.php?rest_route=\/wp\/v2\/pages\/3247\/revisions"}],"wp:attachment":[{"href":"https:\/\/www.ahnenforschung-jackmuth.de\/index.php?rest_route=%2Fwp%2Fv2%2Fmedia&parent=3247"}],"curies":[{"name":"wp","href":"https:\/\/api.w.org\/{rel}","templated":true}]}}

<p><span style="color: #ff0000;"><strong><u>Heumann</u></strong><strong>, Thomas:</strong></span> ein Schneider in Ems; bg. 16.05.1707 Ems, 57 Jahre alt</p>
<p>oo I. mit <strong>Anna Maria:</strong> bg. 15.12.1685 Ems</p>
<table width="605">
<tbody>
<tr>
<td width="170">1) Anna Magdalena</td>
<td width="198">gt. 07.10.1683 Ems</td>
<td width="236">bg. 04.01.1691 Ems</td>
</tr>
<tr>
<td width="170">2) Anna Rosina</td>
<td width="198"></td>
<td width="236">bg. 16.12.1685 Ems</td>
</tr>
</tbody>
</table>
<p><strong>oo II. 24.06.1691 Ems</strong> (3. Prokl. 14.06.)</p>
<p>mit <strong><u>Schupp</u>, Anna Gertrud:</strong> Tochter des verst. <a href="http://www.ahnenforschung-jackmuth.de/?page_id=3439">Johannes Schupp</a>, gewesener Schneider in Ems</p>
<table width="605">
<tbody>
<tr>
<td width="170">1) Johannes</td>
<td width="198">gt. 24.08.1693 Ems</td>
<td width="236">bg. 22.11.1693 Ems</td>
</tr>
<tr>
<td width="170">2) Elisabeth Margaretha</td>
<td width="198">gt. 18.08.1695 Ems<br />
konf. 12.06.1707 (Pfingsten)</td>
<td width="236">bg. 22.01.1767 Ems</td>
</tr>
<tr>
<td width="170">3) Georg Philipp</td>
<td width="198">gt. 09.10.1698 Ems</td>
<td width="236"></td>
</tr>
<tr>
<td width="170">4) Philipp David</td>
<td width="198">gt. 22.10.1702 Ems</td>
<td width="236">bg. 18.02.1772 Ems</td>
</tr>
<tr>
<td width="170">5) Anna Margaretha</td>
<td width="198">gt. 10.07.1707 Ems</td>
<td width="236"></td>
</tr>
</tbody>
</table>
<p style="text-align: justify;">Thomas Heumann als Abtrünniger (KB 1, pag. 782): <em>In festo Pentecostes [1691] ist der abtrünnige Thomas Heumann, ein Schneider allhier, wiedergekehret /: Jerem[ia] 3 v[ersus] 12 :/, seinen Fall mit Petro beweinet /: Luc[as] 22 v[ersus] 62 :/ vnd in vnserer Kirchen das heilige Abendmahl nach Christi Einsetzung vnd Willen empfangen vnd hinkünfftig bey der lutherisch-evangelischen Religion durch G[otte]s Gnad beständig zu bleiben versprochen vnd angelobet.</em></p>
<hr />
<p><span style="color: #ff0000;"><strong><u>Heumann</u></strong><strong>, Johann Jakob:</strong> </span>ein Leinweber in Ems; 1689 zum ev.-luth. Glauben konvertiert (KB 1, pag. 778)</p>
<p><strong>oo 30.11.1683 Ems</strong></p>
<p>mit <strong>&#8230;, Anna Eva:</strong> Tochter des verst. Johannes &#8230;, Soldat auf der Festung Ehrenbreitstein</p>
<table width="576">
<tbody>
<tr>
<td width="151">1) Maria Magdalena</td>
<td width="217">gt. 09.11.1684 Ems</td>
<td width="208">bg. 24.07.1685 Ems</td>
</tr>
<tr>
<td width="151">2) Anna Maria</td>
<td width="217">gt. 24.02.1686 Ems (St. Matthias)<br />
konf. 28.05.1699 (Pfingsten)</td>
<td width="208"></td>
</tr>
<tr>
<td width="151">3) Bartholomäus</td>
<td width="217">gt. 18.11.1688 Ems</td>
<td width="208">bg. 12.06.1693 Ems</td>
</tr>
<tr>
<td width="151">4) Johann Georg</td>
<td width="217">gt. 07.12.1690 Ems<br />
konf. 11.05.1704 (Pfingsten)</td>
<td width="208">bg. 27.06.1704 Ems</td>
</tr>
</tbody>
</table>
<p style="text-align: justify;"><strong>Paten: zu 1) </strong><em>Gevattern waren: 1) Magdalena, Peter Krempers Hausfrau; 2) Henrich Rosebach; 3) Anna Maria, Peter Frittges &lt;&#8230;&gt; </em>— <strong>zu 2) </strong><em>Gevattern waren: 1) Anna Margreth, Johannes Wittmaars Haußfrau; 2) Johann Simon, Servatij Wölflings Sohn; 3) Maria, Jost Dummermuts Frau </em>— <strong>zu 3) </strong><em>Tauffpathen waren: Barthol Jost, Kirchen-Senior vnd Gerichts-Schöpff allhier, vnd Bartholomæus Kaphne senior. Die Goth aber ist gewesen: Maria Magdalena, Peter Glöckners zu Scheuern Tochter </em>— <strong>zu 4) </strong><em>Tauffpathen sind: Johann Georg Zimmerschied vnd Hans Barthol Zimmerschied alhir in Embs. Die God aber: Anna Elisabetha, Joh[ann] Simon Wölfflings Haußfr[au]</em></p>
<hr />
<p><span style="color: #ff0000;"><strong><u>Heumann</u></strong><strong>, Anna Magdalena:</strong> </span>Tochter des Hans Jakob Heumann; bg. 20.10.1684 Ems</p>
<hr />
<p style="text-align: justify;"><span style="color: #ff0000;"><strong><u>Heumann</u></strong><strong>, Anna Elisabeth:</strong></span> Stieftochter der Hans Jakob Heumann, ein Leinweber in Ems; oo (3. Prokl. 23.08.1696 Ems) mit <strong>Johannes <em>Dahr</em>:</strong> Schuhmacher, Witwer; aus Blankenheim-Mülheim (Kreis Euskirchen)</p>
<hr />
<p style="text-align: justify;"><span style="color: #ff0000;"><strong><u>Heumann</u></strong><strong>, Andreas:</strong></span> illeg. Sohn der Anna Sibylla Heumann zu Taunusstein-Seitzenhahn (Rheingau-Taunus-Kreis); bg. 12.01.1690 Ems, 15 Jahre alt (<em>Andreas, der verstorbenen Anna Siby&lt;lla&gt; Heumannin zu Seizenhan im im Bleydenstatter G&lt;ebiet&gt; ohnfern LangenSchwalbach gelegen, so da hiesig&lt;en&gt; Leinenwebers, Hans Jacob Heumanns Sohn gewesen, Hurenkind</em>)</p>
<hr />
<p style="text-align: justify;"><strong><span style="font-size: 10pt;">Letzte Änderung: 27. April 2019</span></strong><br />
<strong><span style="font-size: 10pt;">Ralph Jackmuth</span></strong></p>
