{"id":3240,"date":"2019-04-27T10:21:43","date_gmt":"2019-04-27T10:21:43","guid":{"rendered":"http:\/\/www.ahnenforschung-jackmuth.de\/?page_id=3240"},"modified":"2019-04-27T10:22:29","modified_gmt":"2019-04-27T10:22:29","slug":"ems-heimbach","status":"publish","type":"page","link":"https:\/\/www.ahnenforschung-jackmuth.de\/?page_id=3240","title":{"rendered":"Ems &#8211; Heimbach"},"content":{"rendered":"<p style=\"text-align: justify;\"><span style=\"color: #ff0000;\"><strong><u>Heimbach<\/u><\/strong><strong>, Johannes:<\/strong><\/span> M\u00fcller in Ems; bg. 18.04.1707 Ems, ca. 50 Jahre alt; ein Anton Heimbach, M\u00fcller im Tal (Ehrenbreitstein) wird 1696 bei den Paten erw\u00e4hnt<\/p>\n<p>oo mit <strong>Anna Barbara: <\/strong>oo II. (3. Prokl. 04.03.1708 Ems) mit Johannes K\u00fcchler aus Arzbach<\/p>\n<table width=\"576\">\n<tbody>\n<tr>\n<td width=\"170\">1) Johannes<\/td>\n<td width=\"151\">* 1682<\/td>\n<td width=\"255\">bg. 12.06.1700 Ems<br \/>\n18 Jahre minus 3 Monate alt<\/td>\n<\/tr>\n<tr>\n<td width=\"170\">2) Johann Georg<\/td>\n<td width=\"151\">gt. 27.09.1691 Ems<\/td>\n<td width=\"255\"><\/td>\n<\/tr>\n<tr>\n<td width=\"170\">3) Georg Karl<\/td>\n<td width=\"151\">gt. 17.09.1693 Ems<\/td>\n<td width=\"255\">bg. 29.05.1696 Ems<\/td>\n<\/tr>\n<tr>\n<td width=\"170\">4) Friederich Wilhelm<\/td>\n<td width=\"151\">gt. 02.07.1696 Ems<\/td>\n<td width=\"255\">bg. 27.03.1704 Ems<\/td>\n<\/tr>\n<tr>\n<td width=\"170\">5) Elisabeth Magdalena<\/td>\n<td width=\"151\">gt. 11.09.1698 Ems<\/td>\n<td width=\"255\"><\/td>\n<\/tr>\n<tr>\n<td width=\"170\">6) Johann Jakob<\/td>\n<td width=\"151\">gt. 17.10.1700 Ems<\/td>\n<td width=\"255\"><\/td>\n<\/tr>\n<tr>\n<td width=\"170\">7) Johann Hermann<\/td>\n<td width=\"151\">gt. 30.09.1703 Ems<\/td>\n<td width=\"255\"><\/td>\n<\/tr>\n<\/tbody>\n<\/table>\n<p style=\"text-align: justify;\"><strong>Paten: zu 2)<\/strong> <em>Tauffpathen sind: H[err] Georg Ludwig Steindecker, f\u00fcrst[lich] hessischer Cammer-Fourier zu Cassel, vnd H[err] Joh[ann] Nicolaus Hermann, f\u00fcrst[lich] hessen-d[a]r[m]bst\u00e4ttischer Vogt auff dem Baad Embs. Die God: Anna Barbara, H[errn] Georg Buchholtzen, Apotheker auff dem Baad, Hau\u00dffrau <\/em>\u2014 <strong>zu 3) <\/strong><em>Tauffpathen sind: Herr Georg Buchholtz, Apotecker auffm Baad, vnd Joh[ann] Carl Ahler, Becker vnd gemeiner Vorsteher auff dem Baad. Die God ist: Anna Keth, Bartholom\u00e6i Caphne des \u00c4ltern Hau\u00dffrau <\/em>\u2014 <strong>zu 4) <\/strong><em>Tauffpathen sind: Friederich Wilhelm, H[errn] Vogts Johann Nicolaus Hermanns Sohn, vnd H[err] Georg Wilhelm Ohlimacher, Chirurgus vnd Barbier auff dem Baad. Die God aber ist: Elisabetha, Anthonij Heimbachs, eines M\u00fcllers im Thal Hau\u00dffrau \/: welche zwar dem Tauff-actui beygewohnet, aber eigent[lich], weilen sie p\u00e4pstischer Religion, das officium com[m]aterinitais durch A[nnam] Barbaram, des Apoteckers Georg Buchholtzen Weib, verrichten lassen :\/ <\/em>\u2014 <strong>zu 5) <\/strong><em>Tauff-Goden sind: Anna Elisabetha, Joh[ann] David Werners, eines Einwohner vnd Beckers allhier, Frau, vnd Anna Magdalena, Joh[ann] Carl Ahlers, eines Einwohner vnd Beckers auff dem Baad F[rau]. Der Path ist: Arnold Metzger, p[ro] t[empore] G\u00e4rtner auff dem Baad <\/em>\u2014 <strong>zu 6) <\/strong><em>Tauffpathen sind: Johann Jacob Br\u00fcck, ein Gerichts- vnd Hoffmann dahier im Zehenden-Hoff, vnd Johann Friederich Schmitt, Einwohner vnd Zimmermann allhier. Die God ist: Maria Apollonia, Martin Steins, des M\u00e4urers, Hau\u00dffrau <\/em>\u2014 <strong>zu 7) <\/strong><em>Tauffpathen sind: Johann Philips Just vnd Johann Hermann M\u00fcller, Einwohner allhier. Die God ist: Anna Elisabetha, Philips Martin Schupps Ehefrau<\/em><\/p>\n<hr \/>\n<p style=\"text-align: justify;\"><strong><span style=\"font-size: 10pt;\">Letzte \u00c4nderung: 27. April 2019<\/span><\/strong><br \/>\n<strong><span style=\"font-size: 10pt;\">Ralph Jackmuth<\/span><\/strong><\/p>\n","protected":false},"excerpt":{"rendered":"<p>Heimbach, Johannes: M\u00fcller in Ems; bg. 18.04.1707 Ems, ca. 50 Jahre alt; ein Anton Heimbach, M\u00fcller im Tal (Ehrenbreitstein) wird 1696 bei den Paten erw\u00e4hnt oo mit Anna Barbara: oo II. (3. Prokl. 04.03.1708 Ems) mit Johannes K\u00fcchler aus Arzbach 1) Johannes * 1682 bg. 12.06.1700 Ems 18 Jahre minus 3 Monate alt 2) Johann &hellip; <a href=\"https:\/\/www.ahnenforschung-jackmuth.de\/?page_id=3240\" class=\"more-link\"><span class=\"screen-reader-text\">\u201eEms &#8211; Heimbach\u201c<\/span> weiterlesen<\/a><\/p>\n","protected":false},"author":1,"featured_media":0,"parent":0,"menu_order":0,"comment_status":"closed","ping_status":"closed","template":"","meta":{"footnotes":""},"class_list":["post-3240","page","type-page","status-publish","hentry"],"_links":{"self":[{"href":"https:\/\/www.ahnenforschung-jackmuth.de\/index.php?rest_route=\/wp\/v2\/pages\/3240","targetHints":{"allow":["GET"]}}],"collection":[{"href":"https:\/\/www.ahnenforschung-jackmuth.de\/index.php?rest_route=\/wp\/v2\/pages"}],"about":[{"href":"https:\/\/www.ahnenforschung-jackmuth.de\/index.php?rest_route=\/wp\/v2\/types\/page"}],"author":[{"embeddable":true,"href":"https:\/\/www.ahnenforschung-jackmuth.de\/index.php?rest_route=\/wp\/v2\/users\/1"}],"replies":[{"embeddable":true,"href":"https:\/\/www.ahnenforschung-jackmuth.de\/index.php?rest_route=%2Fwp%2Fv2%2Fcomments&post=3240"}],"version-history":[{"count":0,"href":"https:\/\/www.ahnenforschung-jackmuth.de\/index.php?rest_route=\/wp\/v2\/pages\/3240\/revisions"}],"wp:attachment":[{"href":"https:\/\/www.ahnenforschung-jackmuth.de\/index.php?rest_route=%2Fwp%2Fv2%2Fmedia&parent=3240"}],"curies":[{"name":"wp","href":"https:\/\/api.w.org\/{rel}","templated":true}]}}

<p style="text-align: justify;"><span style="color: #ff0000;"><strong><u>Heimbach</u></strong><strong>, Johannes:</strong></span> Müller in Ems; bg. 18.04.1707 Ems, ca. 50 Jahre alt; ein Anton Heimbach, Müller im Tal (Ehrenbreitstein) wird 1696 bei den Paten erwähnt</p>
<p>oo mit <strong>Anna Barbara: </strong>oo II. (3. Prokl. 04.03.1708 Ems) mit Johannes Küchler aus Arzbach</p>
<table width="576">
<tbody>
<tr>
<td width="170">1) Johannes</td>
<td width="151">* 1682</td>
<td width="255">bg. 12.06.1700 Ems<br />
18 Jahre minus 3 Monate alt</td>
</tr>
<tr>
<td width="170">2) Johann Georg</td>
<td width="151">gt. 27.09.1691 Ems</td>
<td width="255"></td>
</tr>
<tr>
<td width="170">3) Georg Karl</td>
<td width="151">gt. 17.09.1693 Ems</td>
<td width="255">bg. 29.05.1696 Ems</td>
</tr>
<tr>
<td width="170">4) Friederich Wilhelm</td>
<td width="151">gt. 02.07.1696 Ems</td>
<td width="255">bg. 27.03.1704 Ems</td>
</tr>
<tr>
<td width="170">5) Elisabeth Magdalena</td>
<td width="151">gt. 11.09.1698 Ems</td>
<td width="255"></td>
</tr>
<tr>
<td width="170">6) Johann Jakob</td>
<td width="151">gt. 17.10.1700 Ems</td>
<td width="255"></td>
</tr>
<tr>
<td width="170">7) Johann Hermann</td>
<td width="151">gt. 30.09.1703 Ems</td>
<td width="255"></td>
</tr>
</tbody>
</table>
<p style="text-align: justify;"><strong>Paten: zu 2)</strong> <em>Tauffpathen sind: H[err] Georg Ludwig Steindecker, fürst[lich] hessischer Cammer-Fourier zu Cassel, vnd H[err] Joh[ann] Nicolaus Hermann, fürst[lich] hessen-d[a]r[m]bstättischer Vogt auff dem Baad Embs. Die God: Anna Barbara, H[errn] Georg Buchholtzen, Apotheker auff dem Baad, Haußfrau </em>— <strong>zu 3) </strong><em>Tauffpathen sind: Herr Georg Buchholtz, Apotecker auffm Baad, vnd Joh[ann] Carl Ahler, Becker vnd gemeiner Vorsteher auff dem Baad. Die God ist: Anna Keth, Bartholomæi Caphne des Ältern Haußfrau </em>— <strong>zu 4) </strong><em>Tauffpathen sind: Friederich Wilhelm, H[errn] Vogts Johann Nicolaus Hermanns Sohn, vnd H[err] Georg Wilhelm Ohlimacher, Chirurgus vnd Barbier auff dem Baad. Die God aber ist: Elisabetha, Anthonij Heimbachs, eines Müllers im Thal Haußfrau /: welche zwar dem Tauff-actui beygewohnet, aber eigent[lich], weilen sie päpstischer Religion, das officium com[m]aterinitais durch A[nnam] Barbaram, des Apoteckers Georg Buchholtzen Weib, verrichten lassen :/ </em>— <strong>zu 5) </strong><em>Tauff-Goden sind: Anna Elisabetha, Joh[ann] David Werners, eines Einwohner vnd Beckers allhier, Frau, vnd Anna Magdalena, Joh[ann] Carl Ahlers, eines Einwohner vnd Beckers auff dem Baad F[rau]. Der Path ist: Arnold Metzger, p[ro] t[empore] Gärtner auff dem Baad </em>— <strong>zu 6) </strong><em>Tauffpathen sind: Johann Jacob Brück, ein Gerichts- vnd Hoffmann dahier im Zehenden-Hoff, vnd Johann Friederich Schmitt, Einwohner vnd Zimmermann allhier. Die God ist: Maria Apollonia, Martin Steins, des Mäurers, Haußfrau </em>— <strong>zu 7) </strong><em>Tauffpathen sind: Johann Philips Just vnd Johann Hermann Müller, Einwohner allhier. Die God ist: Anna Elisabetha, Philips Martin Schupps Ehefrau</em></p>
<hr />
<p style="text-align: justify;"><strong><span style="font-size: 10pt;">Letzte Änderung: 27. April 2019</span></strong><br />
<strong><span style="font-size: 10pt;">Ralph Jackmuth</span></strong></p>

<p>Heimbach, Johannes: Müller in Ems; bg. 18.04.1707 Ems, ca. 50 Jahre alt; ein Anton Heimbach, Müller im Tal (Ehrenbreitstein) wird 1696 bei den Paten erwähnt oo mit Anna Barbara: oo II. (3. Prokl. 04.03.1708 Ems) mit Johannes Küchler aus Arzbach 1) Johannes * 1682 bg. 12.06.1700 Ems 18 Jahre minus 3 Monate alt 2) Johann &hellip; <a href="https://www.ahnenforschung-jackmuth.de/?page_id=3240" class="more-link"><span class="screen-reader-text">„Ems &#8211; Heimbach“</span> weiterlesen</a></p>
