{"id":3225,"date":"2019-04-27T09:58:43","date_gmt":"2019-04-27T09:58:43","guid":{"rendered":"http:\/\/www.ahnenforschung-jackmuth.de\/?page_id=3225"},"modified":"2019-04-28T11:41:01","modified_gmt":"2019-04-28T11:41:01","slug":"ems-f-diverse","status":"publish","type":"page","link":"https:\/\/www.ahnenforschung-jackmuth.de\/?page_id=3225","title":{"rendered":"Ems &#8211; F (Diverse)"},"content":{"rendered":"<p><span style=\"color: #ff0000;\"><strong><u>Ferber<\/u><\/strong><strong>, Andreas:<\/strong><\/span> ein beisitzender Schuhmacher zu Ems<\/p>\n<p>oo mit <strong>Anna Klara<\/strong><\/p>\n<table width=\"586\">\n<tbody>\n<tr>\n<td width=\"208\">Maria Barbara<\/td>\n<td width=\"161\">gt. 16.02.1700 Ems<\/td>\n<td width=\"217\"><\/td>\n<\/tr>\n<\/tbody>\n<\/table>\n<p style=\"text-align: justify;\"><strong>Paten:<\/strong> <em>Tauff-Goden sind: Maria Catharina Raasbachin vnd Barbara, Johannis Ferbers, eines Schulmeisters zu Montabaur, Hau\u00dffrau \/: vor v[nd] bey welcher, weilen sie p\u00e4pstischer Religion, gestanden am Tauffstein Maria Elisabetha Kellerin, sonsten &#8222;die K\u00e4\u00dffrau&#8220; genant :\/ Der Path ist: Johann Henrich, Joh[ann] Philips Eichholtzen Sohn<\/em><\/p>\n<hr \/>\n<p style=\"text-align: justify;\"><span style=\"color: #ff0000;\"><strong><em><u>Ferg<\/u><\/em><\/strong><strong>, Hans Peter:<\/strong><\/span> aus Frankfurt-H\u00f6chst; ist 1699 Vater eines illeg. Kindes: s. u. <a href=\"http:\/\/www.ahnenforschung-jackmuth.de\/?page_id=3525\">Zimmerschied, Elisabeth Katharina<\/a><\/p>\n<hr \/>\n<p><em>\u00a0<\/em><span style=\"color: #ff0000;\"><strong><em><u>Finck<\/u><\/em><\/strong><strong>, &lt;&#8230;&gt;: <\/strong><\/span>ein Schafhirte in Ems; bg. 31.01.1708 Ems, 22 Jahre und etliche Monate alt<\/p>\n<hr \/>\n<p><span style=\"color: #ff0000;\"><strong><u>Fischer<\/u><\/strong><strong>, Andreas: <\/strong><\/span>ein sich zur Zeit in Ems aufhaltender Sattler (1696), dann am Bad (1704); bg. 29.03.1704 Ems, 68 Jahre 8 Monate und 19 Tage alt<\/p>\n<p>oo mit <strong>N. N.<\/strong><\/p>\n<table width=\"586\">\n<tbody>\n<tr>\n<td width=\"123\">Anna Katharina<\/td>\n<td width=\"76\"><\/td>\n<td width=\"387\">Patin 21.05.1696 bei Andreas <em>Soiger<\/em> in Ems<br \/>\noo 07.07.1696 Ems mit Johann Georg Br\u00fcck auf dem Bad<\/td>\n<\/tr>\n<\/tbody>\n<\/table>\n<hr \/>\n<p><span style=\"color: #ff0000;\"><strong><u>Fisselius<\/u><\/strong><strong>, Franz Anton:<\/strong><\/span> Sohn des Johann Leonhard Fisselius, ein armer Mann, geb\u00fcrtig zu &lt;&#8230;&gt;;<br \/>\nbg. 17.06.1696 Ems, 2 \u00bd &lt;&#8230;&gt; (Jahre ?) alt<\/p>\n<hr \/>\n<p><span style=\"color: #ff0000;\"><strong><u>Fl\u00f6ck<\/u><\/strong><strong>, Johann Jakob<\/strong><\/span><\/p>\n<p>oo mit <strong><u>Leyendecker<\/u>, Maria Elisabeth<\/strong><\/p>\n<table width=\"586\">\n<tbody>\n<tr>\n<td width=\"113\">Anna Barbara<\/td>\n<td width=\"274\">gt. 02.12.1714 Ems(1. Adventssonntag)<\/td>\n<td width=\"198\">bg. 09.12.1762 Ems<\/td>\n<\/tr>\n<\/tbody>\n<\/table>\n<p style=\"text-align: justify;\"><strong>Paten:<\/strong> <em>Anna Barbara Wernerin; Joh[ann] Michael Leyendecker von Hahnstetten; Anna Elisabetha G\u00f6belin zu Na\u00dfau<\/em><\/p>\n<hr \/>\n<p><span style=\"color: #ff0000;\"><strong><em><u>Florett<\/u><\/em><\/strong><strong>, Johann Philipp:<\/strong><\/span> ein Zimmermann in Ems<\/p>\n<p>oo mit <strong>Anna Christina<\/strong><\/p>\n<table width=\"586\">\n<tbody>\n<tr>\n<td width=\"132\">Johann Georg<\/td>\n<td width=\"189\">gt. 16.03.1721 Ems<\/td>\n<td width=\"265\"><\/td>\n<\/tr>\n<\/tbody>\n<\/table>\n<p style=\"text-align: justify;\"><strong>Paten:<\/strong><em> Gevattern sind gewesen: 1) Johan[n] Georg Rosenbach, zeitiger Gerichtssch\u00f6pff, auch Burger u[nd] Einwohne dahier; 2) Thomas Florett, Einwohner zu Zim[m]erschitt im Dreyherrischen; 3) Elisabetha Meuerin, ebenfalls von Zim[m]erschitt im 3herrischen<\/em><\/p>\n<hr \/>\n<p><span style=\"color: #ff0000;\"><strong><u>Frohnsberg<\/u><\/strong><strong>, Johannes:<\/strong><\/span> ein Schneider aus Kirchen-Freusburg (Lkr. Altenkirchen)<\/p>\n<p>oo mit <strong>Gertrud<\/strong><\/p>\n<table width=\"586\">\n<tbody>\n<tr>\n<td width=\"208\">Georg Adam<\/td>\n<td width=\"161\">gt. 10.09.1693 Ems<\/td>\n<td width=\"217\"><\/td>\n<\/tr>\n<\/tbody>\n<\/table>\n<hr \/>\n<p><span style=\"color: #ff0000;\"><strong><u>F\u00fchrer<\/u><\/strong><strong>, Christian:<\/strong> <\/span>ein Zimmermann aus Rhens; bg. 17.09.1704 Ems, ca. &lt;&#8230;&gt; alt<\/p>\n<hr \/>\n<p style=\"text-align: justify;\"><strong><span style=\"font-size: 10pt;\">Letzte \u00c4nderung: 27. April 2019<\/span><\/strong><br \/>\n<strong><span style=\"font-size: 10pt;\">Ralph Jackmuth<\/span><\/strong><\/p>\n","protected":false},"excerpt":{"rendered":"<p>Ferber, Andreas: ein beisitzender Schuhmacher zu Ems oo mit Anna Klara Maria Barbara gt. 16.02.1700 Ems Paten: Tauff-Goden sind: Maria Catharina Raasbachin vnd Barbara, Johannis Ferbers, eines Schulmeisters zu Montabaur, Hau\u00dffrau \/: vor v[nd] bey welcher, weilen sie p\u00e4pstischer Religion, gestanden am Tauffstein Maria Elisabetha Kellerin, sonsten &#8222;die K\u00e4\u00dffrau&#8220; genant :\/ Der Path ist: Johann &hellip; <a href=\"https:\/\/www.ahnenforschung-jackmuth.de\/?page_id=3225\" class=\"more-link\"><span class=\"screen-reader-text\">\u201eEms &#8211; F (Diverse)\u201c<\/span> weiterlesen<\/a><\/p>\n","protected":false},"author":1,"featured_media":0,"parent":0,"menu_order":0,"comment_status":"closed","ping_status":"closed","template":"","meta":{"footnotes":""},"class_list":["post-3225","page","type-page","status-publish","hentry"],"_links":{"self":[{"href":"https:\/\/www.ahnenforschung-jackmuth.de\/index.php?rest_route=\/wp\/v2\/pages\/3225","targetHints":{"allow":["GET"]}}],"collection":[{"href":"https:\/\/www.ahnenforschung-jackmuth.de\/index.php?rest_route=\/wp\/v2\/pages"}],"about":[{"href":"https:\/\/www.ahnenforschung-jackmuth.de\/index.php?rest_route=\/wp\/v2\/types\/page"}],"author":[{"embeddable":true,"href":"https:\/\/www.ahnenforschung-jackmuth.de\/index.php?rest_route=\/wp\/v2\/users\/1"}],"replies":[{"embeddable":true,"href":"https:\/\/www.ahnenforschung-jackmuth.de\/index.php?rest_route=%2Fwp%2Fv2%2Fcomments&post=3225"}],"version-history":[{"count":0,"href":"https:\/\/www.ahnenforschung-jackmuth.de\/index.php?rest_route=\/wp\/v2\/pages\/3225\/revisions"}],"wp:attachment":[{"href":"https:\/\/www.ahnenforschung-jackmuth.de\/index.php?rest_route=%2Fwp%2Fv2%2Fmedia&parent=3225"}],"curies":[{"name":"wp","href":"https:\/\/api.w.org\/{rel}","templated":true}]}}

<p><span style="color: #ff0000;"><strong><u>Ferber</u></strong><strong>, Andreas:</strong></span> ein beisitzender Schuhmacher zu Ems</p>
<p>oo mit <strong>Anna Klara</strong></p>
<table width="586">
<tbody>
<tr>
<td width="208">Maria Barbara</td>
<td width="161">gt. 16.02.1700 Ems</td>
<td width="217"></td>
</tr>
</tbody>
</table>
<p style="text-align: justify;"><strong>Paten:</strong> <em>Tauff-Goden sind: Maria Catharina Raasbachin vnd Barbara, Johannis Ferbers, eines Schulmeisters zu Montabaur, Haußfrau /: vor v[nd] bey welcher, weilen sie päpstischer Religion, gestanden am Tauffstein Maria Elisabetha Kellerin, sonsten &#8222;die Käßfrau&#8220; genant :/ Der Path ist: Johann Henrich, Joh[ann] Philips Eichholtzen Sohn</em></p>
<hr />
<p style="text-align: justify;"><span style="color: #ff0000;"><strong><em><u>Ferg</u></em></strong><strong>, Hans Peter:</strong></span> aus Frankfurt-Höchst; ist 1699 Vater eines illeg. Kindes: s. u. <a href="http://www.ahnenforschung-jackmuth.de/?page_id=3525">Zimmerschied, Elisabeth Katharina</a></p>
<hr />
<p><em> </em><span style="color: #ff0000;"><strong><em><u>Finck</u></em></strong><strong>, &lt;&#8230;&gt;: </strong></span>ein Schafhirte in Ems; bg. 31.01.1708 Ems, 22 Jahre und etliche Monate alt</p>
<hr />
<p><span style="color: #ff0000;"><strong><u>Fischer</u></strong><strong>, Andreas: </strong></span>ein sich zur Zeit in Ems aufhaltender Sattler (1696), dann am Bad (1704); bg. 29.03.1704 Ems, 68 Jahre 8 Monate und 19 Tage alt</p>
<p>oo mit <strong>N. N.</strong></p>
<table width="586">
<tbody>
<tr>
<td width="123">Anna Katharina</td>
<td width="76"></td>
<td width="387">Patin 21.05.1696 bei Andreas <em>Soiger</em> in Ems<br />
oo 07.07.1696 Ems mit Johann Georg Brück auf dem Bad</td>
</tr>
</tbody>
</table>
<hr />
<p><span style="color: #ff0000;"><strong><u>Fisselius</u></strong><strong>, Franz Anton:</strong></span> Sohn des Johann Leonhard Fisselius, ein armer Mann, gebürtig zu &lt;&#8230;&gt;;<br />
bg. 17.06.1696 Ems, 2 ½ &lt;&#8230;&gt; (Jahre ?) alt</p>
<hr />
<p><span style="color: #ff0000;"><strong><u>Flöck</u></strong><strong>, Johann Jakob</strong></span></p>
<p>oo mit <strong><u>Leyendecker</u>, Maria Elisabeth</strong></p>
<table width="586">
<tbody>
<tr>
<td width="113">Anna Barbara</td>
<td width="274">gt. 02.12.1714 Ems(1. Adventssonntag)</td>
<td width="198">bg. 09.12.1762 Ems</td>
</tr>
</tbody>
</table>
<p style="text-align: justify;"><strong>Paten:</strong> <em>Anna Barbara Wernerin; Joh[ann] Michael Leyendecker von Hahnstetten; Anna Elisabetha Göbelin zu Naßau</em></p>
<hr />
<p><span style="color: #ff0000;"><strong><em><u>Florett</u></em></strong><strong>, Johann Philipp:</strong></span> ein Zimmermann in Ems</p>
<p>oo mit <strong>Anna Christina</strong></p>
<table width="586">
<tbody>
<tr>
<td width="132">Johann Georg</td>
<td width="189">gt. 16.03.1721 Ems</td>
<td width="265"></td>
</tr>
</tbody>
</table>
<p style="text-align: justify;"><strong>Paten:</strong><em> Gevattern sind gewesen: 1) Johan[n] Georg Rosenbach, zeitiger Gerichtsschöpff, auch Burger u[nd] Einwohne dahier; 2) Thomas Florett, Einwohner zu Zim[m]erschitt im Dreyherrischen; 3) Elisabetha Meuerin, ebenfalls von Zim[m]erschitt im 3herrischen</em></p>
<hr />
<p><span style="color: #ff0000;"><strong><u>Frohnsberg</u></strong><strong>, Johannes:</strong></span> ein Schneider aus Kirchen-Freusburg (Lkr. Altenkirchen)</p>
<p>oo mit <strong>Gertrud</strong></p>
<table width="586">
<tbody>
<tr>
<td width="208">Georg Adam</td>
<td width="161">gt. 10.09.1693 Ems</td>
<td width="217"></td>
</tr>
</tbody>
</table>
<hr />
<p><span style="color: #ff0000;"><strong><u>Führer</u></strong><strong>, Christian:</strong> </span>ein Zimmermann aus Rhens; bg. 17.09.1704 Ems, ca. &lt;&#8230;&gt; alt</p>
<hr />
<p style="text-align: justify;"><strong><span style="font-size: 10pt;">Letzte Änderung: 27. April 2019</span></strong><br />
<strong><span style="font-size: 10pt;">Ralph Jackmuth</span></strong></p>

<p>Ferber, Andreas: ein beisitzender Schuhmacher zu Ems oo mit Anna Klara Maria Barbara gt. 16.02.1700 Ems Paten: Tauff-Goden sind: Maria Catharina Raasbachin vnd Barbara, Johannis Ferbers, eines Schulmeisters zu Montabaur, Haußfrau /: vor v[nd] bey welcher, weilen sie päpstischer Religion, gestanden am Tauffstein Maria Elisabetha Kellerin, sonsten &#8222;die Käßfrau&#8220; genant :/ Der Path ist: Johann &hellip; <a href="https://www.ahnenforschung-jackmuth.de/?page_id=3225" class="more-link"><span class="screen-reader-text">„Ems &#8211; F (Diverse)“</span> weiterlesen</a></p>
