{"id":3162,"date":"2019-04-27T09:18:12","date_gmt":"2019-04-27T09:18:12","guid":{"rendered":"http:\/\/www.ahnenforschung-jackmuth.de\/?page_id=3162"},"modified":"2019-04-27T09:18:12","modified_gmt":"2019-04-27T09:18:12","slug":"ems-bretz","status":"publish","type":"page","link":"https:\/\/www.ahnenforschung-jackmuth.de\/?page_id=3162","title":{"rendered":"Ems &#8211; Bretz"},"content":{"rendered":"<p><span style=\"color: #ff0000;\"><strong><u>Bretz<\/u><\/strong><strong>, Hans Peter:<\/strong><\/span> M\u00fcller in Ems; evtl. aus Elz (Lkr. Limburg-Weilburg)<\/p>\n<p>oo mit <strong>Katharina<\/strong><\/p>\n<table width=\"595\">\n<tbody>\n<tr>\n<td style=\"width: 256.45px;\">1) Johann Peter Ernstin<\/td>\n<td style=\"width: 193.05px;\">gt. 17.04.1702 Ems<\/td>\n<td style=\"width: 344.5px;\">bg. 08.02.1703 Ems<\/td>\n<\/tr>\n<tr>\n<td style=\"width: 256.45px;\">2) Johann Jakob<\/td>\n<td style=\"width: 193.05px;\">gt. 27.01.1704 Ems<\/td>\n<td style=\"width: 344.5px;\">bg. 30.08.1704 Ems<\/td>\n<\/tr>\n<tr>\n<td style=\"width: 256.45px;\">3) Anna Margaretha Katharina<\/td>\n<td style=\"width: 193.05px;\">gt. 02.08.1705 Ems<\/td>\n<td style=\"width: 344.5px;\">bg. 22.02.1766 Ems<\/td>\n<\/tr>\n<tr>\n<td style=\"width: 256.45px;\">4) Anna Magdalena<\/td>\n<td style=\"width: 193.05px;\">gt. 18.03.1708 Ems<\/td>\n<td style=\"width: 344.5px;\"><\/td>\n<\/tr>\n<tr>\n<td style=\"width: 256.45px;\">5) Friedrich Christoph<\/td>\n<td style=\"width: 193.05px;\">gt. 07.12.1710 Ems<\/td>\n<td style=\"width: 344.5px;\"><\/td>\n<\/tr>\n<\/tbody>\n<\/table>\n<p style=\"text-align: justify;\"><strong>Paten: zu 1) <\/strong><em>Tauffpathen sind: Joh[ann] Peter W\u00fcrtz, gemeiner Becker dahier zu Embs, vnd Johann Philips Eichholtz, ein Gerichts-Sch\u00f6pff allhier. Die God ist: Elisabetha Charlotta Ernestina, des H[errn] Vogt Hermanns J[ung]f[e]r Tochter auff dem hessischen Baad <\/em>\u2014 <strong>zu 2) <\/strong><em>Tauffpathen sind: Meister Johann Jacob Kreckel, M\u00fcller dahier zu Embs, vnd Johann Jacob Scheffer, ein Einwohner hier in Embs. Die God ist: Magretha, Meister Lorentz Kuntzen, des hiesigen Nagelschmitts Ehefrau, vor &lt;&#8230;&gt;, weilen sie p\u00e4pstischer Religion, am Tauffstein gestanden: Anna Catharina, oberwehnten Kreckels Hau\u00dffrau <\/em>\u2014 <strong>zu 3) <\/strong><em>Tauff-Goden sind: Anna Margretha, des Zimmermeisters Johannes Scheuen Tochter, vnd Anna Catharina, wei[land] Hans Jacob Br\u00fccken nachgelassene Wittib. Der Path ist: Johann Daniel Werner allhier <\/em>\u2014 <strong>zu 4) <\/strong><em>Tauff-Goden sind: Frau Anna Magdalena, des h[och]f\u00fcrst[lich] hessischen-d[a]r[m]bst[\u00e4ttischen] Vogts H[errn] Joh[ann] Nicolaus Hermann zu Baad Embs Eheliebste vnd A[nna] Catharina, Anthonij de Crom, eines h[uis] t[empore] Tuchkr\u00e4m[m]ers am Baad-Weg Ehefrau. Der Path ist: Joh[ann] Otto J\u00e4ger, ein Einwohner allhier <\/em>\u2014 <strong>zu 5) <\/strong><em>Tauffpathen sind: Herr Friederich Wilhelm Hermann zu Baad Embs, der Rechten Studiosus, vnd H[err] Joh[ann] Christoph Hermann, ein Barbierer zu besagtem Baad. Die God ist: Frau Christina Maria, H[errn] Joh[ann] Christoph G\u00f6decks, zeitlichen Vogt- vnd Ambtmanns auff dem hochf\u00fcrst[lich] nassau-dietzischen Baad, Hau\u00dffrau, welcher aber nicht selbst, sondern J[ung]fer Anna Jacobina Ohlimacherin, diese christliche Stelle vertretten<\/em><\/p>\n<hr \/>\n<p style=\"text-align: justify;\"><strong><span style=\"font-size: 10pt;\">Letzte \u00c4nderung: 27. April 2019<\/span><\/strong><br \/>\n<strong><span style=\"font-size: 10pt;\">Ralph Jackmuth<\/span><\/strong><\/p>\n","protected":false},"excerpt":{"rendered":"<p>Bretz, Hans Peter: M\u00fcller in Ems; evtl. aus Elz (Lkr. Limburg-Weilburg) oo mit Katharina 1) Johann Peter Ernstin gt. 17.04.1702 Ems bg. 08.02.1703 Ems 2) Johann Jakob gt. 27.01.1704 Ems bg. 30.08.1704 Ems 3) Anna Margaretha Katharina gt. 02.08.1705 Ems bg. 22.02.1766 Ems 4) Anna Magdalena gt. 18.03.1708 Ems 5) Friedrich Christoph gt. 07.12.1710 Ems &hellip; <a href=\"https:\/\/www.ahnenforschung-jackmuth.de\/?page_id=3162\" class=\"more-link\"><span class=\"screen-reader-text\">\u201eEms &#8211; Bretz\u201c<\/span> weiterlesen<\/a><\/p>\n","protected":false},"author":1,"featured_media":0,"parent":0,"menu_order":0,"comment_status":"closed","ping_status":"closed","template":"","meta":{"footnotes":""},"class_list":["post-3162","page","type-page","status-publish","hentry"],"_links":{"self":[{"href":"https:\/\/www.ahnenforschung-jackmuth.de\/index.php?rest_route=\/wp\/v2\/pages\/3162","targetHints":{"allow":["GET"]}}],"collection":[{"href":"https:\/\/www.ahnenforschung-jackmuth.de\/index.php?rest_route=\/wp\/v2\/pages"}],"about":[{"href":"https:\/\/www.ahnenforschung-jackmuth.de\/index.php?rest_route=\/wp\/v2\/types\/page"}],"author":[{"embeddable":true,"href":"https:\/\/www.ahnenforschung-jackmuth.de\/index.php?rest_route=\/wp\/v2\/users\/1"}],"replies":[{"embeddable":true,"href":"https:\/\/www.ahnenforschung-jackmuth.de\/index.php?rest_route=%2Fwp%2Fv2%2Fcomments&post=3162"}],"version-history":[{"count":0,"href":"https:\/\/www.ahnenforschung-jackmuth.de\/index.php?rest_route=\/wp\/v2\/pages\/3162\/revisions"}],"wp:attachment":[{"href":"https:\/\/www.ahnenforschung-jackmuth.de\/index.php?rest_route=%2Fwp%2Fv2%2Fmedia&parent=3162"}],"curies":[{"name":"wp","href":"https:\/\/api.w.org\/{rel}","templated":true}]}}

<p><span style="color: #ff0000;"><strong><u>Bretz</u></strong><strong>, Hans Peter:</strong></span> Müller in Ems; evtl. aus Elz (Lkr. Limburg-Weilburg)</p>
<p>oo mit <strong>Katharina</strong></p>
<table width="595">
<tbody>
<tr>
<td style="width: 256.45px;">1) Johann Peter Ernstin</td>
<td style="width: 193.05px;">gt. 17.04.1702 Ems</td>
<td style="width: 344.5px;">bg. 08.02.1703 Ems</td>
</tr>
<tr>
<td style="width: 256.45px;">2) Johann Jakob</td>
<td style="width: 193.05px;">gt. 27.01.1704 Ems</td>
<td style="width: 344.5px;">bg. 30.08.1704 Ems</td>
</tr>
<tr>
<td style="width: 256.45px;">3) Anna Margaretha Katharina</td>
<td style="width: 193.05px;">gt. 02.08.1705 Ems</td>
<td style="width: 344.5px;">bg. 22.02.1766 Ems</td>
</tr>
<tr>
<td style="width: 256.45px;">4) Anna Magdalena</td>
<td style="width: 193.05px;">gt. 18.03.1708 Ems</td>
<td style="width: 344.5px;"></td>
</tr>
<tr>
<td style="width: 256.45px;">5) Friedrich Christoph</td>
<td style="width: 193.05px;">gt. 07.12.1710 Ems</td>
<td style="width: 344.5px;"></td>
</tr>
</tbody>
</table>
<p style="text-align: justify;"><strong>Paten: zu 1) </strong><em>Tauffpathen sind: Joh[ann] Peter Würtz, gemeiner Becker dahier zu Embs, vnd Johann Philips Eichholtz, ein Gerichts-Schöpff allhier. Die God ist: Elisabetha Charlotta Ernestina, des H[errn] Vogt Hermanns J[ung]f[e]r Tochter auff dem hessischen Baad </em>— <strong>zu 2) </strong><em>Tauffpathen sind: Meister Johann Jacob Kreckel, Müller dahier zu Embs, vnd Johann Jacob Scheffer, ein Einwohner hier in Embs. Die God ist: Magretha, Meister Lorentz Kuntzen, des hiesigen Nagelschmitts Ehefrau, vor &lt;&#8230;&gt;, weilen sie päpstischer Religion, am Tauffstein gestanden: Anna Catharina, oberwehnten Kreckels Haußfrau </em>— <strong>zu 3) </strong><em>Tauff-Goden sind: Anna Margretha, des Zimmermeisters Johannes Scheuen Tochter, vnd Anna Catharina, wei[land] Hans Jacob Brücken nachgelassene Wittib. Der Path ist: Johann Daniel Werner allhier </em>— <strong>zu 4) </strong><em>Tauff-Goden sind: Frau Anna Magdalena, des h[och]fürst[lich] hessischen-d[a]r[m]bst[ättischen] Vogts H[errn] Joh[ann] Nicolaus Hermann zu Baad Embs Eheliebste vnd A[nna] Catharina, Anthonij de Crom, eines h[uis] t[empore] Tuchkräm[m]ers am Baad-Weg Ehefrau. Der Path ist: Joh[ann] Otto Jäger, ein Einwohner allhier </em>— <strong>zu 5) </strong><em>Tauffpathen sind: Herr Friederich Wilhelm Hermann zu Baad Embs, der Rechten Studiosus, vnd H[err] Joh[ann] Christoph Hermann, ein Barbierer zu besagtem Baad. Die God ist: Frau Christina Maria, H[errn] Joh[ann] Christoph Gödecks, zeitlichen Vogt- vnd Ambtmanns auff dem hochfürst[lich] nassau-dietzischen Baad, Haußfrau, welcher aber nicht selbst, sondern J[ung]fer Anna Jacobina Ohlimacherin, diese christliche Stelle vertretten</em></p>
<hr />
<p style="text-align: justify;"><strong><span style="font-size: 10pt;">Letzte Änderung: 27. April 2019</span></strong><br />
<strong><span style="font-size: 10pt;">Ralph Jackmuth</span></strong></p>

<p>Bretz, Hans Peter: Müller in Ems; evtl. aus Elz (Lkr. Limburg-Weilburg) oo mit Katharina 1) Johann Peter Ernstin gt. 17.04.1702 Ems bg. 08.02.1703 Ems 2) Johann Jakob gt. 27.01.1704 Ems bg. 30.08.1704 Ems 3) Anna Margaretha Katharina gt. 02.08.1705 Ems bg. 22.02.1766 Ems 4) Anna Magdalena gt. 18.03.1708 Ems 5) Friedrich Christoph gt. 07.12.1710 Ems &hellip; <a href="https://www.ahnenforschung-jackmuth.de/?page_id=3162" class="more-link"><span class="screen-reader-text">„Ems &#8211; Bretz“</span> weiterlesen</a></p>
