{"id":187,"date":"2016-10-03T22:19:29","date_gmt":"2016-10-03T22:19:29","guid":{"rendered":"http:\/\/www.ahnenforschung-jackmuth.de\/?page_id=187"},"modified":"2023-05-15T16:31:17","modified_gmt":"2023-05-15T16:31:17","slug":"familie-nr-5","status":"publish","type":"page","link":"https:\/\/www.ahnenforschung-jackmuth.de\/?page_id=187","title":{"rendered":"Familie Nr. 05"},"content":{"rendered":"<p>OFB Nievern Nr. 933<\/p>\n<table border=\"0\" width=\"100%\" cellspacing=\"0\" cellpadding=\"4\">\n<tbody>\n<tr valign=\"TOP\">\n<td width=\"50%\"><strong>Jakob Jackmuth<br \/>\n<\/strong>Ackersmann<br \/>\n* <strong>20.08.1753 Nievern<\/strong> (get. 21.08.)<br \/>\n+ <strong>08.10.1834 Miellen<\/strong> (begr. 10.10.)<\/p>\n<p style=\"text-align: justify;\"><strong>Eltern: <\/strong><a href=\"http:\/\/www.ahnenforschung-jackmuth.de\/?page_id=151\">s. Fam. Nr. 3<\/a><\/p>\n<p style=\"text-align: justify;\"><strong>Bem.: <\/strong>Nach der Bemerkung im Sterbeeintrag 1834 hinterl\u00e4\u00dft er einen Sohn und zwei T\u00f6chter<\/p>\n<\/td>\n<td width=\"50%\"><strong>Anna Barbara Kunz <\/strong>(<em>Conz\/Contz<\/em>)<br \/>\n<strong>* 11.05.1751 Dorndorf<\/strong>, Pfarrei Frickhofen<br \/>\n(get. 13.05.)<br \/>\n<strong>+ 16.01.1814<\/strong> <strong> Miellen <\/strong> (begr. 18.01.)<\/p>\n<p style=\"text-align: justify;\"><strong>Eltern: <\/strong>Johannes Kunz (bei der Trauung seiner Tochter 1783 bereits +) und Anna Barbara P\u00f6tsch (* oder get. 27.12.1713 Langendernbach); oo 14.11.1731 Langendernbach. Diese Daten sind dem Familienbuch f\u00fcr die Pfarrei Frickhofen von Josef Stahl entnommen.<\/p>\n<p style=\"text-align: justify;\"><strong>Bem.: <\/strong>Findet sich 1783 ebenfalls im KB St. Kastor, Koblenz (Trauung) als Dienerin des Herrn Mollier und wird als seit einem Jahr Pfarrangeh\u00f6rige von St. Kastor genannt<\/p>\n<\/td>\n<\/tr>\n<\/tbody>\n<\/table>\n<p><strong>oo 15.01.1783 Koblenz, St. Kastor <\/strong>(Trauzeugen: Johannes [ ] und Johann Georg Jackmuth)<strong><br \/>\n<\/strong><\/p>\n<table border=\"0\" width=\"100%\" cellspacing=\"0\" cellpadding=\"4\">\n<tbody>\n<tr valign=\"TOP\">\n<td width=\"7%\">1)<\/td>\n<td width=\"20%\">Anton<\/td>\n<td width=\"30%\">* 30.12.1782 Nievern<\/td>\n<td style=\"text-align: justify;\" width=\"43%\">mit ausdr\u00fccklichem Vermerk, da\u00df das Kind in der Proklamationszeit geboren wurde<br \/>\n+ 19.02.1790 Nievern<\/td>\n<\/tr>\n<tr valign=\"TOP\">\n<td width=\"7%\">2)<\/td>\n<td width=\"20%\">Maria Margaretha<\/td>\n<td width=\"30%\">* 28.03.1785 Nievern<\/td>\n<td style=\"text-align: justify;\" width=\"43%\">+ 09.04.1850 Miellen<br \/>\noo 03.10.1815 Nievern mit <a href=\"http:\/\/www.ahnenforschung-jackmuth.de\/?page_id=532\">Peter Adelfang<\/a> von Miellen (s. OFB Nievern Nr. 13)<\/td>\n<\/tr>\n<tr valign=\"TOP\">\n<td width=\"7%\">3)<\/td>\n<td width=\"20%\">Elisabeth<\/td>\n<td width=\"30%\">* 27.06.1788 Nievern<\/td>\n<td width=\"43%\">\u00a0+ fr\u00fch<\/td>\n<\/tr>\n<tr valign=\"TOP\">\n<td width=\"7%\">4)<\/td>\n<td width=\"20%\">Maria<\/td>\n<td width=\"30%\">* 24.06.1792 Nievern<\/td>\n<td style=\"text-align: justify;\" width=\"43%\">\u00a0+ 29.08.1865 Nievern<br \/>\noo 07.11.1819 mit <a href=\"http:\/\/www.ahnenforschung-jackmuth.de\/?page_id=540\">Peter Joseph Diehl<\/a> von Nievern (s. OFB Nievern Nr. 421)<\/td>\n<\/tr>\n<tr valign=\"TOP\">\n<td width=\"7%\">5)<\/td>\n<td width=\"20%\">Anton<\/td>\n<td width=\"30%\">\u00a0* 31.12.1794 Miellen<\/td>\n<td width=\"43%\">+ 15.02.1847 Miellen<br \/>\noo I. 1820 (<a href=\"http:\/\/www.ahnenforschung-jackmuth.de\/?page_id=251\">Nr. 11a<\/a>); oo II. 1829 (<a href=\"http:\/\/www.ahnenforschung-jackmuth.de\/?page_id=251\">Nr. 11b<\/a>)<\/td>\n<\/tr>\n<\/tbody>\n<\/table>\n<p><strong>Paten<\/strong><\/p>\n<p>zu 1) Anton Jackmuth [Bruder des Vaters] und Maria <em>Berendin; adolescentes<br \/>\n<\/em>zu 2) Maria Marg. <em>Jaquemouthin<\/em> [wohl Ehefrau von Nr. 4b] und Ludwig <em>Schmitt<\/em>; B\u00fcrger von Nievern<br \/>\nzu 3) Elisabeth <em>Hehnin<\/em> und Johann Georg<em> Jaquemout<\/em> [Nr. 6a\/6b]; B\u00fcrger von Nievern<br \/>\nzu 4) Maria <em>Jacquemouthin<\/em> [Schwester des Vaters] u. Joh. Georg <em>Jaquemout<\/em> [So. v. Nr. 4b]; <em>adolescentes<\/em><br \/>\nzu 5) Anton <em>Jackmuth<\/em> [Bruder des Vaters] von Nievern und Katharina <em>Mangold<\/em> von Miellen, <em>adolescentes<\/em><\/p>\n<hr \/>\n<p><span style=\"color: #808080;\"><strong>Weitere Namensbelege f\u00fcr Jakob Jackmuth<br \/>\n<\/strong><\/span><\/p>\n<p style=\"text-align: justify;\">Findet sich 1783 im KB St. Kastor, Koblenz (Trauung) als Diener des Herrn Mollier und seit 2 Jahren als Pfarrangeh\u00f6riger von St. Kastor genannt; Heinrich Remigius Mollier ist 1775-1788 Amtsverwalter und Kammerherr am Amt Nievern zu Koblenz, danach Verwalter des leyenschen Kellers zu Schloss Arenfels in Bad H\u00f6nningen, dort gen. 1792<\/p>\n<p style=\"text-align: justify;\">Jakob \u00fcbergibt 1825 sein Verm\u00f6gen an seine Kinder Anton, Margaretha und Anna Maria (Hess. HStA Wiesbaden Abt. 220, Nr. 1507). Demnach hat er 1823 sein Haus f\u00fcr 135 fl. an seinen Sohn Anton verkauft. Anton hatte dann das Haus abgerissen, ein neues an der gleichen Stelle errichtet und seinem Vater ein Wohnrecht garantiert. Hausrat wird in der Verm\u00f6gens\u00fcbergabe nicht genannt, da Jakob laut dem Protokoll seine \u201eMobilien\u201c 1820 zum gr\u00f6\u00dften Teil versteigern lie\u00df und den Erl\u00f6s zur Schuldentilgung und zur \u201eAusstattung seiner Kinder\u201c verwendet hatte. Weiterhin finden sich weitere Informationen zu \u00dcbergabebedingungen, sowie eine Aufstellung seiner \u201eFeldg\u00fcter\u201c. Ein weiteres Verzeichnis seiner Grundst\u00fccke findet sich im Feldgrundsteuerkataster der Gemarkung Miellen (1822-1850) (LHA Koblenz, Bestand 815,1 Nr. 1). Demnach besitzt er 1 Morgen 141 Ruten und 46 Schuh Land, das 1835 nach seinem Tod an seine Kinder \u00fcbergeht (wie 1825 beschlossen).<\/p>\n<p><strong style=\"text-align: justify;\">In den Kontraktenprotokollen des Gerichts Fachbach\/Nievern <\/strong>(Hess. HStA Wiesbaden, Abt. 3\/3)<\/p>\n<p>Der <em>Junggeselle Jacob Jackmuth von Niveren<\/em> steigert am 15.04.1782<\/p>\n<ul>\n<li>1 Wiese <em>auf dem Ahracker<\/em> f\u00fcr 12 Rtl. 15 alb.<\/li>\n<li>1 Wiese <em>auf dem Ahracker in der Spitz <\/em>f\u00fcr 8 Rtl. 27 alb.<\/li>\n<\/ul>\n<p><strong>In den Gemeinderechnungen des Kirchspiels Nievern <\/strong> (LHA Koblenz, Best. 48. Nr. 3892)<\/p>\n<ul>\n<li>zahlt 12 alb. H\u00fchnergeld (im Verz. f\u00fcr Ort Nievern): 1786, 1787 (<em>Jacob Jackmoth<\/em>)<\/li>\n<li>zahlt 1803 5 alb. f\u00fcr Holz (im Verz. f\u00fcr Ort Miellen) (<em>Jacob Jackmoth<\/em>)<\/li>\n<\/ul>\n<hr style=\"text-align: justify;\" \/>\n<p><span style=\"font-size: small;\"><b>Letztes Update: 15. Mai 2023<\/b><\/span><br \/>\n<span style=\"font-size: small;\"><b>Ralph Jackmuth<\/b><\/span><\/p>\n","protected":false},"excerpt":{"rendered":"<p>OFB Nievern Nr. 933 Jakob Jackmuth Ackersmann * 20.08.1753 Nievern (get. 21.08.) + 08.10.1834 Miellen (begr. 10.10.) Eltern: s. Fam. Nr. 3 Bem.: Nach der Bemerkung im Sterbeeintrag 1834 hinterl\u00e4\u00dft er einen Sohn und zwei T\u00f6chter Anna Barbara Kunz (Conz\/Contz) * 11.05.1751 Dorndorf, Pfarrei Frickhofen (get. 13.05.) + 16.01.1814 Miellen (begr. 18.01.) Eltern: Johannes Kunz &hellip; <a href=\"https:\/\/www.ahnenforschung-jackmuth.de\/?page_id=187\" class=\"more-link\"><span class=\"screen-reader-text\">\u201eFamilie Nr. 05\u201c<\/span> weiterlesen<\/a><\/p>\n","protected":false},"author":1,"featured_media":0,"parent":0,"menu_order":0,"comment_status":"closed","ping_status":"closed","template":"","meta":{"footnotes":""},"class_list":["post-187","page","type-page","status-publish","hentry"],"_links":{"self":[{"href":"https:\/\/www.ahnenforschung-jackmuth.de\/index.php?rest_route=\/wp\/v2\/pages\/187","targetHints":{"allow":["GET"]}}],"collection":[{"href":"https:\/\/www.ahnenforschung-jackmuth.de\/index.php?rest_route=\/wp\/v2\/pages"}],"about":[{"href":"https:\/\/www.ahnenforschung-jackmuth.de\/index.php?rest_route=\/wp\/v2\/types\/page"}],"author":[{"embeddable":true,"href":"https:\/\/www.ahnenforschung-jackmuth.de\/index.php?rest_route=\/wp\/v2\/users\/1"}],"replies":[{"embeddable":true,"href":"https:\/\/www.ahnenforschung-jackmuth.de\/index.php?rest_route=%2Fwp%2Fv2%2Fcomments&post=187"}],"version-history":[{"count":0,"href":"https:\/\/www.ahnenforschung-jackmuth.de\/index.php?rest_route=\/wp\/v2\/pages\/187\/revisions"}],"wp:attachment":[{"href":"https:\/\/www.ahnenforschung-jackmuth.de\/index.php?rest_route=%2Fwp%2Fv2%2Fmedia&parent=187"}],"curies":[{"name":"wp","href":"https:\/\/api.w.org\/{rel}","templated":true}]}}