{"id":1793,"date":"2017-02-16T18:43:12","date_gmt":"2017-02-16T18:43:12","guid":{"rendered":"http:\/\/www.ahnenforschung-jackmuth.de\/?page_id=1793"},"modified":"2021-01-01T15:56:25","modified_gmt":"2021-01-01T15:56:25","slug":"updates","status":"publish","type":"page","link":"https:\/\/www.ahnenforschung-jackmuth.de\/?page_id=1793","title":{"rendered":"Updates 2017-2020"},"content":{"rendered":"<p style=\"text-align: justify;\"><span style=\"font-family: times new roman, times, serif; font-size: 10pt;\">31.12.2020: Update OFB Braubach: Begr\u00e4bnisdaten erg\u00e4nzt: Ehefrau des Konrad Philipp Kneiper (bg. 17.10.1672 Braubach), I. Ehefrau des Andreas Mohr (bg. 26.11.1672 Braubach), Henrich Wilhelm Kneiper: Kind Nr. 6) (bg. 25.09.1670 Braubach), Kind Nr. 8) mit 2 Konfirmationsdaten; Update OFB Marksburg: Hans M\u00f6tter: Kind Nr. 1) (bg. 24.03.1671 Braubach); Update OFB Braubach und Marksburg: Begr\u00e4bnisdaten erg\u00e4nzt: Karl K\u00f6hler, I. Ehe, Kind Nr. 5) (bg. 21.01.1671 Braubach)<br \/>\n30.12.2020: Update OFB Fr\u00fccht: Johann Michael M\u00fcller: Kind Nr. 4), Johann Andreas M\u00fcller: Kind Nr. 2); Update OFB Braubach: Johann Martin Arzb\u00e4cher, II. Ehe: Kind Nr. 1) Begr\u00e4bnisdatum hinzugef\u00fcgt (bg. 10.12.1665 Braubach); Update OFB Marksburg: Johann Philipp M\u00f6tter: Kind Nr. 4) Begr\u00e4bnisdatum hinzugef\u00fcgt (bg. 23.08.1702 Braubach), Familie Siebold\/Seebold vervollst\u00e4ndigt, Name Minch\/M\u00fcnch separiert; OFB Braubach: Minor, Mohr, Mog hinzugef\u00fcgt<br \/>\n29.12.2020: Update OFB Braubach: Begr\u00e4bnisdaten erg\u00e4nzt, Johann Georg Arzb\u00e4cher: Kind Nr. 3) bg. 25.07.1662 Braubach, Konrad Philipp Kneiper: Kind Nr. 2) bg. 09.06.1663 Braubach, Johannes Gras: II. Ehe Kind Nr. 1) bg. 23.05.1664 Braubach, Johann Martin Arzb\u00e4cher: I. Ehefrau bg. 10.06.1664 Braubach<br \/>\n28.12.2020: Update Pfarrei Braubach: Gerichtsbuch (Testamente 1636\/1637): Begr\u00e4bnisdatum des Hans Lehmann <\/span><span style=\"font-family: times new roman, times, serif; font-size: 10pt;\">(bg. 20.03.1657 Braubach, \u00fcber 80 Jahre alt) <\/span><span style=\"font-family: times new roman, times, serif; font-size: 10pt;\">und der Anna Elisabeth, Ehefrau des Peter Hartung (bg. 05.04.1659 Braubach) erg\u00e4nzt; Update OFB Marksburg: Karl K\u00f6hler: Begr\u00e4bnisdatum Kind Nr. 1) korrigiert, Daniel Kleibert: Begr\u00e4bnisdatum des Hans Konrad Weidenholz (bg. 14.07.1657 Braubach, Soldat auf der Marksburg) erg\u00e4nzt<br \/>\n27.12.2020: Update Pfarrei Braubach: Gerichtsbuch (Testamente 1636\/1637): Begr\u00e4bnisdatum des Georg Mundrian (bg. 02.02.1651 Braubach) erg\u00e4nzt; Update OFB Braubach: Georg Arzb\u00e4cher: Kind Nr. 7) Anna Gertrud Begr\u00e4bnisdatum erg\u00e4nzt (bg. 18.12.1653 Braubach); Christian Kneiper (bg. 23.05.1641 Braubach) oo mit Margaretha (bg. 17.12.1655 Braubach) erg\u00e4nzt; Johann Wilhelm Kneiper: Kind Nr. 10) Konrad Henrich hinzugef\u00fcgt (lt. Nachweis im Arcinsys)<br \/>\n26.12.2020: Update Pfarrei Braubach: Gerichtsbuch (Testamente 1636\/1637): Begr\u00e4bnisdaten der Anna Elisabeth Lehmann, Ehefrau des Hans Lehmann (bg. 07.03.1645 Braubach) und des Peter Hartung (bg. 23.01.1648 Braubach) hinzugef\u00fcgt; Update OFB Braubach: Weitere Belege f\u00fcr Johann Luther L\u00f6wenz\u00f6ller bzw. Johann Georg Br\u00f6der hinzugef\u00fcgt<br \/>\n25.12.2020: Pfarrei Braubach: Testamente vom 20.02.1636, 12.01.1636, 27.06.1636, 05.07.1636 und 04.01.1637 hinzugef\u00fcgt<br \/>\n22.12.2020: Update OFB Braubach: Johannes Arzb\u00e4cher: Kind Nr. 5) Begr\u00e4bnisdatum und Alter korrigiert, Georg Arzb\u00e4cher: Begr\u00e4bnisdatum der Ehefrau Anna Barbara auf 27.12.1644 korrigiert und Hinweis auf Person gleichen Namens bg. 16.07.1693, Christian Kneiper bg. 23.05.1641 hinzugef\u00fcgt; Pfarrei Braubach: Beginn Onlinestellung Braubacher Gerichtsbuch 1609-1698, zun\u00e4chst Ausz\u00fcge mit Testamenten im Pestjahr 1636 (Verf\u00fcgung der Margaretha, Witwe des Henrich Breidenau, vom 11. Februar 1636), Bekanntmachung auf der Startseite<br \/>\n21.12.2020: Update Pfarrei Braubach: Einleitungstext zu den Pesttoten erweitert; Update OFB Braubach: Georg Arzb\u00e4cher: Kind Nr. 4) hinzugef\u00fcgt (Totgeburt, w, bg. 13.04.1638 Braubach)<br \/>\n20.12.2020: Pfarrei Braubach: Pesttote M\u00e4rz bis Dezember 1636 und grafische Verteilung der Toten 1635\/1636 nach Monaten online gestellt; Update OFB Braubach: Geburtsdatum Johann Wilhelm Arzb\u00e4cher (* 25.05.1752) korrigiert, Johannes Gras: Lebensdaten des Vaters Henrich Gras erg\u00e4nzt<br \/>\n19.12.2020: Pfarrei Braubach: Pesttote 1635 und Januar\/Februar 1636 (Rest fehlt noch) online gestellt und auf der Startseite bekannt gemacht; Update OFB Braubach: Johannes Arzb\u00e4cher: Kind Nr. 6) hinzugef\u00fcgt: Anna Maria bg. 21.01.1636 Braubach, + an der Pest<br \/>\n18.12.2020: Update OFB Braubach: &#8222;(Johann) Tobias Metz&#8220; zu &#8222;Johann Tobias Metz&#8220; ge\u00e4ndert<br \/>\n16.12.2020: OFB Braubach: Meurer, Meusch, Meyer, Meyle, Meyrer hinzugef\u00fcgt; Update OFB Braubach: Johann Philipp Arzb\u00e4cher: Lebensdaten Kind Nr. 5) vervollst\u00e4ndigt; Johann Georg Freimuth: illeg. Kind erg\u00e4nzt; Henrich Philipp Fischer: Ehemann Kind Nr. 6) korrigiert; Update OFB Braubach: Friedrich Jakob Bo\u00dfler: Name der Mutter korrigiert<br \/>\n15.12.2020: OFB Braubach: Metz hinzugef\u00fcgt; OFB Marksburg: Konrad Henrich Meyer: Lebensdaten der Ehefrau Maria Salome Metzler vervollst\u00e4ndigt<br \/>\n14.12.2020: OFB Braubach: <\/span><span style=\"font-family: times new roman, times, serif; font-size: 10pt;\">Marian, Maus, Megerlin, Melcher\/Melchior, Menges, Mentzer hinzugef\u00fcgt; Update OFB Braubach: Johann Friedrich Hammes: Lebensdaten der Ehefrau Anna Elisabeth Bernhammer vervollst\u00e4ndigt<br \/>\n<\/span><span style=\"font-family: times new roman, times, serif; font-size: 10pt;\">12.12.2020: OFB Marksburg: Familien Arzb\u00e4cher ab 1630 vollst\u00e4ndig dargestellt, Eltern des Philipp Peter Reising vervollst\u00e4ndigt, Einf\u00fchrung erweitert; Update OFB Braubach und Marksburg: Karl K\u00f6hler: Lebensdaten der 2. Ehefrau Anna Elisabeth Reising vervollst\u00e4ndigt; Update OFB Braubach: Schuldenliste des Michael L\u00f6wenz\u00f6ller vom 26.10.1711 und <\/span><span style=\"font-family: times new roman, times, serif; font-size: 10pt;\">Beschluss zum Verkauf der M\u00fchle des verst. Michael L\u00f6wenz\u00f6ller zur Schuldentilgung vom 1. Februar 1712 hinzugef\u00fcgt, Testament des Johann Gottfried L\u00f6wenz\u00f6ller vom 16.04.1679 hinzugef\u00fcgt (HHStAW, Abt. 301, Nr. 8)<br \/>\n<\/span><span style=\"font-family: times new roman, times, serif; font-size: 10pt;\">11.12.2020: Update OFB Braubach: Johann Kaspar Gras: Lebensdaten der Ehefrau Anna Maria Arzb\u00e4cher vervollst\u00e4ndigt<br \/>\n09.12.2020: OFB Braubach: Lutz, Lyser hinzugef\u00fcgt, Einf\u00fchrung erweitert; Update OFB Braubach: Gran, K\u00f6hler, Kneiper\/Kneuper; Update OFB Marksburg: K\u00f6hler<br \/>\n08.12.2020: OFB Braubach: Bindewald, Lang, Langschied, Lantz, Laux, Lehr, Lehrmann, Lekund, Leporinus, Leutenbach, Lieberger, Liebold, Link, Lynker, L\u00f6wenz\u00f6ller, Lotz hinzugef\u00fcgt; Update OFB Braubach: Bernhammer, K\u00f6hler; OFB Marksburg: Ladisber hinzugef\u00fcgt; Update OFB Marksburg: Flebbe, K\u00f6hler, Leonhard<br \/>\n<\/span><span style=\"font-family: times new roman, times, serif; font-size: 10pt;\">07.12.2020: OFB Braubach: Korschum, Krafft, Kr\u00e4mer, Krebs, Krieger, Kriegsmann, Kr\u00f6ber, Kron, Kr\u00f6ning, Kr\u00fcger, Krummholz, K\u00fcmpfer, Kumpel, Kuhn hinzugef\u00fcgt; Update OFB Braubach: Kneiper\/Kneuper<br \/>\n<\/span><span style=\"font-family: times new roman, times, serif; font-size: 10pt;\">06.12.2020: OFB Braubach: Koch, K\u00f6hler hinzugef\u00fcgt; Update OFB Marksburg: Hamberger, K\u00f6hler<br \/>\n05.12.2020: OFB Braubach: Knebel, Kneiper\/Kneuper hinzugef\u00fcgt<br \/>\n02.12.2020: OFB Braubach: Beffort, Brunx, Buchner, Elsenm\u00fcller, Faust, Kleinschmidt, Klos hinzugef\u00fcgt; OFB Braubach: Update Br\u00fchl, Friedgen, H\u00e4berlein, Jungblut; OFB Marksburg: Fittich hinzugef\u00fcgt; Update OFB Marksburg: G\u00f6tz, Herrmann; Update OFB Ems: Beffort<br \/>\n<\/span><span style=\"font-family: times new roman, times, serif; font-size: 10pt;\">27.11.2020: Update OFB Braubach: Glock\/Klock<br \/>\n26.11.2020: Update OFB Braubach: Klein hinzugef\u00fcgt<br \/>\n25.11.2020: Update OFB Marksburg: Kempfer; OFB Marksburg: K\u00e4mm, Kern hinzugef\u00fcgt; OFB Braubach: <em>Joechen\/Jeechen<\/em> [?], Jungblut, K&#8230;, K\u00e4\u00dfberg, Kahn, Kafka [?], Kaiser, Kalkbrenner, Kauffeld, Kaulbach, Kekule, Kirberger, Klauer hinzugef\u00fcgt<br \/>\n24.11.2020: Update OFB Marksburg: Kitsch; Update OFB Braubach: Br\u00fcckmann; OFB Braubach: H\u00f6hler, Hollweg, Horbach, Horchheimer, H\u00fcbinger H\u00fcthwohl, H\u00fcmmerich hinzugef\u00fcgt<br \/>\n<\/span><span style=\"font-size: 10pt; font-family: times new roman, times, serif;\">23.11.2020: Update OFB Marksburg: Altherr; OFB Braubach: Hoffart, Hof(f)mann hinzugef\u00fcgt<br \/>\n22.11.2020: Update OFB Marksburg: Erlenbach; Update OFB Braubach: Friedgen; OFB Braubach: Heise, Heistrich, Helffmann, Herbst, Hendorf, Herpel, Herz, Heuser, Hickenall, Hill, Himmeroth hinzugef\u00fcgt<br \/>\n21.11.2020: OFB Braubach: Heiler hinzugef\u00fcgt<br \/>\n17.11.2020: OFB Braubach: Hehn hinzugef\u00fcgt; OFB Marksburg: Heil hinzugef\u00fcgt; Update OFB Fr\u00fccht: Hehn<br \/>\n15.11.2020: OFB Braubach: H\u00e4berlein, Hack, Hahn, Hamm, Hammel, Hammes, Handschuh, Hannappel, Hart hinzugef\u00fcgt<br \/>\n13.11.2020: OFB Marksburg: Hamberger hinzugef\u00fcgt<br \/>\n11.11.2020: OFB Braubach: Gras, Greb, Greif hinzugef\u00fcgt<br \/>\n09.11.2020: Update OFB Marksburg: Gras<br \/>\n05.11.2020: Update Familie Jackmuth Nr. 2<br \/>\n04.11.2020: Update Familie Leporinus in Ems<br \/>\n03.11.2020: OFB Braubach: Gran hinzugef\u00fcgt; Link OFB Sart-lez-Spa 1616-1732 hinzugef\u00fcgt<br \/>\n31.10.2020: OFB Braubach: <\/span><span style=\"font-family: times new roman, times, serif; font-size: 10pt;\">Friedel Friedrich, Frizi, Fromme, Frowein, Fuchs, Fuhr, F\u00fchrer, Gaub, G\u00e4rtner, Gemmer, Gerth, Glasmann, Glock\/Klock, G\u00f6ller, G\u00f6ltzer, G\u00f6rg <\/span><span style=\"font-size: 10pt; font-family: times new roman, times, serif;\">hinzugef\u00fcgt; Update Assheuer, Beisel<br \/>\n29.10.2020: OFB Braubach: Friedgen hinzugef\u00fcgt<br \/>\n24.10.2020: OFB Braubach: F\u00e4rber, Fischer, Flatterich, Forst, Frankenfeld, Frankfurter, Freimuth hinzugef\u00fcgt; OFB Marksburg: Fl\u00f6hr hinzugef\u00fcgt<br \/>\n22.10.2020: Update Fam. Jackmuth Nr. 23<br \/>\n19.10.2020: Ems KB 2: Trauungen 1726-1744<br \/>\n18.10.2020: OFB Braubach: Eschenbrenner hinzugef\u00fcgt; OFB Marksburg: Eschkas hinzugef\u00fcgt; Update OFB Fr\u00fccht: Ansel, Knies, Namensindex<br \/>\n17.10.2020: OFB Braubach: Dorscheimer, Draub, Dumpf, D\u00fcser, Echternach, Eckhard, Eimes, Ereicke hinzugef\u00fcgt; Update OFB Marksburg: Erlenbach<br \/>\n13.10.2020: Update OFB Fr\u00fccht: Liebenstein, Metz, Rincker; Update OFB Marksburg:\u00a0 Deusner; OFB Braubach: B\u00e4r, Breitbach, Brinckmann, Br\u00fccher, Daubach, Deckendorf, Deinet, Deusner, Dienethal, Dieterich, Dietz, Dillenberger, Doffing hinzugef\u00fcgt<br \/>\n11.10.2020: OFB Marksburg: Buchwein, Cyranus hinzugef\u00fcgt; OFB Braubach: Br\u00fchl, Buchmann, Burkhard, Ceres hinzugef\u00fcgt<br \/>\n10.10.2020: OFB Braubach: Bengel, Beul, Beutner, Blankenberg, Blass, Born, Br\u00f6der, Br\u00fcckmann hinzugef\u00fcgt<br \/>\n09.10.2020: Update OFB Marksburg: Johann, Pfnorr<br \/>\n05.10.2020: OFB Braubach: Becker, Beisel, Bernhammer hinzugef\u00fcgt; Update OFB Marksburg: Becker<br \/>\n28.09.2020: Update OFB Braubach: Arzb\u00e4cher<br \/>\n27.09.2020: OFB Braubach: Bauer, Bausmann, Bechtolf hinzugef\u00fcgt<br \/>\n25.09.2020: Update OFB Fr\u00fccht: M\u00fcller<br \/>\n23.09.2020: Update OFB Fr\u00fccht: Gensmann, Knies, Mangold, M\u00fcller, Stahl<br \/>\n19.09.2020: Update OFB Fr\u00fccht: Knies, L\u00f6wenstein, M\u00fcller, Stahl<br \/>\n06.09.2020: Update OFB Fr\u00fccht: Mangold, Metz, Vietor<br \/>\n01.09.2020: Update OFB Fr\u00fccht: L\u00f6wenstein<br \/>\n26.08.2020: Update OFB Fr\u00fccht: Graf<br \/>\n25.08.2020: Update OFB Fr\u00fccht: Vietor<br \/>\n24.08.2020: Update OFB Fr\u00fccht: Graf, Knies, Landsroth, Mangold, Massenkeil, M\u00fcller, Sch\u00fctz, Stahl, Vietor; Pfarrerliste<br \/>\n24.08.2020: Update OFB Becheln: Adler, Ansel, Hoffmann, Michaelis, Rinker<br \/>\n24.08.2020: Update OFB Schweighausen: Becker, Elberskirch, Gensmann, Gerhard, Metz, Rhod, Rinker<br \/>\n21.08.2020: OFB Fr\u00fccht 1707-1817, Buchstabe M<br \/>\n19.08.2020: OFB Fr\u00fccht 1707-1817, Buchstabe A-L; Sch\u00f6ffenweistum; Kirchenordnung; Schulordnung; Liste der Pfarrer und Schulthei\u00dfen<br \/>\n05.08.2020: Update Fam. M\u00f6seler in Ems<br \/>\n21.07.2020: OFB Marksburg 1680-1800, Buchstabe R-Z<br \/>\n20.07.2020: OFB Marksburg 1680-1800, Buchstabe L-P<br \/>\n19.07.2020: OFB Marksburg 1680-1800, Buchstabe J-K<br \/>\n18.07.2020: OFB Marksburg 1680-1800, Buchstabe G-H<br \/>\n15.07.2020: OFB Marksburg 1680-1800, Buchstabe E-F<br \/>\n14.07.2020: OFB Marksburg 1680-1800, Buchstabe A-D; Update Fam. von der Heyden in Ems (Bad)<br \/>\n06.07.2020: Update Familie Leporinus in Ems<br \/>\n16.06.2020: Update Familie Niebergall in Schweighausen<br \/>\n07.06.2020: Update Familie Leporinus in Ems<br \/>\n18.04.2020: OFB Braubach 1700-1800, Buchstabe A<br \/>\n03.02.2020: Update Familie Str\u00f6ver in Schweighausen, Familie Leporinus in Ems<br \/>\n28.01.2020: Update Fam. M\u00f6seler in Becheln und Ems, Niebergall in Schweighausen<br \/>\n09.09.2019: OFB Ems: Anpassung Name Kaffine, Name Scharding (Emser H\u00fctte) hinzugef\u00fcgt<br \/>\n30.05.2019: OFB Ems: Update zu Gregor Sent, Pfarrer Leporinus<br \/>\n21.05.2019: Quellen zum Emser Pfarrer Leporinus (HHStAW Abt. 355 Nr. 123 u. 125)<br \/>\n20.05.2019: B\u00fcrgermeistereirechnung Ems 1707<br \/>\n28.04.2019: ev. Pfarrei Ems und Vogtei 1683-1726<br \/>\n06.09.2018: Der Frankfurter Vertrag vom 30. Juni 1557 (Edition)<br \/>\n22.08.2018: Pfarrei Schweighausen mit Becheln 1667-1730<br \/>\n15.07.2018: Pfarrei Braubach, Ehen 1735-1800<br \/>\n25.02.2018: Edition KR Hadamar und KR Ellar 1474, Personen- und Ortsregister erweitert<br \/>\n07.02.2018: Edition KR Hadamar und KR Ellar 1473, Personen- und Ortsregister erweitert<br \/>\n30.01.2018: Edition KR Hadamar und KR Ellar 1472, Personen- und Ortsregister erweitert, Editions\u00fcbersicht<br \/>\n24.01.2018: Edition KR Hadamar 1471, Personen- und Ortsregister erweitert<br \/>\n17.01.2018: Edition KR Hadamar 1470, Personen- und Ortsregister erweitert<br \/>\n10.01.2018: Edition KR Hadamar 1469<br \/>\n09.01.2018: Umfangreiche Revision des Personen- und Ortsregisters<br \/>\n29.12.2017: Edition KR Hadamar 1468, Personen- und Ortsregister erweitert<br \/>\n17.12.2017: Edition KR Hadamar 1467, Personen- und Ortsregister erweitert<br \/>\n06.12.2017: Edition KR Hadamar 1466, Personen- und Ortsregister erweitert<br \/>\n28.11.2017: Edition KR Hadamar 1465, Personen- und Ortsregister erweitert<br \/>\n18.11.2017: Edition KR Hadamar 1458, Personen- und Ortsregister erweitert<br \/>\n14.11.2017: Edition KR Ellar 1452, Personen- und Ortsregister erweitert<br \/>\n11.11.2017: Edition KR Ellar 1451, Personen- und Ortsregister erweitert<br \/>\n05.11.2017: Edition KR Hadamar 1451, Personen- und Ortsregister erweitert<br \/>\n31.10.2017: Edition KR Hadamar 1464, Personen- und Ortsregister erweitert<br \/>\n23.10.2017: Projektvorstellung, Edition KR Hadamar 1463, Personen- und Ortsregister<br \/>\n26.09.2017: Geschichte der Grafschaft Diez (Joh. von Arnoldi, 1800)<br \/>\n02.09.2017: Update Jackmuth Familie Nr. 7 (durch freundlichen Hinweis von Frau Cron)<br \/>\n02.09.2017: Aus Sart-lez-Spa Abgewanderte 1660-1729<br \/>\nJuli 2017: Grafschaft Diez (Feuerst\u00e4ttenregister 1532 und Schatzungsregister 1542: Edition und Analyse)<br \/>\n27.02.2017: Ehebuch Sart-lez-Spa 1660-1683 (262 Eintr\u00e4ge)<br \/>\nFebruar 2017: Relaunch auf WordPress<br \/>\n05.12.2015: Personenstandsdatenbank Reichenau 1810-1869<br \/>\n19.12.2006: Launch<\/span><\/p>\n","protected":false},"excerpt":{"rendered":"<p>31.12.2020: Update OFB Braubach: Begr\u00e4bnisdaten erg\u00e4nzt: Ehefrau des Konrad Philipp Kneiper (bg. 17.10.1672 Braubach), I. Ehefrau des Andreas Mohr (bg. 26.11.1672 Braubach), Henrich Wilhelm Kneiper: Kind Nr. 6) (bg. 25.09.1670 Braubach), Kind Nr. 8) mit 2 Konfirmationsdaten; Update OFB Marksburg: Hans M\u00f6tter: Kind Nr. 1) (bg. 24.03.1671 Braubach); Update OFB Braubach und Marksburg: Begr\u00e4bnisdaten erg\u00e4nzt: &hellip; <a href=\"https:\/\/www.ahnenforschung-jackmuth.de\/?page_id=1793\" class=\"more-link\"><span class=\"screen-reader-text\">\u201eUpdates 2017-2020\u201c<\/span> weiterlesen<\/a><\/p>\n","protected":false},"author":1,"featured_media":0,"parent":0,"menu_order":0,"comment_status":"closed","ping_status":"closed","template":"","meta":{"footnotes":""},"class_list":["post-1793","page","type-page","status-publish","hentry"],"_links":{"self":[{"href":"https:\/\/www.ahnenforschung-jackmuth.de\/index.php?rest_route=\/wp\/v2\/pages\/1793","targetHints":{"allow":["GET"]}}],"collection":[{"href":"https:\/\/www.ahnenforschung-jackmuth.de\/index.php?rest_route=\/wp\/v2\/pages"}],"about":[{"href":"https:\/\/www.ahnenforschung-jackmuth.de\/index.php?rest_route=\/wp\/v2\/types\/page"}],"author":[{"embeddable":true,"href":"https:\/\/www.ahnenforschung-jackmuth.de\/index.php?rest_route=\/wp\/v2\/users\/1"}],"replies":[{"embeddable":true,"href":"https:\/\/www.ahnenforschung-jackmuth.de\/index.php?rest_route=%2Fwp%2Fv2%2Fcomments&post=1793"}],"version-history":[{"count":0,"href":"https:\/\/www.ahnenforschung-jackmuth.de\/index.php?rest_route=\/wp\/v2\/pages\/1793\/revisions"}],"wp:attachment":[{"href":"https:\/\/www.ahnenforschung-jackmuth.de\/index.php?rest_route=%2Fwp%2Fv2%2Fmedia&parent=1793"}],"curies":[{"name":"wp","href":"https:\/\/api.w.org\/{rel}","templated":true}]}}