{"id":1725,"date":"2016-10-30T17:32:51","date_gmt":"2016-10-30T17:32:51","guid":{"rendered":"http:\/\/www.ahnenforschung-jackmuth.de\/?page_id=1725"},"modified":"2016-10-30T17:36:55","modified_gmt":"2016-10-30T17:36:55","slug":"5-sitzung-18-juni-1726","status":"publish","type":"page","link":"https:\/\/www.ahnenforschung-jackmuth.de\/?page_id=1725","title":{"rendered":"5. Sitzung: 18. Juni 1726"},"content":{"rendered":"<p align=\"JUSTIFY\">In der 5. Sitzung vom 18. Juni 1726 sind Schulthei\u00df Johannes Bernd und die Sch\u00f6ffen Johannes <i>Zerbach<\/i> und Hubert Schleimer anwesend. Die Sitzung wird am dritten und nicht wie gew\u00f6hnlich am zweiten Dienstag dennoch ausdr\u00fccklich als gew\u00f6hnliche Sitzung (in ordinaria juridica) erw\u00e4hnt, da der 11. Juni 1726 Pfingstdienstag war.<\/p>\n<ul>\n<li>\n<p align=\"JUSTIFY\">Zun\u00e4chst soll ein Kaufvertrag \u00fcber zwei \u00c4cker zwischen Johannes le Gaigneur, B\u00fcrger und Schneidermeister zu Wien, und dessen Ehefrau als Verk\u00e4ufer, und Henrich le Gaigneur, wohnhaft zu Jalhay im Marquisat Franchimont, L\u00fccker Land, als K\u00e4ufern, gerichtlich best\u00e4tigt werden, was das Gericht jedoch nicht kann, da die G\u00fcter nicht in der Herrschaft Nievern liegen.<\/p>\n<\/li>\n<li>\n<p align=\"JUSTIFY\">Herr Raab als Verwalter der Elendenbruderschaft zu Koblenz macht seine Forderungen an Johann Georg <i>Laroet<\/i> zu Fachbach erneut geltend und legt eine Schuldverschreibung in Kopie vor. Desgleichen \u00fcbergibt der andere Gl\u00e4ubiger Bourmer den Beschluss vom 31. Mai und bittet wegen der verstrichenen Zahlungsfrist um die wirkliche Zwangsversteigerung. Dem Debitor wird in beiden F\u00e4llen unter Androhung der wirklichen Zwangsversteigerung (<i>sub poena realis distractionis<\/i>) eine Zahlungsfrist bis zum n\u00e4chsten Gerichtstermin (<i>ad proximam [sessionem]<\/i>) angesetzt.<\/p>\n<\/li>\n<li>\n<p align=\"JUSTIFY\">Der Jude Isaak von Ems legt ein Memorial mit zugeh\u00f6rigem Beschluss vom 27.11.1724 und einen Beschluss vom 01.03.1725 vor, wodurch dem Gericht aufgegeben wird, dem Gl\u00e4ubiger [im Original hier f\u00e4lschlich <i>dem debitori<\/i>] zu dem Seinigen zu verhelfen. Laut folgendem Beschluss will man von Seiten des Gerichts, da die G\u00fcter des Schuldners Jakob <i>Thillman<\/i> noch heute zwangsversteigert werden sollen, dem Gl\u00e4ubiger [im Original wieder irrig <i>ihme debitori<\/i>] zu dem Seinigen verhelfen. Weiterhin macht der Jude die Anzeige, dass ihm auch Michel de Latour laut einer Urkunde 6 Rtl. samt Zinsen schuldig sei.<\/p>\n<\/li>\n<li>\n<p align=\"JUSTIFY\">Peter <i>Janada\u00df<\/i> legt den Beschluss vom 31.05.1726 vor und bittet, mit der Zwangsversteigerung der Mobilien des Christian <i>Brath\u00df<\/i> zu beginnen: einen eisernen \u2026 f\u00fcr 2 Rtl., ein kleines eisernes T\u00f6pfchen (dem Peter <i>Finckellemeyer<\/i>) f\u00fcr 16 alb., eine Feuerhahl [Sch\u00fcrhaken] f\u00fcr 42 alb. und zwei kleine eiserne L\u00f6ffelchen f\u00fcr 4 alb. Diese St\u00fccke sind dann an die Meistbietenden zwangsversteigert (<i>distrahirt<\/i>) worden. Auf den erstgenannten Gegenstand war der Letztbietende Lukas <i>Jamad\u00df<\/i> mit 2 Rtl. 6 alb. <i>Jamad\u00df<\/i> soll am n\u00e4chsten Gerichtstag mit Christian <i>Brant<\/i> wegen der Schuld abrechnen.<\/p>\n<\/li>\n<li>\n<p align=\"JUSTIFY\">Lukas <i>Genatsch<\/i> von Nievern zeigt dem Gericht unter Vorlage eines Schuldscheins an, dass Michel <i>de Latour<\/i> ihm noch 46 Rtl Liedlohn schuldig sei und bittet um Zahlungshilfe. Der vorgeladene Michel <i>de Latour<\/i> gesteht diese Schuld in G\u00e4nze ein und will sie bei Gelegenheit zahlen. Genatsch akzeptiert das Gest\u00e4ndnis und bittet um einen gerichtlichen Zahlungsbeschluss, seine Auslagen will er erstattet haben. Der Debitor soll den Kl\u00e4ger bis zum n\u00e4chsten Gerichtstag zufrieden stellen (<i>contentiren<\/i>) oder von Gerichts wegen dazu gebracht werden.<\/p>\n<\/li>\n<li>\n<p align=\"JUSTIFY\">Peter <i>Becker<\/i> von Tal Ehrenbreitstein legt die Vorladung zu einer <b>Zwangsversteigerung<\/b> vor. Da der Zwangsversteigerungstermin auf den heutigen Gerichtstag angesetzt ist, wurde dieser der Gemeinde bekannt gegeben und die Gemeindeglocke zweimal gel\u00e4utet. Der zitierte Schuldner Michel <i>de Latour<\/i> erscheint und bittet um einen R\u00fcckstand. Das Gericht bittet dann den Gl\u00e4ubiger um einen g\u00fctlichen Aufschub. Da dieser jedoch davon nichts wissen wollte, begann die Versteigerung mit Anz\u00fcnden der Kerzenuhr wie folgt. 1.) <b>1 Simmer Saat auf dem G\u00e4net<\/b>, oben zu Pastoreigut zu Nievern, unten zu Johannes <i>Stautt<\/i>, taxiert zu 15 Rtl. Es bieten: Hubert Schleimer 10 Rtl., Peter <i>Jamad\u00df<\/i> 11 Rtl., Hubert Schleimer 12 Rtl., <i>Genatsch<\/i> 12 Rtl. 27 alb. Dann war die Kerze ausgebrannt und Peter <i>Jamad\u00df<\/i> erhielt als Letztbietender den Zuschlag f\u00fcr 12 Rtl. 27 alb. \u2014 2) <b>1 \u00bd Simmer Ackerland auf der Hohl<\/b>, st\u00f6\u00dft oben zu Schulthei\u00df Johannes <i>Berndt<\/i>, unten zu Wilhem Auster. Es bieten: Peter <i>Jomad <\/i>10 Rtl., Hubert Schleimer 11 Rtl., Schulthei\u00df Bernd 12 Rtl., Schleimer 13 Rtl., Peter <i>Janad\u00df <\/i>13 Rtl. 27 alb., Schulthei\u00df Bernd 14 Rtl., Schleimer 14 Rtl. 27 alb., Peter <i>Janad\u00df<\/i> 15 Rtl., Schleimer 15 Rtl. 27 alb., Schulthei\u00df Bernd 16 Rtl. 27 alb. Dann war die Kerze ausgebrannt und Schulthei\u00df Bernd erhielt den Zuschlag zu 16 Rtl. 27 alb. \u2014 3) <b>1 Simmer Saat auf dem Maaracker<\/b>, oben zu <i>Pulen <\/i>Erben, unten zu Wilhelm Auster. Es bieten: Hubert Schleimer 10 Rtl., Schulthei\u00df Bernd 12 Rtl., Peter Jand\u00df 13 Rtl., Hubert Schleimer 14 Rtl. 1 Ma\u00df Wein, Schulthei\u00df Bernd 15 Rtl., Hubert Schleimer 16 Rtl., Schulthei\u00df Bernd 17 Rtl., Hubert Schleimer 18 Rtl., Schulthei\u00df Bernd 19 Rtl., Schleimer 19 Rtl. 17 \u00bd alb., Schulthei\u00df Bernd 19 Rtl. 27 alb., Hubert Schleimer 20 Rtl. 17 \u00bd alb. Dann war die Kerze ausgebrannt und Hubert Schleimer erhielt den Zuschlag zu 20 Rtl. 17 \u00bd alb. und 1 Ma\u00df Wein. \u2014 4) <b>Eine Wiese am Nonnenpfad<\/b>, oben der gn\u00e4dige Graf von der Leyen, unten zu Wilhelm Auster. Es bieten: B\u00fcrgermeister <i>Quarni<\/i> 6 Rtl., Hubert Schleimer 7 Rtl., Wilhelm Auster 8 Rtl. 27 alb., Hubert Schleimer 9 Rtl., B\u00fcrgermeister <i>Quarni<\/i> 9 Rtl. 27 alb., Wilhelm <i>\u00d6ster<\/i> 10 Rtl., Peter [Genatsch] 10 Rtl. 13 \u00bd alb., Auster 11 Rtl. 27 alb., der B\u00fcrgermeister 12 Rtl., Wilhelm Auster 12 Rtl. 13 \u00bd alb., Hubert Schleimer 12 Rtl. 27 alb. Dann war die Kerze ausgebrannt und Hubert Schleimer erhielt den Zuschlag zu 12 Rtl. 27 alb. \u2014 5) <b>am Maaracker daneben <\/b>1 Simmer Saat, oben <i>Fausten<\/i> Erben, unten zu Wilhelm Auster. Es bieten: Wilhelm Auster 10 Rtl., Schulthei\u00df Bernd 15 Rtl., Hubert Schleimer 18 Rtl., Wilhelm Auster 19 Rtl. 2 Ma\u00df Wein, Hubert Schleimer19 Rtl. 27 alb., Wilhelm Auster 20 Rtl., Hubert Schleimer 20 Rtl. 27 alb., Wilhelm Auster 21 alb., Hubert Schleimer 21 Rtl. 13 \u00bd alb., Schulthei\u00df Bernd 21 Rtl. 27 alb., Hubert Schleimer. Das St\u00fcck Land ist Schulthei\u00df Bernd als Letztbietendem zu 21 Rtl. 27 alb. und 2 Ma\u00df Wein zugefallen. \u2014 6) 3 \u00bd Simmer Saat<b> in der <\/b><i><b>Birgell<\/b><\/i><b> <\/b>mit einem Schl\u00fcssel, oben zu Schulthei\u00df Bernd, unten zu Johannes <i>Jaquemouth<\/i>. Es bieten: Hubert Schleimer 25 Rtl., Schulthei\u00df Bernd 40 Rtl., Wilhelm Auster 42 Rtl. und 2 Ma\u00df Wein, Hubert Schleimer 45 Rtl., Wilhelm <i>Oster<\/i> 46 Rtl., Schulthei\u00df Bernd 47 Rtl., Wilhelm Auster 48 Rtl., Schleimer 48 Rtl. 13 alb., Wilhelm <i>Oster<\/i> 49 Rtl., Schleimer 50 Rtl. 13 \u00bd alb., Hubert Schleimer 50 Rtl. 27 alb. Danach war die Kerze ausgebrannt und Hubert Schleimer erhielt mit 50 Rtl. 27 alb. und 2 Ma\u00df Wein den Zuschlag.<\/p>\n<\/li>\n<li>\n<p align=\"JUSTIFY\">Herr Notar <i>Mayntzer <\/i>gegen Bartholom\u00e4us Georg<i> <\/i>und Jakob <i>Dillman <\/i>(s. a. Sitzung vom 31.05.1726). Der Notar legt im Namen der Frau Hofkammerr\u00e4tin Heimbach zu Niederlahnstein die Vorladung zur Zwangsversteigerung vor und bat, diese vorzunehmen. Weil sich jedoch keine Steigerer einfanden, wird ein neuer Zwangsversteigerungstermin auf den n\u00e4chsten Gerichtstag angesetzt. Inzwischen sollen die Sch\u00f6ffen Wilhelm Auster und Wilhelm Buchholz die Unterpf\u00e4nde taxieren.<\/p>\n<\/li>\n<li>\n<p align=\"JUSTIFY\">In einem weiteren Beschluss sollen alle Steigerer bei den in der \u00f6ffentlichen Versteigerung des Schulthei\u00dfen versteigerten G\u00fctern von Gerichts wegen rechtlichen Schutz erhalten.<\/p>\n<\/li>\n<\/ul>\n<hr \/>\n<p align=\"CENTER\"><i><b>Dienstags, den 18ten Junii 1726<br \/>\n<\/b>in ordinaria juridica<\/i><\/p>\n<p align=\"JUSTIFY\"><i>Praesentibus H[er]r Schulthei\u00dfen Johanne\u00dfen Bernd, scabinis Johanne\u00dfen Zerbach, Hubertus Schleimer.<\/i><\/p>\n<p align=\"JUSTIFY\"><i>Wurde ex commissione gn\u00e4diger Herrschafft ein Kauff-Contract von<\/i><sup><a class=\"sdfootnoteanc\" href=\"#sdfootnote1sym\" name=\"sdfootnote1anc\">1<\/a><\/sup><i> Johanne\u00dfen le Gaigneur, Burgeren undt Schneydermeisteren zu Wein undt desen Hau\u00dffraw, Verkauffere ahn einem, so dan Kaufferen Henrichen le Gaigneur, wohnhafft zu Jalhay im Marquisat Frachimont Luckerlandts undt de\u00dfen Erben undt Nachkommern ahm anderen Theills uber zwey Ackeren zusamen 2 \u00be Morgen gro\u00df sambt einem Stuck ahn einem annoch gemeinschafftlichem Hawb\u00fcsch <\/i>[?]<i> sambt einer j\u00e4hrlicher Geltpf\u2026, welcher dan auch von Werth zu Werth abgela\u00dfen undt darauff resolvirt worden als folget.<\/i><\/p>\n<p align=\"JUSTIFY\"><i><b>Decretum. <\/b><\/i><i>Da\u00df Gericht kan solchen Kauff-Contract nicht gerichtlich confirmiren, weilen die Guter nicht zu Nieberen in der Herrschafft gelegen, noch partes contrahentes gesehen, noch dem Contract gewertigen gewe\u00dfen.<\/i><\/p>\n<hr \/>\n<p align=\"JUSTIFY\">[fol. 6v*] <i><b>Eodem <\/b><\/i><i>H[er]r Raab als Verwalter der Elende Bruderschafft zu Coblentz c[ontr]a Johan Georg Laroet zu Fachbach. Exhibirte vnterth\u00e4nige reproductio undt mit anliegender copeylicher obligationis.<\/i><\/p>\n<p align=\"JUSTIFY\"><i><b>Decretum. <\/b>Praefigitur terminus ad proximam sub poena realis distractionis. Sic \u2026 Fachbach.<\/i><\/p>\n<hr \/>\n<p><i><b>Eodem. <\/b><\/i><i>H[er]r Bourmer reproducirte vnterth\u00e4nige Anzeig undt Bitt cum adscripto decreto et e\u2026ito undt bathe elapso termino pro reali distractione.<\/i><\/p>\n<p><i><b>Decretum<\/b><\/i><i><b>.<\/b><\/i><i> <\/i><i>Inhaerendo decreto vom 31ten Maii anni currentis wirdt dem debitori terminus ad proximam sub poena realis distractionis praefigirt.<\/i><\/p>\n<hr \/>\n<p align=\"JUSTIFY\"><i><b>Eodem <\/b>C[ontr]a Jacob Thillman. Isaac Judt von Emb\u00df exhibirte obligationem, so dan vnterth[\u00e4]n[i]ges memoriale cum adscripto decreto gratioso von 27ten [Novem]bris 1724, so dan decretum von 1ten Martii 1725, krafft welcher dem Gericht ist auffgegeben worden, dem debitori zu dem Seinigem zu verhelffen.<\/i><\/p>\n<p align=\"JUSTIFY\"><i><b>Decretum. <\/b><\/i>[fol. 7r*] <i>Weilen des debitoris Jacob Thiellman seine G\u00fcter, heut sollen annoch distrahirt werden, als wirdt man von Seithen des Gerichts ihme debitori so viell moglich ist<\/i><sup><a class=\"sdfootnoteanc\" href=\"#sdfootnote2sym\" name=\"sdfootnote2anc\">2<\/a><\/sup><i> \u2026 \u2026 zu dem Seinigen zu verhelffen zugesagt.<\/i><\/p>\n<hr \/>\n<p align=\"JUSTIFY\"><i><b>Eodem. <\/b><\/i><i>Isaac Juden zeigte hiemit ahn, was ma\u00dfen ihme Michell de Latour auch verm\u00f6g Handtschrifft \u2026 Interesse 6 R[eichs]th[aler]<\/i> <i>schuldig seye.<\/i><\/p>\n<p align=\"JUSTIFY\"><i><b>Eodem. <\/b><\/i><i>Peter Janad\u00df reproducirte decretum von 31ten Junii <\/i>[Maii!]<i> anni currentis undt bathe, mit der Distraction de\u00df Christian Brath\u00df mobilia fortzufahren. Erst[lich] ein ei\u00dfen Krawenrock <\/i>[?] <i>2 R[eichs]th[aler]. It[em] ein klein ei\u00dfen Toppgen, dem Peter Finckellmeyer<\/i><sup><a class=\"sdfootnoteanc\" href=\"#sdfootnote3sym\" name=\"sdfootnote3anc\">3<\/a> <\/sup><i>16 alb. It[em] ein Fewerhohll 42 alb. It[em] zwey kleine ei\u00dfen Loffelger 4 alb. Die welche<\/i><sup><a class=\"sdfootnoteanc\" href=\"#sdfootnote4sym\" name=\"sdfootnote4anc\">4<\/a><\/sup><i> St\u00fccker dan ahn die Meistbiethende seindt distrahirt worden als folget. Erst[lich] obiggedachter Rock <\/i>[?]<i>. Der Letztbiethender ist gewessen auf den Rock <\/i>[?] <i>Lucas Jamad\u00df p[er] 2 R[eichs]th[aler] 6 alb. Welcher Kauffschilling ad 2 R[eichs]th[aler] 6 alb auff Abschlag des crediti dem Peter Jamad\u00df adjudicirt worden undt solle ahm nechsten Gerichtstag der exditor Jamad\u00df mit dem debitore Christian Brant ratione der Schult abrechnen<\/i><\/p>\n<hr \/>\n<p align=\"JUSTIFY\"><i><b>Eodem. <\/b><\/i>[fol. 7v] <i>Lucas Genatsch von Nieberen th\u00e4te enhibendo <\/i>[<i>inhibendo<\/i>]<i> eine Handschrifft kl\u00e4glich anzeigen, was massen ihme Michell de Latour weg[en] saur au\u00dfverdienten Liedlohn annoch 46 R[eichs]th[aler] schuldig seye, bathe derowegen ihme zur Zahlung zu verhelffen. Michell de Latour citatus, und ware nicht allein der eingeklagter Schuldt p[er] totum gest\u00e4ndig, sondern auch gelegenheitlich die Schult zu zahlen. Lucas Genatsch acceptando solche Gest\u00e4ndnus undt bathe pro decreto solutionis umb damehr, als er de\u00df Seinigen selbst hochbedurfftig w\u00e4re. <\/i><i>De expensis protestando. <\/i><i>Wirdt dem debitori ahnbefohlen zwischen hier undt nechsten Gerichtstagen zu contentiren den Kl\u00e4geren, wiedrigenfals soll er darzu<\/i><sup><a class=\"sdfootnoteanc\" href=\"#sdfootnote5sym\" name=\"sdfootnote5anc\">5<\/a><\/sup><i> von Gerichts wegen verm\u00f6get werden. Sic latum et publicatum Fachbach uti supra.<\/i><\/p>\n<hr \/>\n<p align=\"JUSTIFY\"><span style=\"font-size: medium;\"><i><b>Eodem. <\/b><\/i><i>H[er]r Peter Becker von Dohll Ehrenbreitstein reproducirte citationem ad videndum distrahi debite intimatam. Vndt weillen der terminus distractionis auff heut fest angesetzt, dan auch der terminus ahn der Gemeint offters publicirt, auch die gemeine Klock zweymahl gele\u00fctet worden. Darauff dan der Debitor Michell de Latour citatus <\/i>[fol. 8r]<i> comparirt undt bathe umb einen R\u00fcckstandt. Demnechst hat man ex officio dan H[er]r Creditoren von Gerichts wegen umb einen g\u00fctlichen Anstandt belanget undt darumb angehalten. Es hat aber der Creditor sich zu keinem Anstandt bequemen, noch bewilligen lasen. Als hat man endlich mit ansteckender brenenter Kertz mit der Distraction forthgefahren als folget:<\/i><\/span><\/p>\n<p align=\"JUSTIFY\"><i>Erstlich ein Sommer Saath auffm Ganehl, oben zu Pastoreyguth zu Nieberen, unten zu Johane\u00df<\/i><sup><a class=\"sdfootnoteanc\" href=\"#sdfootnote6sym\" name=\"sdfootnote6anc\">6<\/a><\/sup><i> Stautt, taxirt p[er] 15 R[eichs]th[aler]: <\/i><i>Hubertus Schleimer hat gebothen 10 R[eichs]th[aler] \u2014 <\/i><i>Peter Jamad\u00df 11 R[eichs]th[aler] \u2013 <\/i><i>Hubertus Schleimer 12<\/i> \u2014 <i>Genatsch<\/i><sup><a class=\"sdfootnoteanc\" href=\"#sdfootnote7sym\" name=\"sdfootnote7anc\">7<\/a><\/sup><i> <\/i><i> <\/i><i>12 27. <\/i><i>Darauff ist die Kertz ausgebrant undt dem Peter Jamad\u00df, qua ultimo licitanti anheimbgefallen p[er] <\/i><i>12 R[eichs]th[aler] 27.<\/i><\/p>\n<p align=\"JUSTIFY\"><i>Item anderhalb Sommer Ackerlandt auff der Hohll, sto\u00dfent oben zu H[er]r Schulthe\u00df Johane\u00df Berndt, unten zu Wilhelm Auster: <\/i><i>Peter Jomad hat \u2026 10 <\/i><i>R[eichs]th[aler] <\/i><i>\u2014 <\/i><i>Hubertus Schleimer 11 <\/i><i>\u2014 <\/i><i>H[err] Schulthei\u00df 12 <\/i><i>\u2014 <\/i><i>Schleimer<\/i><sup><a class=\"sdfootnoteanc\" href=\"#sdfootnote8sym\" name=\"sdfootnote8anc\">8<\/a> <\/sup><i>13 <\/i><i>\u2014 Pet[er] Janad\u00df 13 27 \u2014 <\/i><i>H[er]r Schulth[ei]\u00df 14 <\/i><i>\u2014 <\/i><i>Schleimer 14 27 <\/i><i>\u2014 <\/i>[fol. 8v] <i>Peter Janad\u00df<\/i><sup><a class=\"sdfootnoteanc\" href=\"#sdfootnote9sym\" name=\"sdfootnote9anc\">9<\/a> <\/sup><i>15 <\/i><i>\u2014 H[er]r Schleimer<\/i> 15 27 <i>\u2014 <\/i><i>H[er]r Schulth[ei]\u00df 16 27 <\/i><i>\u2014 <\/i><i>Peter Janad\u00df <\/i><i>\u2014 <\/i><i>H[er]r Schulth[ei]\u00df 16 27. Also ist die Kertz ausgegangen undt abgebrant undt H[errn] Schulthe\u00dfen ahnheimbgefallen p[er] <\/i><i>16 27.<\/i><\/p>\n<p align=\"JUSTIFY\"><i>Item ein Sommer Saat auff dem Mahracker, oben zu Pulen Erben, unten zu Wilhelm Auster: Hubertus Schleimer 10 <\/i><i>\u2014 <\/i><i>H[er]r Schulthei\u00df 12 <\/i><i>\u2014 <\/i><i>Peter Jand\u00df 13 <\/i><i>\u2014 <\/i><i>Hubertus Schleimer 14 1 Ma\u00df Wein <\/i><i>\u2014 H[err] Sch[ul]th[ei]\u00df<\/i> <i>15<\/i> <i>\u2014 <\/i><i>Hubertus Schleimer 16 <\/i><i>\u2014 <\/i><i>H[er]r Schulth[ei]\u00df 17 <\/i><i>\u2014 <\/i><i>Hubertus Schleimer 18 <\/i><i>\u2014 H[er]r Schulth[ei]\u00df 19<\/i> <i>\u2014 <\/i><i>H[er]r Schleimer 19 17 \u00bd<\/i><sup><a class=\"sdfootnoteanc\" href=\"#sdfootnote10sym\" name=\"sdfootnote10anc\">10<\/a> <\/sup><i>, H[err] Schulth[ei]\u00df 19 27<\/i><sup><a class=\"sdfootnoteanc\" href=\"#sdfootnote11sym\" name=\"sdfootnote11anc\">11<\/a><\/sup><i> <\/i><i>, Hubertus Schleimer <\/i><i>20 17 \u00bd <\/i><i>\u2014 <\/i><i>H[er]r Schleimer ist die Kertz dar\u00fcber abgebrandt <\/i>[fol. 9r]<i> undt ahnheimb gela\u00dfen <\/i><i>worden p[er] 20 R[eichs]th[aler] 17 alb. vndt ein Maa\u00df Wein.<\/i><\/p>\n<p align=\"JUSTIFY\"><i>Item eine Wie\u00df ahn dem Nonnenpfath, oben gn\u00e4diger Graff von der Ley, unten zu Wilhelm Auster: H[err] Burgermeister Quarni 6 R[eichs]th[aler] <\/i><i>\u2014 <\/i><i>Hubertus Schleimer 7 <\/i><i>\u2014 <\/i><i>Wilhelm Auster 8 27 alb <\/i><i>\u2014 <\/i><i>Hubertus Schleimer 9 <\/i><i>\u2014 <\/i><i>H[er]r Burgermeister Quarni 9 27 <\/i><i>\u2014 <\/i><i>Wilhelm \u00d6ster 10 <\/i><i>\u2014 <\/i><i>Peter J\u2026 <\/i>[Genatsch] <i>10 13 \u00bd <\/i><i>\u2014 Auster 11 27 \u2014 <\/i><i>H[er]r B\u00fcrgermeister 12 <\/i><i>\u2014 <\/i><i>Wilhelm Auster 12 13 \u00bd <\/i><i>\u2014 <\/i><i>Hubertus Schleimer<\/i><sup><a class=\"sdfootnoteanc\" href=\"#sdfootnote12sym\" name=\"sdfootnote12anc\">12<\/a> <\/sup><i>12 27. <\/i><i>Darauff ist die Kertz abgebrant undt dem Letztbiethendem Huberto Schleimer adjudicirt worden p[er] 12 27.<\/i><\/p>\n<p>&nbsp;<\/p>\n<p align=\"JUSTIFY\"><i>Item ahn dem Mahracker, darneben ein Sommer Saath, oben Fausten Erben, unten zu Wilhelm Auster: Wilhelm Auster 10 \u2014 H[err] Schulth[ei]\u00df 15 \u2014 Hubertus Schleimer 18 \u2014 Wilhelm Auster 19 [Rtl.] 2 M[a\u00df] W[ein] \u2014 Hubertus Schleimer 19 27 \u2014 Wilhelm Auster 20 \u2014 Hubertus Schleimer 20 27 \u2014 <\/i>[fol. 9v]<i> Wilhelm Auster 21 \u2014 Hubertus Schleimer 21 13 \u00bd \u2014 H[err] Schulth[ei]\u00df 21 27 alb \u2014 \u2026 Huberto Schleimer. Welches Stuck Landt dem H[errn] Schulth[ei]s[en], qua ultimo licitanti, p[er] 21 [Rtl.] 27 alb, so dan p[er] 2 M[a\u00df] W[ein] ahnheimbgefallen ist.<\/i><\/p>\n<p align=\"JUSTIFY\"><i>Item dritthalb Sommer Saath in der Birgell mit einem Schl\u00fc\u00dfell<\/i><sup><a class=\"sdfootnoteanc\" href=\"#sdfootnote13sym\" name=\"sdfootnote13anc\">13<\/a><\/sup><i>, oben zu H[er]r Schulth[ei]\u00df, unten zu Johane\u00df Jaquemouth: <\/i><i>Hubertus Schleimer 25 \u2014 H[err] Schulth[ei]\u00df 40 \u2014 Wilhelm Auster 42<\/i><sup><a class=\"sdfootnoteanc\" href=\"#sdfootnote14sym\" name=\"sdfootnote14anc\">14<\/a><\/sup><i> [Rtl.] <\/i><i>2 M[a\u00df] W[ein] \u2014 Hubertus Schleimer<\/i><sup><a class=\"sdfootnoteanc\" href=\"#sdfootnote15sym\" name=\"sdfootnote15anc\">15<\/a><\/sup><i> <\/i><i>45 \u2014 Wilhelm Oster 46 \u2014 H[err] Schulth[ei]\u00df 47 \u2014 Wilhelm Auster 48 \u2014 Schleimer 48 13<\/i><sup><a class=\"sdfootnoteanc\" href=\"#sdfootnote16sym\" name=\"sdfootnote16anc\">16<\/a><\/sup><i> <\/i><i>\u2014 <\/i><i>Wilhelm Oster 49 \u2014 Schleimer 50 13 \u00bd \u2014 Hubert Schleimer 50 27. Demnechst ist die Kertz ausgebrant und dem Huberto Schleimer, qua ultimo licitanti, mit 50 [Rtl.] 27 alb, zwey Masen Wein ahnheimbgefallen ist.<\/i><\/p>\n<hr \/>\n<p align=\"JUSTIFY\">[fol. 10r] <i><b>Eodem. <\/b><\/i><i>H[er]r notarius Mayntzer c[ontr]a Bartholomaeum Georg undt Jacob Dillman \u2026 jura. Nahmens der Fraw Hoffcammer-Rathin Heimbachs zu Niederlahnstein reproducirte citationem ad videndum distrahi debite intimatum undt bathe, die Distraction vorzunehmen.<\/i><\/p>\n<p align=\"JUSTIFY\"><i><b>Decretum.<\/b> Weilen sich anheut keine licitantes angemelt haben, als wird anderweiter terminus distractionis auff nechsten Gerichtstag praefigirt, inzwischen aber beyden Scheffen als Wilhelm Auster und Wilhelm Buchholtz Commision ertheilt, die Unterpf\u00e4ndten zu taxiren undt den taxam <\/i>[?]<i> ad prothocollum einzulieffern.<\/i><\/p>\n<p align=\"JUSTIFY\"><i><b>Decretum.<\/b> Alle licitantes sollen von Gerichts wegen bey denen sub hasta praetoris licitirten G\u00fctern kr\u00e4fftigst manutenirt werden. Fachbach, in judicio uti supra.<\/i><\/p>\n<hr \/>\n<p align=\"JUSTIFY\"><strong>Anmerkungen<\/strong><\/p>\n<div id=\"sdfootnote1\">\n<p class=\"sdfootnote\" style=\"font-size: small;\"><a class=\"sdfootnotesym\" href=\"#sdfootnote1anc\" name=\"sdfootnote1sym\">1<\/a> <i>von <\/i>ist Einschaltung \u00fcber der Zeile<\/p>\n<\/div>\n<div id=\"sdfootnote2\">\n<p class=\"sdfootnote\" style=\"font-size: small;\"><a class=\"sdfootnotesym\" href=\"#sdfootnote2anc\" name=\"sdfootnote2sym\">2<\/a> <i>ist <\/i>ist Einschaltung \u00fcber der Zeile<\/p>\n<\/div>\n<div id=\"sdfootnote3\">\n<p class=\"sdfootnote\" style=\"font-size: small;\"><a class=\"sdfootnotesym\" href=\"#sdfootnote3anc\" name=\"sdfootnote3sym\">3<\/a> <i>dem Peter Finckellmeyer <\/i>ist Einschaltung \u00fcber der Zeile; dahinter verschriebene Zahl <i>16<\/i><\/p>\n<\/div>\n<div id=\"sdfootnote4\">\n<p class=\"sdfootnote\" style=\"font-size: small;\"><a class=\"sdfootnotesym\" href=\"#sdfootnote4anc\" name=\"sdfootnote4sym\">4<\/a> dahinter gestr. Buchstabe<\/p>\n<\/div>\n<div id=\"sdfootnote5\">\n<p class=\"sdfootnote\" style=\"font-size: small;\"><a class=\"sdfootnotesym\" href=\"#sdfootnote5anc\" name=\"sdfootnote5sym\">5<\/a> dahinter gestr. Wort<\/p>\n<\/div>\n<div id=\"sdfootnote6\">\n<p class=\"sdfootnote\" style=\"font-size: small;\"><a class=\"sdfootnotesym\" href=\"#sdfootnote6anc\" name=\"sdfootnote6sym\">6<\/a> <i>Johane\u00df <\/i>ist Einschaltung \u00fcber gestr. <i>Wilhelm<\/i><\/p>\n<\/div>\n<div id=\"sdfootnote7\">\n<p class=\"sdfootnote\" style=\"font-size: small;\"><a class=\"sdfootnotesym\" href=\"#sdfootnote7anc\" name=\"sdfootnote7sym\">7<\/a> <i>Genatsch<\/i> ist Einschaltung \u00fcber gestr. Namen, darunter gestr. <i>Hubertus Schleimer<\/i><\/p>\n<\/div>\n<div id=\"sdfootnote8\">\n<p class=\"sdfootnote\" style=\"font-size: small;\"><a class=\"sdfootnotesym\" href=\"#sdfootnote8anc\" name=\"sdfootnote8sym\">8<\/a> darunter gestr. <i>H[er]r Schulthei\u00df<\/i><\/p>\n<\/div>\n<div id=\"sdfootnote9\">\n<p class=\"sdfootnote\" style=\"font-size: small;\"><a class=\"sdfootnotesym\" href=\"#sdfootnote9anc\" name=\"sdfootnote9sym\">9<\/a> <i>Peter Janad\u00df <\/i>ist Einschaltung \u00fcber gestr. <i>H[er]r Schulthei\u00df<\/i><\/p>\n<\/div>\n<div id=\"sdfootnote10\">\n<p class=\"sdfootnote\" style=\"font-size: small;\"><a class=\"sdfootnotesym\" href=\"#sdfootnote10anc\" name=\"sdfootnote10sym\">10<\/a> <i>17 \u00bd <\/i>ist Einschaltung \u00fcber gestr. <i>27<\/i><\/p>\n<\/div>\n<div id=\"sdfootnote11\">\n<p class=\"sdfootnote\" style=\"font-size: small;\"><a class=\"sdfootnotesym\" href=\"#sdfootnote11anc\" name=\"sdfootnote11sym\">11<\/a> <i>27<\/i> durchgestrichen, was aufgrund des h\u00f6heren Betrages als der vorige keinen Sinn macht<\/p>\n<\/div>\n<div id=\"sdfootnote12\">\n<p class=\"sdfootnote\" style=\"font-size: small;\"><a class=\"sdfootnotesym\" href=\"#sdfootnote12anc\" name=\"sdfootnote12sym\">12<\/a> darunter gestr. <i>Wilhelm Auster 13<\/i><\/p>\n<\/div>\n<div id=\"sdfootnote13\">\n<p class=\"sdfootnote\" style=\"font-size: small; text-align: justify;\" align=\"JUSTIFY\"><a class=\"sdfootnotesym\" href=\"#sdfootnote13anc\" name=\"sdfootnote13sym\">13<\/a> aus GRIMM: Dt. W\u00f6rterbuch: schl\u00fcssel, <i>acker-, wiesen-, waldst\u00fcck, das eine gewisse \u00e4hnlichkeit mit einem schl\u00fcssel hat, rechtwinkeliger ausschnitt aus einem ackerfeld, auch oft name von gemarkungstheilen, in Nassau<\/i><\/p>\n<\/div>\n<div id=\"sdfootnote14\">\n<p class=\"sdfootnote\" style=\"font-size: small;\"><a class=\"sdfootnotesym\" href=\"#sdfootnote14anc\" name=\"sdfootnote14sym\">14<\/a> <i>42<\/i> aus <i>45<\/i> korrigiert<\/p>\n<\/div>\n<div id=\"sdfootnote15\">\n<p class=\"sdfootnote\" style=\"font-size: small;\"><a class=\"sdfootnotesym\" href=\"#sdfootnote15anc\" name=\"sdfootnote15sym\">15<\/a> <i>Hubertus Schleimer <\/i>steht \u00fcber gestr. <i>H[err] Schulth[ei]\u00df<\/i><\/p>\n<\/div>\n<div id=\"sdfootnote16\">\n<p class=\"sdfootnote\" style=\"font-size: small;\"><a class=\"sdfootnotesym\" href=\"#sdfootnote16anc\" name=\"sdfootnote16sym\">16<\/a> <i>13<\/i> steht \u00fcber gestr. <i>27<\/i><\/p>\n<\/div>\n<hr \/>\n<p><span style=\"font-size: small;\"><strong>letztes Update: Oktober 2016<\/strong><br \/>\n<span style=\"font-size: small;\"><strong>Ralph Jackmuth<\/strong><\/span><\/span><\/p>\n","protected":false},"excerpt":{"rendered":"<p>In der 5. Sitzung vom 18. Juni 1726 sind Schulthei\u00df Johannes Bernd und die Sch\u00f6ffen Johannes Zerbach und Hubert Schleimer anwesend. Die Sitzung wird am dritten und nicht wie gew\u00f6hnlich am zweiten Dienstag dennoch ausdr\u00fccklich als gew\u00f6hnliche Sitzung (in ordinaria juridica) erw\u00e4hnt, da der 11. Juni 1726 Pfingstdienstag war. Zun\u00e4chst soll ein Kaufvertrag \u00fcber zwei &hellip; <a href=\"https:\/\/www.ahnenforschung-jackmuth.de\/?page_id=1725\" class=\"more-link\"><span class=\"screen-reader-text\">\u201e5. Sitzung: 18. Juni 1726\u201c<\/span> weiterlesen<\/a><\/p>\n","protected":false},"author":1,"featured_media":0,"parent":0,"menu_order":0,"comment_status":"closed","ping_status":"closed","template":"","meta":{"footnotes":""},"class_list":["post-1725","page","type-page","status-publish","hentry"],"_links":{"self":[{"href":"https:\/\/www.ahnenforschung-jackmuth.de\/index.php?rest_route=\/wp\/v2\/pages\/1725","targetHints":{"allow":["GET"]}}],"collection":[{"href":"https:\/\/www.ahnenforschung-jackmuth.de\/index.php?rest_route=\/wp\/v2\/pages"}],"about":[{"href":"https:\/\/www.ahnenforschung-jackmuth.de\/index.php?rest_route=\/wp\/v2\/types\/page"}],"author":[{"embeddable":true,"href":"https:\/\/www.ahnenforschung-jackmuth.de\/index.php?rest_route=\/wp\/v2\/users\/1"}],"replies":[{"embeddable":true,"href":"https:\/\/www.ahnenforschung-jackmuth.de\/index.php?rest_route=%2Fwp%2Fv2%2Fcomments&post=1725"}],"version-history":[{"count":0,"href":"https:\/\/www.ahnenforschung-jackmuth.de\/index.php?rest_route=\/wp\/v2\/pages\/1725\/revisions"}],"wp:attachment":[{"href":"https:\/\/www.ahnenforschung-jackmuth.de\/index.php?rest_route=%2Fwp%2Fv2%2Fmedia&parent=1725"}],"curies":[{"name":"wp","href":"https:\/\/api.w.org\/{rel}","templated":true}]}}