{"id":1704,"date":"2016-10-30T16:46:51","date_gmt":"2016-10-30T16:46:51","guid":{"rendered":"http:\/\/www.ahnenforschung-jackmuth.de\/?page_id=1704"},"modified":"2016-10-30T16:59:08","modified_gmt":"2016-10-30T16:59:08","slug":"reichenau-verteilung-ehen","status":"publish","type":"page","link":"https:\/\/www.ahnenforschung-jackmuth.de\/?page_id=1704","title":{"rendered":"Reichenau &#8211; Verteilung Ehen"},"content":{"rendered":"<p align=\"JUSTIFY\">Registriert wurden 626 Eheschlie\u00dfungen, davon waren 13 ausw\u00e4rtig. Das Durchschnittsalter des Mannes lag zum Zeitpunkt der Eheschlie\u00dfung bei 33, das der Frau bei 30 Jahren.<\/p>\n<table border=\"1\" width=\"357\" cellspacing=\"0\" cellpadding=\"4\">\n<colgroup>\n<col width=\"168\" \/>\n<col width=\"86\" \/>\n<col width=\"77\" \/> <\/colgroup>\n<tbody>\n<tr valign=\"TOP\">\n<td width=\"168\"><b>Ort der Eheschlie\u00dfung<\/b><\/td>\n<td style=\"text-align: center;\" width=\"86\"><b>absolute H\u00e4ufigkeit<\/b><\/td>\n<td style=\"text-align: center;\" width=\"77\"><b>relative H\u00e4ufigkeit<\/b><\/td>\n<\/tr>\n<tr valign=\"TOP\">\n<td width=\"168\">Reichenau-Mittelzell<\/td>\n<td style=\"text-align: center;\" width=\"86\">418<\/td>\n<td style=\"text-align: center;\" width=\"77\">0,6677<\/td>\n<\/tr>\n<tr valign=\"TOP\">\n<td width=\"168\">Reichenau-Oberzell<\/td>\n<td style=\"text-align: center;\" width=\"86\">139<\/td>\n<td style=\"text-align: center;\" width=\"77\">0,2220<\/td>\n<\/tr>\n<tr valign=\"TOP\">\n<td width=\"168\">Reichenau-Niederzell<\/td>\n<td style=\"text-align: center;\" width=\"86\">56<\/td>\n<td style=\"text-align: center;\" width=\"77\">0,0895<\/td>\n<\/tr>\n<tr valign=\"TOP\">\n<td width=\"168\">Ausw\u00e4rtige<\/td>\n<td style=\"text-align: center;\" width=\"86\">13<\/td>\n<td style=\"text-align: center;\" width=\"77\">0,0208<\/td>\n<\/tr>\n<tr valign=\"TOP\">\n<td width=\"168\">Summe<\/td>\n<td style=\"text-align: center;\" width=\"86\">626<\/td>\n<td style=\"text-align: center;\" width=\"77\">1,0000<\/td>\n<\/tr>\n<\/tbody>\n<\/table>\n<hr \/>\n<p align=\"JUSTIFY\"><b>Verteilung nach Monaten<\/b><\/p>\n<p align=\"JUSTIFY\">Die 613 auf der Insel geschlossenen Ehen verteilen sich wie folgt:<\/p>\n<table border=\"1\" width=\"357\" cellspacing=\"0\" cellpadding=\"4\">\n<colgroup>\n<col width=\"168\" \/>\n<col width=\"89\" \/>\n<col width=\"74\" \/> <\/colgroup>\n<tbody>\n<tr valign=\"TOP\">\n<td width=\"168\"><b>Monat<\/b><\/td>\n<td style=\"text-align: center;\" width=\"89\"><b>absolute H\u00e4ufigkeit<\/b><\/td>\n<td style=\"text-align: center;\" width=\"74\"><b>relative H\u00e4ufigkeit<\/b><\/td>\n<\/tr>\n<tr valign=\"TOP\">\n<td width=\"168\">Januar<\/td>\n<td style=\"text-align: center;\" width=\"89\">70<\/td>\n<td style=\"text-align: center;\" width=\"74\">0,1142<\/td>\n<\/tr>\n<tr valign=\"TOP\">\n<td width=\"168\">Februar<\/td>\n<td style=\"text-align: center;\" width=\"89\">93<\/td>\n<td style=\"text-align: center;\" width=\"74\">0,1517<\/td>\n<\/tr>\n<tr valign=\"TOP\">\n<td width=\"168\">M\u00e4rz<\/td>\n<td style=\"text-align: center;\" width=\"89\">19<\/td>\n<td style=\"text-align: center;\" width=\"74\">0,0310<\/td>\n<\/tr>\n<tr valign=\"TOP\">\n<td width=\"168\">April<\/td>\n<td style=\"text-align: center;\" width=\"89\">64<\/td>\n<td style=\"text-align: center;\" width=\"74\">0,1044<\/td>\n<\/tr>\n<tr valign=\"TOP\">\n<td width=\"168\">Mai<\/td>\n<td style=\"text-align: center;\" width=\"89\">69<\/td>\n<td style=\"text-align: center;\" width=\"74\">0,1126<\/td>\n<\/tr>\n<tr valign=\"TOP\">\n<td width=\"168\">Juni<\/td>\n<td style=\"text-align: center;\" width=\"89\">62<\/td>\n<td style=\"text-align: center;\" width=\"74\">0,1011<\/td>\n<\/tr>\n<tr valign=\"TOP\">\n<td width=\"168\">Juli<\/td>\n<td style=\"text-align: center;\" width=\"89\">58<\/td>\n<td style=\"text-align: center;\" width=\"74\">0,0946<\/td>\n<\/tr>\n<tr valign=\"TOP\">\n<td width=\"168\">August<\/td>\n<td style=\"text-align: center;\" width=\"89\">49<\/td>\n<td style=\"text-align: center;\" width=\"74\">0,0799<\/td>\n<\/tr>\n<tr valign=\"TOP\">\n<td width=\"168\">September<\/td>\n<td style=\"text-align: center;\" width=\"89\">42<\/td>\n<td style=\"text-align: center;\" width=\"74\">0,0685<\/td>\n<\/tr>\n<tr valign=\"TOP\">\n<td width=\"168\">Oktober<\/td>\n<td style=\"text-align: center;\" width=\"89\">40<\/td>\n<td style=\"text-align: center;\" width=\"74\">0,0652<\/td>\n<\/tr>\n<tr valign=\"TOP\">\n<td width=\"168\">November<\/td>\n<td style=\"text-align: center;\" width=\"89\">40<\/td>\n<td style=\"text-align: center;\" width=\"74\">0,0652<\/td>\n<\/tr>\n<tr valign=\"TOP\">\n<td width=\"168\">Dezember<\/td>\n<td style=\"text-align: center;\" width=\"89\">7<\/td>\n<td style=\"text-align: center;\" width=\"74\">0,0114<\/td>\n<\/tr>\n<tr valign=\"TOP\">\n<td width=\"168\">Summe<\/td>\n<td style=\"text-align: center;\" width=\"89\">613<\/td>\n<td style=\"text-align: center;\" width=\"74\">1,0000<\/td>\n<\/tr>\n<\/tbody>\n<\/table>\n<hr \/>\n<p><img loading=\"lazy\" decoding=\"async\" class=\"alignnone wp-image-1690 size-full\" src=\"http:\/\/www.ahnenforschung-jackmuth.de\/wp-content\/uploads\/2016\/10\/stat_ehenmonate.jpg\" alt=\"stat_ehenmonate\" width=\"860\" height=\"505\" srcset=\"https:\/\/www.ahnenforschung-jackmuth.de\/wp-content\/uploads\/2016\/10\/stat_ehenmonate.jpg 860w, https:\/\/www.ahnenforschung-jackmuth.de\/wp-content\/uploads\/2016\/10\/stat_ehenmonate-300x176.jpg 300w, https:\/\/www.ahnenforschung-jackmuth.de\/wp-content\/uploads\/2016\/10\/stat_ehenmonate-768x451.jpg 768w\" sizes=\"auto, (max-width: 709px) 85vw, (max-width: 909px) 67vw, (max-width: 1362px) 62vw, 840px\" \/><\/p>\n<hr \/>\n<p><span style=\"font-size: small;\"><strong>letztes Update: Oktober 2016<\/strong><br \/>\n<span style=\"font-size: small;\"><strong>Ralph Jackmuth<\/strong><\/span><\/span><\/p>\n","protected":false},"excerpt":{"rendered":"<p>Registriert wurden 626 Eheschlie\u00dfungen, davon waren 13 ausw\u00e4rtig. Das Durchschnittsalter des Mannes lag zum Zeitpunkt der Eheschlie\u00dfung bei 33, das der Frau bei 30 Jahren. Ort der Eheschlie\u00dfung absolute H\u00e4ufigkeit relative H\u00e4ufigkeit Reichenau-Mittelzell 418 0,6677 Reichenau-Oberzell 139 0,2220 Reichenau-Niederzell 56 0,0895 Ausw\u00e4rtige 13 0,0208 Summe 626 1,0000 Verteilung nach Monaten Die 613 auf der Insel &hellip; <a href=\"https:\/\/www.ahnenforschung-jackmuth.de\/?page_id=1704\" class=\"more-link\"><span class=\"screen-reader-text\">\u201eReichenau &#8211; Verteilung Ehen\u201c<\/span> weiterlesen<\/a><\/p>\n","protected":false},"author":1,"featured_media":0,"parent":0,"menu_order":0,"comment_status":"closed","ping_status":"closed","template":"","meta":{"footnotes":""},"class_list":["post-1704","page","type-page","status-publish","hentry"],"_links":{"self":[{"href":"https:\/\/www.ahnenforschung-jackmuth.de\/index.php?rest_route=\/wp\/v2\/pages\/1704","targetHints":{"allow":["GET"]}}],"collection":[{"href":"https:\/\/www.ahnenforschung-jackmuth.de\/index.php?rest_route=\/wp\/v2\/pages"}],"about":[{"href":"https:\/\/www.ahnenforschung-jackmuth.de\/index.php?rest_route=\/wp\/v2\/types\/page"}],"author":[{"embeddable":true,"href":"https:\/\/www.ahnenforschung-jackmuth.de\/index.php?rest_route=\/wp\/v2\/users\/1"}],"replies":[{"embeddable":true,"href":"https:\/\/www.ahnenforschung-jackmuth.de\/index.php?rest_route=%2Fwp%2Fv2%2Fcomments&post=1704"}],"version-history":[{"count":0,"href":"https:\/\/www.ahnenforschung-jackmuth.de\/index.php?rest_route=\/wp\/v2\/pages\/1704\/revisions"}],"wp:attachment":[{"href":"https:\/\/www.ahnenforschung-jackmuth.de\/index.php?rest_route=%2Fwp%2Fv2%2Fmedia&parent=1704"}],"curies":[{"name":"wp","href":"https:\/\/api.w.org\/{rel}","templated":true}]}}