{"id":1509,"date":"2016-10-27T15:52:05","date_gmt":"2016-10-27T15:52:05","guid":{"rendered":"http:\/\/www.ahnenforschung-jackmuth.de\/?page_id=1509"},"modified":"2016-10-29T12:40:35","modified_gmt":"2016-10-29T12:40:35","slug":"osterspai-taufen-1652-1680-52","status":"publish","type":"page","link":"https:\/\/www.ahnenforschung-jackmuth.de\/?page_id=1509","title":{"rendered":"Osterspai &#8211; Taufen 1652-1680 (52)"},"content":{"rendered":"<h5><strong>Windhausen<\/strong><\/h5>\n<hr \/>\n<p><a name=\"01\"><\/a><span style=\"color: #ff0000;\"><strong>Windhausen, Johannes<br \/>\n<\/strong><\/span><\/p>\n<p style=\"padding-left: 30px;\"><strong>Patenschaften: <\/strong>evtl. 1664 bei Johann Heinrich Becker (<em>Joannes Winthau\u00dfen<\/em>)<\/p>\n<p><strong>oo <\/strong>mit<\/p>\n<p style=\"padding-left: 60px;\"><strong>N. N.<br \/>\n<\/strong><\/p>\n<table border=\"0\" width=\"100%\" cellspacing=\"0\" cellpadding=\"1\">\n<tbody>\n<tr valign=\"TOP\">\n<td width=\"7%\"><\/td>\n<td width=\"20%\">Nikolaus<\/td>\n<td width=\"30%\"><\/td>\n<td style=\"text-align: justify;\" width=\"43%\"><a href=\"http:\/\/www.ahnenforschung-jackmuth.de\/?page_id=1509#01\">oo 29.01.1658 mit Gertrud <em>Theishen <\/em><\/a>(<em>Joannis Windthau\u00dfen, filius Nicolaus Windthau\u00dfen<\/em>)<\/td>\n<\/tr>\n<tr valign=\"TOP\">\n<td width=\"7%\">?<\/td>\n<td width=\"20%\">Johannes<\/td>\n<td width=\"30%\"><\/td>\n<td style=\"text-align: justify;\" width=\"43%\">Patenschaften: evtl. 1660 bei Franz Sopp (<em>Joannes Windthau\u00dfen <\/em>[ ]<em>, \u2026 affinis, adhuc adolescens et murarius <\/em>[?]<em> in <\/em>\u2026), evtl. 1664 bei Johann Heinrich Becker (<em>Joannes Winthau\u00dfen<\/em>)<br \/>\n<a href=\"http:\/\/www.ahnenforschung-jackmuth.de\/?page_id=1509#03\">oo Feb. 1665 mit Apollonia Kunz<\/a><\/td>\n<\/tr>\n<\/tbody>\n<\/table>\n<hr \/>\n<p><a name=\"02\"><\/a><span style=\"color: #ff0000;\"><strong>Windhausen, Nikolaus<br \/>\n<\/strong><\/span><\/p>\n<p style=\"padding-left: 30px; text-align: justify;\"><strong>Name: <\/strong>bei Trauung <em>Joannis Windthau\u00dfen, filius Nicolaus Windthau\u00dfen<br \/>\n<\/em><strong>Patenschaften: <\/strong>wohl 1656 bei Franz Sopp (<em>Nicolaus Winthau\u00dfen<\/em>), 1663 bei Nikolaus <em>Theishen<\/em> (<em>Nicolaus Windthausen<\/em>), 1667 bei Paul Bertram (<em>Nicolaus Winthausen<\/em>), 1669 bei Johannes Laur (<em>Nicolaus Windthau\u00dfen<\/em>), 1669 bei Johannes Windhausen (<em>Nicolaus Windthausen<\/em>), 1676 bei Nikolaus Gro\u00df (<em>Nicolaus Winthausen<\/em>), 1679 bei Friedrich Sopp (<em>Nicolaus Winthau\u00dfen<\/em>)<br \/>\n<strong>Herkunft: <\/strong>evtl. Osterspai<br \/>\n<strong>Eltern: <\/strong>Johannes Windhausen<\/p>\n<p><strong>oo 29.01.1658 Osterspai<\/strong> [003] mit<\/p>\n<p style=\"padding-left: 60px;\"><strong><em>Theishen<\/em>, Gertrud<br \/>\n<\/strong><\/p>\n<p style=\"padding-left: 90px; text-align: justify;\"><strong>Name: <\/strong>bei Trauung <em>Petri Thei\u00dfhen filia Gertrudis<br \/>\n<\/em><strong>Patenschaften: <\/strong>1662 bei Franz Sopp (<em>Gertrudis, uxor Nicolai Windthau\u00dfen<\/em>), 1666 bei Johannes Windhausen (<em>Gertrudis, uxor Nicolai Winthau\u00dfen<\/em>), 1666 bei Gerhard Rindsf\u00fcsser (<em>Gertrudis, uxor Nicolai Winthausen<\/em>), 1672 bei Johannes Schauren (<em>Gertrudis, uxor Nicolai Winthausen<\/em>), 1673 bei [Ludwig] Kapellen (<em>Gertrudis, uxor Nicolai Winthausen<\/em>), 1673 bei Matthias Tilman (<em>Gertrudis, uxor Nicolai Winthausen<\/em>), 1674 bei Johannes Helbach (<em>Gertrudis, uxor Nicolai Winthausen<\/em>), 1677 bei Nikolaus <em>Theishen<\/em> (<em>Gertrudis, uxor Nicolai Winthausen<\/em>)<br \/>\n<strong>Herkunft: <\/strong>Osterspai<br \/>\n<strong>Eltern:<\/strong> <a href=\"http:\/\/www.ahnenforschung-jackmuth.de\/?page_id=1490#01\">Peter <em>Theishen<\/em><\/a><\/p>\n<hr \/>\n<p><a name=\"03\"><\/a><span style=\"color: #ff0000;\"><strong>Windhausen, Johannes<br \/>\n<\/strong><\/span><\/p>\n<p style=\"padding-left: 30px; text-align: justify;\"><strong>Name: <\/strong>bei Trauung <em>Joannes Winthausen<\/em>, bei Taufe 1666 <em>Joannes Winthau\u00dfen<\/em>, 1669 <em>Joannes Windthausen<\/em>, 1673, 1676 <em>Joannes Winthausen<\/em><\/p>\n<p><strong>oo Feb. 1665 Osterspai<\/strong> [015] mit<\/p>\n<p style=\"padding-left: 60px;\"><strong>Kunz, Apollonia<br \/>\n<\/strong><\/p>\n<p style=\"padding-left: 90px;\"><strong>Name: <\/strong>bei Trauung <em>Apollonia Kunz<\/em>, bei allen Taufen nur <em>Apol(l)onia<\/em><\/p>\n<table border=\"0\" width=\"100%\" cellspacing=\"0\" cellpadding=\"1\">\n<tbody>\n<tr valign=\"TOP\">\n<td width=\"7%\">1)<\/td>\n<td width=\"20%\">Gertrud<\/td>\n<td width=\"30%\">gt. 01.01.1666 [109]<\/td>\n<td style=\"text-align: justify;\" width=\"43%\"><\/td>\n<\/tr>\n<tr valign=\"TOP\">\n<td width=\"7%\">2)<\/td>\n<td width=\"20%\">Nikolaus<\/td>\n<td width=\"30%\">gt. 15.12.1669 [154]<\/td>\n<td style=\"text-align: justify;\" width=\"43%\">mit Vermerk: +<\/td>\n<\/tr>\n<tr valign=\"TOP\">\n<td width=\"7%\">3)<\/td>\n<td width=\"20%\">Anna Eulalia<\/td>\n<td width=\"30%\">* 13.11.1673 [200]<br \/>\n(gt. 16.11.)<\/td>\n<td style=\"text-align: justify;\" width=\"43%\"><\/td>\n<\/tr>\n<tr valign=\"TOP\">\n<td width=\"7%\">4)<\/td>\n<td width=\"20%\">Johannes<\/td>\n<td width=\"30%\">* 23.10.1676 [232]<br \/>\n(gt. 25.10.)<\/td>\n<td style=\"text-align: justify;\" width=\"43%\">oo ca. 1700 mit Anna Maria N. N., Familie lebt in Weiler (Pfarrei Salzig) [s. BB II, Teil 1, Nr. 944]<\/td>\n<\/tr>\n<\/tbody>\n<\/table>\n<p><strong>Paten<\/strong><br \/>\nzu 1) <em>Valentinus Dietinger et Gertrudis, uxor Nicolai Winthau\u00dfen<\/em><br \/>\nzu 2) <em>Nicolaus Win<\/em><em>dthausen et Anna Dorothea Kunz<\/em><br \/>\nzu 3) <em>Dominus Simon Kerpen, cellerarius in castro, et Anna Eulalia, uxor des Citronen-Kremers in S. Gowar<br \/>\n<\/em>zu 4) <em>Joannes N., Boppardiensis, et Maria, uxor Matthiae Ludovici Fellerich<\/em><\/p>\n<hr \/>\n<p><span style=\"font-size: small;\"><strong>letztes Update: Oktober 2016<\/strong><br \/>\n<span style=\"font-size: small;\"><strong>Ralph Jackmuth<\/strong><\/span><\/span><\/p>\n","protected":false},"excerpt":{"rendered":"<p>Windhausen Windhausen, Johannes Patenschaften: evtl. 1664 bei Johann Heinrich Becker (Joannes Winthau\u00dfen) oo mit N. N. Nikolaus oo 29.01.1658 mit Gertrud Theishen (Joannis Windthau\u00dfen, filius Nicolaus Windthau\u00dfen) ? Johannes Patenschaften: evtl. 1660 bei Franz Sopp (Joannes Windthau\u00dfen [ ], \u2026 affinis, adhuc adolescens et murarius [?] in \u2026), evtl. 1664 bei Johann Heinrich Becker (Joannes &hellip; <a href=\"https:\/\/www.ahnenforschung-jackmuth.de\/?page_id=1509\" class=\"more-link\"><span class=\"screen-reader-text\">\u201eOsterspai &#8211; Taufen 1652-1680 (52)\u201c<\/span> weiterlesen<\/a><\/p>\n","protected":false},"author":1,"featured_media":0,"parent":0,"menu_order":0,"comment_status":"closed","ping_status":"closed","template":"","meta":{"footnotes":""},"class_list":["post-1509","page","type-page","status-publish","hentry"],"_links":{"self":[{"href":"https:\/\/www.ahnenforschung-jackmuth.de\/index.php?rest_route=\/wp\/v2\/pages\/1509","targetHints":{"allow":["GET"]}}],"collection":[{"href":"https:\/\/www.ahnenforschung-jackmuth.de\/index.php?rest_route=\/wp\/v2\/pages"}],"about":[{"href":"https:\/\/www.ahnenforschung-jackmuth.de\/index.php?rest_route=\/wp\/v2\/types\/page"}],"author":[{"embeddable":true,"href":"https:\/\/www.ahnenforschung-jackmuth.de\/index.php?rest_route=\/wp\/v2\/users\/1"}],"replies":[{"embeddable":true,"href":"https:\/\/www.ahnenforschung-jackmuth.de\/index.php?rest_route=%2Fwp%2Fv2%2Fcomments&post=1509"}],"version-history":[{"count":0,"href":"https:\/\/www.ahnenforschung-jackmuth.de\/index.php?rest_route=\/wp\/v2\/pages\/1509\/revisions"}],"wp:attachment":[{"href":"https:\/\/www.ahnenforschung-jackmuth.de\/index.php?rest_route=%2Fwp%2Fv2%2Fmedia&parent=1509"}],"curies":[{"name":"wp","href":"https:\/\/api.w.org\/{rel}","templated":true}]}}